000
CXUS54 KBMX 011110
CF6AUO
PRELIMINARY LOCAL CLIMATOLOGICAL DATA (WS FORM: F-6)
STATION: AUBURN AWOS
MONTH: OCTOBER
YEAR: 2019
LATITUDE: 32 34 N
LONGITUDE: 85 30 W
TEMPERATURE IN F: :PCPN: SNOW: WIND :SUNSHINE: SKY :PK WND
================================================================================
1 2 3 4 5 6A 6B 7 8 9 10 11 12 13 14 15 16 17 18
12Z AVG MX 2MIN
DY MAX MIN AVG DEP HDD CDD WTR SNW DPTH SPD SPD DIR MIN PSBL S-S WX SPD DR
================================================================================
1 M M M M M M 0.00 0.0 0 4.5 9 90 M M 1 16 100
2 M M M M M M 0.00 0.0 0 3.2 7 99 M M 1 M M
3 M M M M M M 0.00 0.0 0 2.8 8 30 M M 1 M M
4 M M M M M M 0.00 0.0 0 5.0 12 10 M M 0 16 10
5 M M M M M M 0.00 0.0 0 7.5 14 80 M M 3 3 17 120
6 M M M M M M 0.00 0.0 0 8.9 14 90 M M 4 18 90
7 M M M M M M 0.00 0.0 0 7.4 12 350 M M 3 M M
8 M M M M M M 0.00 0.0 0 5.9 10 30 M M 3 M M
9 M M M M M M 0.00 0.0 0 8.2 10 90 M M 6 M M
10 M M M M M M 0.00 0.0 0 7.5 13 90 M M 2 M M
11 M M M M M M 0.00 0.0 0 5.0 9 120 M M 0 M M
12 M M M M M M T M 0 4.8 13 320 M M 6 M M
13 M M M M M M 0.22 M 0 3.3 12 320 M M 8 M M
14 M M M M M M 0.00 0.0 0 3.2 7 360 M M 7 8 M M
15 M M M M M M 0.68 M 0 3.8 8 160 M M 8 1 M M
16 76 50 63 M 2 0 0.37 0.0 0 8.6 14 300 M M 6 1 22 300
17 69 47 58 M 7 0 0.00 0.0 0 6.6 12 360 M M 0 M M
18 64 49 57 M 8 0 T M 0 8.1 12 80 M M 2 M M
19 61 55 58 M 7 0 1.36 0.0 M 11.8 15 50 M M 10 1 22 50
20 75 56 66 M 0 1 T 0.0 0 4.6 8 320 M M 4 1 36 310
21 76 60 68 M 0 3 0.02 0.0 0 6.1 13 150 M M 3 1 M M
22 73 50 62 M 3 0 0.06 0.0 0 8.1 14 290 M M 3 1 21 290
23 70 47 59 M 6 0 0.00 0.0 0 6.8 13 20 M M 0 8 M M
24 74 46 60 M 5 0 T M 0 6.4 10 50 M M 4 8 M M
25 74 64 69 M 0 4 0.04 0.0 0 7.8 9 110 M M 9 1 20 110
26 74 66 70 M 0 5 0.17 0.0 0 11.9 17 160 M M 10 1 25 150
27 72 53 63 M 2 0 0.00 0.0 0 6.3 12 310 M M 3 18 310
28 76 49 63 M 2 0 0.00 0.0 0 3.0 7 210 M M 0 M M
29 68 63 66 M 0 1 0.19 0.0 0 4.8 8 110 M M 10 1 M M
30 74 68 71 M 0 6 0.30 0.0 0 8.7 13 160 M M 9 1 18 160
31 76 35 56 M 9 0 0.32 M 0 13.0 18 190 M M 8 1 30 310
================================================================================
SM 1152 858 51 20 3.73 0.0 203.6 M 134
================================================================================
AV 72.0 53.6 6.6 FASTST M M 4 MAX(MPH)
MISC ----> # 18 190 # 36 310
================================================================================
NOTES:
# LAST OF SEVERAL OCCURRENCES
COLUMN 17 PEAK WIND IN M.P.H.
PRELIMINARY LOCAL CLIMATOLOGICAL DATA (WS FORM: F-6) , PAGE 2
STATION: AUBURN AWOS
MONTH: OCTOBER
YEAR: 2019
LATITUDE: 32 34 N
LONGITUDE: 85 30 W
[TEMPERATURE DATA] [PRECIPITATION DATA] SYMBOLS USED IN COLUMN 16
AVERAGE MONTHLY: 62.8 TOTAL FOR MONTH: 3.73 1 = FOG OR MIST
DPTR FM NORMAL: M DPTR FM NORMAL: M 2 = FOG REDUCING VISIBILITY
HIGHEST: 76 ON 31,28 GRTST 24HR 1.36 ON 19-19 TO 1/4 MILE OR LESS
LOWEST: 35 ON 31 3 = THUNDER
SNOW, ICE PELLETS, HAIL 4 = ICE PELLETS
TOTAL MONTH: 0.0 INCH 5 = HAIL
GRTST 24HR 0.0 6 = FREEZING RAIN OR DRIZZLE
GRTST DEPTH: 0 7 = DUSTSTORM OR SANDSTORM:
VSBY 1/2 MILE OR LESS
8 = SMOKE OR HAZE
[NO. OF DAYS WITH] [WEATHER - DAYS WITH] 9 = BLOWING SNOW
X = TORNADO
MAX 32 OR BELOW: 0 0.01 INCH OR MORE: 11
MAX 90 OR ABOVE: 0 0.10 INCH OR MORE: 8
MIN 32 OR BELOW: 0 0.50 INCH OR MORE: 2
MIN 0 OR BELOW: 0 1.00 INCH OR MORE: 1
[HDD (BASE 65) ]
TOTAL THIS MO. 51 CLEAR (SCALE 0-3) 15
DPTR FM NORMAL M PTCLDY (SCALE 4-7) 10
TOTAL FM JUL 1 51 CLOUDY (SCALE 8-10) 6
DPTR FM NORMAL M
[CDD (BASE 65) ]
TOTAL THIS MO. 20
DPTR FM NORMAL M [PRESSURE DATA]
TOTAL FM JAN 1 1798 HIGHEST SLP M ON M
DPTR FM NORMAL M LOWEST SLP M ON M
[REMARKS]
#FINAL-10-19#