000
CXUS54 KEWX 011010
CF6AUS
PRELIMINARY LOCAL CLIMATOLOGICAL DATA (WS FORM: F-6)
STATION: AUSTIN BERGSTROM
MONTH: JUNE
YEAR: 2023
LATITUDE: 30 13 N
LONGITUDE: 97 40 W
TEMPERATURE IN F: :PCPN: SNOW: WIND :SUNSHINE: SKY :PK WND
================================================================================
1 2 3 4 5 6A 6B 7 8 9 10 11 12 13 14 15 16 17 18
12Z AVG MX 2MIN
DY MAX MIN AVG DEP HDD CDD WTR SNW DPTH SPD SPD DIR MIN PSBL S-S WX SPD DR
================================================================================
1 91 66 79 -1 0 14 0.00 0.0 0 7.2 17 120 M M 4 30 130
2 89 64 77 -3 0 12 T 0.0 0 7.6 17 140 M M 5 25 170
3 91 63 77 -4 0 12 0.52 0.0 0 8.3 40 40 M M 6 13 59 250
4 82 65 74 -7 0 9 0.03 0.0 0 4.1 13 50 M M 8 18 30
5 87 66 77 -4 0 12 0.27 0.0 0 4.8 29 10 M M 7 3 35 10
6 88 64 76 -5 0 11 0.00 0.0 0 2.2 13 200 M M 4 1 20 80
7 89 67 78 -3 0 13 0.00 0.0 0 2.6 10 130 M M 7 1 16 90
8 89 69 79 -3 0 14 T 0.0 0 4.4 13 200 M M 5 18 200
9 97 65 81 -1 0 16 0.00 0.0 0 4.9 13 200 M M 3 20 80
10 95 67 81 -1 0 16 0.38 0.0 0 10.9 23 110 M M 4 13 32 260
11 96 69 83 1 0 18 0.00 0.0 0 8.5 24 200 M M 5 37 140
12 95 73 84 2 0 19 0.00 0.0 0 10.4 20 160 M M 6 27 160
13 94 77 86 4 0 21 0.00 0.0 0 9.6 20 190 M M 8 18 27 180
14 94 79 87 5 0 22 T 0.0 0 8.3 17 180 M M 9 18 23 180
15 98 80 89 7 0 24 0.00 0.0 0 10.5 23 180 M M 7 18 29 170
16 100 79 90 8 0 25 T 0.0 0 10.7 21 350 M M 7 138 33 360
17 95 78 87 4 0 22 0.00 0.0 0 8.6 20 120 M M 7 26 130
18 102 79 91 8 0 26 0.00 0.0 0 11.5 20 190 M M 6 27 180
19 101 79 90 7 0 25 0.00 0.0 0 9.5 18 190 M M 6 25 150
20 102 78 90 7 0 25 0.00 0.0 0 9.4 16 190 M M 4 1 24 170
21 102 73 88 5 0 23 0.97 0.0 0 8.7 30 160 M M 6 13 43 320
22 92 73 83 0 0 18 0.05 0.0 0 6.6 20 10 M M 6 26 60
23 95 74 85 2 0 20 0.00 0.0 0 9.0 20 140 M M 5 1 25 150
24 98 76 87 4 0 22 0.00 0.0 0 11.0 22 200 M M 3 31 180
25 98 78 88 5 0 23 0.00 0.0 0 11.0 21 180 M M 4 27 180
26 99 76 88 5 0 23 0.00 0.0 0 11.4 20 150 M M 2 27 140
27 99 74 87 4 0 22 0.00 0.0 0 9.6 18 190 M M 1 26 150
28 98 75 87 4 0 22 0.00 0.0 0 11.2 18 140 M M 1 27 190
29 97 76 87 4 0 22 0.00 0.0 0 10.0 18 140 M M 2 24 130
30 97 73 85 2 0 20 0.00 0.0 M 10.2 17 140 M M 5 27 210
================================================================================
SM 2850 2175 0 571 2.22 0.0 252.7 M 153
================================================================================
AV 95.0 72.5 8.4 FASTST M M 5 MAX(MPH)
MISC ----> 40 40 59 250
================================================================================
NOTES:
# LAST OF SEVERAL OCCURRENCES
COLUMN 17 PEAK WIND IN M.P.H.
PRELIMINARY LOCAL CLIMATOLOGICAL DATA (WS FORM: F-6) , PAGE 2
STATION: AUSTIN BERGSTROM
MONTH: JUNE
YEAR: 2023
LATITUDE: 30 13 N
LONGITUDE: 97 40 W
[TEMPERATURE DATA] [PRECIPITATION DATA] SYMBOLS USED IN COLUMN 16
AVERAGE MONTHLY: 83.8 TOTAL FOR MONTH: 2.22 1 = FOG OR MIST
DPTR FM NORMAL: 1.6 DPTR FM NORMAL: -1.15 2 = FOG REDUCING VISIBILITY
HIGHEST: 102 ON 21,20 GRTST 24HR 1.02 ON 21-22 TO 1/4 MILE OR LESS
LOWEST: 63 ON 3 3 = THUNDER
SNOW, ICE PELLETS, HAIL 4 = ICE PELLETS
TOTAL MONTH: 0.0 INCH 5 = HAIL
GRTST 24HR 0.0 6 = FREEZING RAIN OR DRIZZLE
GRTST DEPTH: 0 7 = DUSTSTORM OR SANDSTORM:
VSBY 1/2 MILE OR LESS
8 = SMOKE OR HAZE
[NO. OF DAYS WITH] [WEATHER - DAYS WITH] 9 = BLOWING SNOW
X = TORNADO
MAX 32 OR BELOW: 0 0.01 INCH OR MORE: 6
MAX 90 OR ABOVE: 24 0.10 INCH OR MORE: 4
MIN 32 OR BELOW: 0 0.50 INCH OR MORE: 2
MIN 0 OR BELOW: 0 1.00 INCH OR MORE: 0
[HDD (BASE 65) ]
TOTAL THIS MO. 0 CLEAR (SCALE 0-3) 5
DPTR FM NORMAL 0 PTCLDY (SCALE 4-7) 22
TOTAL FM JUL 1 1616 CLOUDY (SCALE 8-10) 3
DPTR FM NORMAL -102
[CDD (BASE 65) ]
TOTAL THIS MO. 571
DPTR FM NORMAL 54 [PRESSURE DATA]
TOTAL FM JAN 1 1081 HIGHEST SLP 29.98 ON 30
DPTR FM NORMAL -15 LOWEST SLP 29.60 ON 3
[REMARKS]
#FINAL-06-23#