000
CXUS54 KEWX 011010
CF6AUS
PRELIMINARY LOCAL CLIMATOLOGICAL DATA (WS FORM: F-6)
STATION: AUSTIN BERGSTROM
MONTH: MARCH
YEAR: 2022
LATITUDE: 30 13 N
LONGITUDE: 97 40 W
TEMPERATURE IN F: :PCPN: SNOW: WIND :SUNSHINE: SKY :PK WND
================================================================================
1 2 3 4 5 6A 6B 7 8 9 10 11 12 13 14 15 16 17 18
12Z AVG MX 2MIN
DY MAX MIN AVG DEP HDD CDD WTR SNW DPTH SPD SPD DIR MIN PSBL S-S WX SPD DR
================================================================================
1 72 28 50 -7 15 0 0.00 0.0 0 4.0 12 140 M M 4 17 150
2 75 30 53 -5 12 0 0.00 0.0 0 3.2 13 140 M M 6 17 140
3 78 46 62 4 3 0 0.00 0.0 0 3.9 15 150 M M 6 21 150
4 79 58 69 11 0 4 T 0.0 0 10.7 22 160 M M 8 1 31 150
5 81 64 73 15 0 8 0.00 0.0 0 13.5 25 180 M M 9 38 180
6 82 66 74 16 0 9 0.00 0.0 0 12.8 30 170 M M 9 42 180
7 72 43 58 -1 7 0 0.09 0.0 0 18.0 28 360 M M 9 34 340
8 54 39 47 -12 18 0 0.01 0.0 0 12.7 21 20 M M 7 27 10
9 61 33 47 -12 18 0 0.00 0.0 0 6.2 18 10 M M 4 23 10
10 72 28 50 -10 15 0 0.00 0.0 0 5.1 16 160 M M 2 22 150
11 62 36 49 -11 16 0 T 0.0 0 17.1 31 350 M M 8 43 360
12 56 22 39 -21 26 0 0.00 0.0 0 6.7 25 360 M M 1 34 350
13 67 19 43 -17 22 0 0.00 0.0 0 8.4 22 190 M M 3 32 180
14 82 40 61 0 4 0 T 0.0 0 9.4 29 190 M M 5 42 180
15 77 41 59 -2 6 0 0.00 0.0 0 8.8 22 350 M M 0 30 10
16 81 39 60 -1 5 0 0.00 0.0 0 7.8 20 150 M M 1 8 25 150
17 71 39 55 -6 10 0 T 0.0 0 9.1 23 190 M M 8 1 31 160
18 73 42 58 -4 7 0 0.00 0.0 0 11.7 25 320 M M 1 37 330
19 78 35 57 -5 8 0 0.00 0.0 0 3.9 10 180 M M 3 14 40
20 78 33 56 -6 9 0 0.00 0.0 0 9.7 24 130 M M 4 34 140
21 80 58 69 7 0 4 1.39 0.0 0 13.1 35 180 M M 9 13 46 180
22 64 46 55 -8 10 0 0.52 0.0 0 10.3 23 330 M M 3 13 35 290
23 69 39 54 -9 11 0 0.00 0.0 0 6.8 18 320 M M 2 31 300
24 75 37 56 -7 9 0 0.00 0.0 0 7.2 22 330 M M 1 32 320
25 84 35 60 -3 5 0 0.00 0.0 0 3.4 13 120 M M 0 20 120
26 88 39 64 0 1 0 0.00 0.0 0 8.6 22 200 M M 1 31 200
27 85 47 66 2 0 1 0.00 0.0 0 12.4 24 200 M M 4 35 210
28 85 54 70 6 0 5 0.00 0.0 0 12.5 28 180 M M 4 36 170
29 79 67 73 9 0 8 0.00 0.0 0 18.2 30 170 M M 9 45 180
30 80 55 68 4 0 3 0.20 0.0 0 12.8 31 170 M M 4 1 46 170
31 74 41 58 -7 7 0 0.00 0.0 0 4.2 13 70 M M 1 25 60
================================================================================
SM 2314 1299 244 42 2.21 0.0 292.2 M 136
================================================================================
AV 74.6 41.9 9.4 FASTST M M 4 MAX(MPH)
MISC ----> 35 180 # 46 180
================================================================================
NOTES:
# LAST OF SEVERAL OCCURRENCES
COLUMN 17 PEAK WIND IN M.P.H.
PRELIMINARY LOCAL CLIMATOLOGICAL DATA (WS FORM: F-6) , PAGE 2
STATION: AUSTIN BERGSTROM
MONTH: MARCH
YEAR: 2022
LATITUDE: 30 13 N
LONGITUDE: 97 40 W
[TEMPERATURE DATA] [PRECIPITATION DATA] SYMBOLS USED IN COLUMN 16
AVERAGE MONTHLY: 58.3 TOTAL FOR MONTH: 2.21 1 = FOG OR MIST
DPTR FM NORMAL: -2.7 DPTR FM NORMAL: -0.69 2 = FOG REDUCING VISIBILITY
HIGHEST: 88 ON 26 GRTST 24HR 1.91 ON 21-22 TO 1/4 MILE OR LESS
LOWEST: 19 ON 13 3 = THUNDER
SNOW, ICE PELLETS, HAIL 4 = ICE PELLETS
TOTAL MONTH: 0.0 INCH 5 = HAIL
GRTST 24HR 0.0 6 = FREEZING RAIN OR DRIZZLE
GRTST DEPTH: 0 7 = DUSTSTORM OR SANDSTORM:
VSBY 1/2 MILE OR LESS
8 = SMOKE OR HAZE
[NO. OF DAYS WITH] [WEATHER - DAYS WITH] 9 = BLOWING SNOW
X = TORNADO
MAX 32 OR BELOW: 0 0.01 INCH OR MORE: 5
MAX 90 OR ABOVE: 0 0.10 INCH OR MORE: 3
MIN 32 OR BELOW: 5 0.50 INCH OR MORE: 2
MIN 0 OR BELOW: 0 1.00 INCH OR MORE: 1
[HDD (BASE 65) ]
TOTAL THIS MO. 244 CLEAR (SCALE 0-3) 12
DPTR FM NORMAL 60 PTCLDY (SCALE 4-7) 13
TOTAL FM JUL 1 1684 CLOUDY (SCALE 8-10) 6
DPTR FM NORMAL 22
[CDD (BASE 65) ]
TOTAL THIS MO. 42
DPTR FM NORMAL -19 [PRESSURE DATA]
TOTAL FM JAN 1 57 HIGHEST SLP 30.58 ON 12
DPTR FM NORMAL -32 LOWEST SLP 29.48 ON 30
[REMARKS]
#FINAL-03-22#