000
CXUS53 KGRB 011423
CF6AUW
PRELIMINARY LOCAL CLIMATOLOGICAL DATA (WS FORM: F-6)
STATION: WAUSAU WI
MONTH: DECEMBER
YEAR: 2023
LATITUDE: 44 55 N
LONGITUDE: 89 37 W
TEMPERATURE IN F: :PCPN: SNOW: WIND :SUNSHINE: SKY :PK WND
================================================================================
1 2 3 4 5 6A 6B 7 8 9 10 11 12 13 14 15 16 17 18
12Z AVG MX 2MIN
DY MAX MIN AVG DEP HDD CDD WTR SNW DPTH SPD SPD DIR MIN PSBL S-S WX SPD DR
================================================================================
1 33 15 24 -2 41 0 0.00 0.0 0 3.5 10 330 M M M 13 320
2 37 15 26 1 39 0 0.00 0.0 0 M 12 110 M M M 17 110
3 36 30 33 8 32 0 0.13 1.5 1 M M M M M M M M
4 34 29 32 7 33 0 0.00 0.0 1 2.2 7 140 M M 10 10 150
5 35 30 33 9 32 0 0.00 0.0 1 4.1 12 300 M M 10 18 16 300
6 37 26 32 8 33 0 0.00 0.0 T 7.1 16 150 M M 5 22 160
7 47 28 38 14 27 0 0.00 0.0 0 5.0 12 90 M M 2 18 16 90
8 50 34 42 19 23 0 0.00 0.0 0 5.7 14 200 M M 6 1 19 260
9 41 32 37 14 28 0 0.06 0.8 1 7.6 17 300 M M 8 18 28 300
10 33 22 28 6 37 0 0.02 0.3 1 9.2 21 300 M M 10 1 29 300
11 27 19 23 1 42 0 T T 1 7.2 13 190 M M 9 18 18 200
12 28 19 24 2 41 0 0.00 0.0 1 13.7 25 270 M M 3 34 260
13 33 19 26 5 39 0 0.00 0.0 T 4.3 12 220 M M 5 15 230
14 47 26 37 16 28 0 0.00 0.0 0 6.4 15 240 M M 0 21 240
15 43 32 38 17 27 0 0.00 0.0 0 3.1 10 70 M M 5 14 70
16 47 37 42 22 23 0 0.01 0.0 0 6.9 17 110 M M 9 18 25 100
17 38 31 35 15 30 0 T T 0 10.6 18 280 M M 10 1 28 290
18 31 13 22 2 43 0 T T 0 14.4 30 280 M M 8 8 44 270
19 31 12 22 2 43 0 0.00 0.0 0 6.2 15 170 M M 1 20 170
20 41 24 33 14 32 0 0.00 0.0 0 5.7 12 70 M M 1 16 70
21 38 30 34 15 31 0 0.00 0.0 0 7.3 12 100 M M 8 18 18 90
22 39 33 36 17 29 0 0.00 0.0 0 3.3 8 90 M M 10 128 11 90
23 43 36 40 22 25 0 T 0.0 0 4.1 8 110 M M 10 128 12 110
24 47 39 43 25 22 0 0.02 0.0 0 8.8 15 130 M M 10 12 22 120
25 50 47 49 31 16 0 0.32 0.0 0 10.5 21 80 M M 10 18 27 70
26 47 32 40 22 25 0 0.25 0.0 0 7.4 20 70 M M 10 18 28 90
27 40 26 33 15 32 0 0.00 0.0 0 3.1 8 320 M M 2 1 13 310
28 38 30 34 17 31 0 T 0.0 0 9.4 16 340 M M 5 22 330
29 47 25 36 19 29 0 0.00 0.0 0 4.5 12 320 M M 0 16 330
30 29 20 25 8 40 0 0.01 T 0 3.3 9 270 M M 6 12 13 300
31 30 23 27 10 38 0 T T 0 8.4 17 10 M M 10 16 27 350
================================================================================
SM 1197 834 991 0 0.82 2.6 193.0 M 183
================================================================================
AV 38.6 26.9 6.7 FASTST M M 7 MAX(MPH)
MISC ----> 30 280 44 270
================================================================================
NOTES:
# LAST OF SEVERAL OCCURRENCES
COLUMN 17 PEAK WIND IN M.P.H.
PRELIMINARY LOCAL CLIMATOLOGICAL DATA (WS FORM: F-6) , PAGE 2
STATION: WAUSAU WI
MONTH: DECEMBER
YEAR: 2023
LATITUDE: 44 55 N
LONGITUDE: 89 37 W
[TEMPERATURE DATA] [PRECIPITATION DATA] SYMBOLS USED IN COLUMN 16
AVERAGE MONTHLY: 32.8 TOTAL FOR MONTH: 0.82 1 = FOG OR MIST
DPTR FM NORMAL: 12.1 DPTR FM NORMAL: -0.72 2 = FOG REDUCING VISIBILITY
HIGHEST: 50 ON 25, 8 GRTST 24HR 0.32 ON 25-25 TO 1/4 MILE OR LESS
LOWEST: 12 ON 19 3 = THUNDER
SNOW, ICE PELLETS, HAIL 4 = ICE PELLETS
TOTAL MONTH: 2.6 INCHES 5 = HAIL
GRTST 24HR 1.5 ON 3- 3 6 = FREEZING RAIN OR DRIZZLE
GRTST DEPTH: 1 ON 12,11 7 = DUSTSTORM OR SANDSTORM:
VSBY 1/2 MILE OR LESS
8 = SMOKE OR HAZE
[NO. OF DAYS WITH] [WEATHER - DAYS WITH] 9 = BLOWING SNOW
X = TORNADO
MAX 32 OR BELOW: 6 0.01 INCH OR MORE: 8
MAX 90 OR ABOVE: 0 0.10 INCH OR MORE: 3
MIN 32 OR BELOW: 25 0.50 INCH OR MORE: 0
MIN 0 OR BELOW: 0 1.00 INCH OR MORE: 0
[HDD (BASE 65) ]
TOTAL THIS MO. 991 CLEAR (SCALE 0-3) 6
DPTR FM NORMAL -382 PTCLDY (SCALE 4-7) 8
TOTAL FM JUL 1 2536 CLOUDY (SCALE 8-10) 17
DPTR FM NORMAL -654
[CDD (BASE 65) ]
TOTAL THIS MO. 0
DPTR FM NORMAL 0 [PRESSURE DATA]
TOTAL FM JAN 1 603 HIGHEST SLP 30.60 ON 13
DPTR FM NORMAL 181 LOWEST SLP 29.49 ON 8
[REMARKS]
#FINAL-12-23#