000
CXUS53 KGRB 011823 RRA
CLSAUW
CLIMATE REPORT
NATIONAL WEATHER SERVICE GREEN BAY
122 PM CDT MON JUN 1 2020
...THE WAUSAU WI CLIMATE SPRING CLIMATE SUMMARY FROM 3/1/2020 TO
5/31/2020...
CLIMATE NORMAL PERIOD 1981 TO 2010
CLIMATE RECORD PERIOD 1896 TO 2020
WEATHER OBSERVED NORMAL DEPART LAST YEAR`S
VALUE DATE(S) VALUE FROM VALUE DATE(S)
NORMAL
................................................................
TEMPERATURE (F)
RECORD
HIGH 104 05/31/1934
LOW -33 03/01/1962
HIGHEST 83 05/25 84 -1 86 05/31
LOWEST 12 03/21 -2 14 -17 03/04
AVG. MAXIMUM 51.6 53.8 -2.2 49.4
AVG. MINIMUM 33.7 32.7 1.0 29.9
MEAN 42.7 43.2 -0.5 39.7
DAYS MAX >= 90 0 0.1 -0.1 0
DAYS MAX <= 32 4 7.6 -3.6 10
DAYS MIN <= 32 50 42.1 7.9 42
DAYS MIN <= 0 0 1.9 -1.9 8
PRECIPITATION (INCHES)
RECORD
MAXIMUM 17.21 1942
MINIMUM 2.60 1931
TOTALS 8.92 7.97 0.95 11.88
DAILY AVG. 0.10 0.09 0.01 0.13
DAYS >= .01 29 33.4 -4.4 33
DAYS >= .10 20 18.8 1.2 21
DAYS >= .50 7 4.8 2.2 6
DAYS >= 1.00 0 1.2 -1.2 5
SNOWFALL (INCHES)
RECORDS
TOTAL 46.7 2018
1956
TOTALS 7.7 14.3 -6.6 19.8
SINCE 7/1 70.7 59.6 11.1 89.4
DAYS >= TRACE 16 9.2 6.8 17
DAYS >= 1.0 3 4.3 -1.3 5
GREATEST
SNOW DEPTH 15 03/01 27 03/10
03/01
DEGREE_DAYS
HEATING TOTAL 2058 2024 34 2316
SINCE 7/1 8045 8160 -115 8667
COOLING TOTAL 27 20 7 5
SINCE 1/1 27 19 8 5
FREEZE DATES
RECORD
EARLIEST 08/30/1915
LATEST 06/12/1903
EARLIEST 10/02
LATEST 05/05
.................................................................
WIND (MPH)
AVERAGE WIND SPEED 8.7
RESULTANT WIND SPEED/DIRECTION 1/312
HIGHEST WIND SPEED/DIRECTION 33/290 DATE 03/13
HIGHEST GUST SPEED/DIRECTION 50/340 DATE 04/20
SKY COVER
POSSIBLE SUNSHINE (PERCENT) MM
AVERAGE SKY COVER 0.40
NUMBER OF DAYS FAIR 40
NUMBER OF DAYS PC 27
NUMBER OF DAYS CLOUDY 25
AVERAGE RH (PERCENT) 66
- INDICATES NEGATIVE NUMBERS.
R INDICATES RECORD WAS SET OR TIED.
MM INDICATES DATA IS MISSING.
T INDICATES TRACE AMOUNT.
$$
ECKBERG