000
CXUS51 KBGM 011009
CLAAVP
CLIMATE REPORT
NATIONAL WEATHER SERVICE BINGHAMTON, NY
509 AM EST SUN JAN 01 2023
...................................
...THE AVOCA PA CLIMATE SUMMARY FOR THE YEAR OF 2022...
CLIMATE NORMAL PERIOD 1991 TO 2020
CLIMATE RECORD PERIOD 1901 TO 2022
WEATHER OBSERVED NORMAL DEPART LAST YEAR`S
VALUE DATE(S) VALUE FROM VALUE DATE(S)
NORMAL
................................................................
TEMPERATURE (F)
RECORD
HIGH 103 07/09/1936
LOW -99 02/21/2022
HIGHEST 98 08/04 59 39 97 06/29
LOWEST -3 01/16 40 -43 8 02/08
01/22
02/12
AVG. MAXIMUM 62.0 61.0 1.0 62.1
AVG. MINIMUM 41.9 41.6 0.3 43.9
MEAN 52.0 51.3 0.7 53.0
DAYS MAX >= 90 20 11.7 8.3 18
DAYS MAX <= 32 34 34.8 -0.8 22
DAYS MIN <= 32 109 121.8 -12.8 109
DAYS MIN <= 0 2 2.6 -0.6 0
PRECIPITATION (INCHES)
RECORD
MAXIMUM 61.08 2018
MINIMUM 26.22 1963
TOTALS 42.19 38.72 3.47 46.35
DAILY AVG. 0.12 0.11 0.01 0.13
DAYS >= .01 131 139.1 -8.1 151
DAYS >= .10 85 79.5 5.5 96
DAYS >= .50 31 23.3 7.7 29
DAYS >= 1.00 8 7.7 0.3 8
GREATEST
24 HR. TOTAL 2.67 5.09 09/01 TO 09/01
STORM TOTAL 2.28 5.09
(MM/DD(HH)) MM
SNOWFALL (INCHES)
RECORDS
TOTAL 80.2 1994
24 HR TOTAL 22.1 03/14/2017 TO 03/14/2017
TOTALS 31.6 45.1 -13.5 40.2
SINCE 7/1 8.2 11.6 -3.4 MM
DAYS >= TRACE 40 31.2 8.8 62
DAYS >= 1.0 10 13.5 -3.5 12
GREATEST
24 HR TOTAL 7.0 03/12 TO 03/12 13.5 02/01 TO 02/01
STORM TOTAL 7.0 13.5
(MM/DD(HH)) MM
DEGREE DAYS
HEATING TOTAL 5351 5740 -389 5157
SINCE 7/1 1918 2132 -214 MM
COOLING TOTAL 969 791 178 936
SINCE 1/1 969 790 179 MM
FREEZE DATES
RECORD
EARLIEST 09/21/1956
LATEST 05/25/1956
EARLIEST 10/18
LATEST 04/30
................................................................
WIND (MPH)
AVERAGE WIND SPEED 6.3
RESULTANT WIND SPEED/DIRECTION 1/280
HIGHEST WIND SPEED/DIRECTION 37/290 DATE 07/24
HIGHEST GUST SPEED/DIRECTION 49/300 DATE 07/24
SKY COVER
POSSIBLE SUNSHINE (PERCENT) MM
AVERAGE SKY COVER 0.44
NUMBER OF DAYS FAIR 160
NUMBER OF DAYS PC 113
NUMBER OF DAYS CLOUDY 82
AVERAGE RH (PERCENT) 64
WEATHER CONDITIONS. NUMBER OF DAYS WITH
THUNDERSTORM 29 MIXED PRECIP 0
HEAVY RAIN 49 RAIN 70
LIGHT RAIN 152 FREEZING RAIN 4
LT FREEZING RAIN 4 HAIL 1
HEAVY SNOW 7 SNOW 9
LIGHT SNOW 55 SLEET 1
FOG 140 FOG W/VIS <= 1/4 MILE 22
HAZE 93
- INDICATES NEGATIVE NUMBERS.
R INDICATES RECORD WAS SET OR TIED.
MM INDICATES DATA IS MISSING.
T INDICATES TRACE AMOUNT.
$$