000
CXUS51 KBGM 012048 CCA
CLMAVP
CLIMATE REPORT...CORRECTED
NATIONAL WEATHER SERVICE BINGHAMTON,NY
348 PM EST THU FEB 01 2024
...................................
...THE AVOCA PA CLIMATE SUMMARY FOR THE MONTH OF JANUARY 2024...
CLIMATE NORMAL PERIOD 1991 TO 2020
CLIMATE RECORD PERIOD 1901 TO 2024
WEATHER OBSERVED NORMAL DEPART LAST YEAR`S
VALUE DATE(S) VALUE FROM VALUE DATE(S)
NORMAL
................................................................
TEMPERATURE (F)
RECORD
HIGH 69 01/14/1932
01/13/1932
01/27/1916
LOW -21 01/21/1994
HIGHEST 56 01/09 32 24 61 01/04
01/10
01/26
LOWEST 7 01/22 17 -10 17 01/16
AVG. MAXIMUM 37.5 35.7 1.8 42.3
AVG. MINIMUM 25.9 20.3 5.6 31.0
MEAN 31.7 28.0 3.7 36.7
DAYS MAX >= 90 0 0.0 0.0 0
DAYS MAX <= 32 8 13.6 -5.6 2
DAYS MIN <= 32 23 26.7 -3.7 18
DAYS MIN <= 0 0 1.5 -1.5 0
PRECIPITATION (INCHES)
RECORD
MAXIMUM 6.48 1979
MINIMUM 0.39 1980
TOTALS 5.35 2.59 2.76 2.84
DAILY AVG. 0.17 0.08 0.09 0.09
DAYS >= .01 14 12.6 1.4 14
DAYS >= .10 13 6.1 6.9 7
DAYS >= .50 3 1.5 1.5 1
DAYS >= 1.00 1 0.3 0.7 0
GREATEST
24 HR. TOTAL 1.66 01/09 TO 01/10
SNOWFALL (INCHES)
RECORDS
TOTAL 42.3 1994
24 HR TOTAL 18.3 01/13/1964 TO 01/13/1964
TOTALS 10.6 11.7 -1.1 2.5
SINCE 7/1 13.9 23.3 -9.4 10.7
DAYS >= TRACE 15 8.7 6.3 14
DAYS >= 1.0 4 3.5 0.5 2
GREATEST
24 HR TOTAL 5.5 01/06 TO 01/07
DEGREE DAYS
HEATING TOTAL 1024 1147 -123 779
SINCE 7/1 2907 3283 -376 2697
COOLING TOTAL 0 0 0 0
SINCE 1/1 0 0 0 0
................................................................
WIND (MPH)
AVERAGE WIND SPEED 6.8
RESULTANT WIND SPEED/DIRECTION 3/280
HIGHEST WIND SPEED/DIRECTION 33/270 DATE 01/14
HIGHEST GUST SPEED/DIRECTION 57/130 DATE 01/13
SKY COVER
POSSIBLE SUNSHINE (PERCENT) MM
AVERAGE SKY COVER 0.77
NUMBER OF DAYS FAIR 2
NUMBER OF DAYS PC 11
NUMBER OF DAYS CLOUDY 18
AVERAGE RH (PERCENT) 70
WEATHER CONDITIONS. NUMBER OF DAYS WITH
THUNDERSTORM 0 MIXED PRECIP 0
HEAVY RAIN 2 RAIN 8
LIGHT RAIN 10 FREEZING RAIN 0
LT FREEZING RAIN 1 HAIL 0
HEAVY SNOW 2 SNOW 5
LIGHT SNOW 14 SLEET 0
FOG 17 FOG W/VIS <= 1/4 MILE 2
HAZE 13
- INDICATES NEGATIVE NUMBERS.
R INDICATES RECORD WAS SET OR TIED.
MM INDICATES DATA IS MISSING.
T INDICATES TRACE AMOUNT.
&&
CORRECTED THE MISSING 2023 DATA WITH ACTUAL
$$
TAC