000
CXUS53 KGRR 010843
CLMAZO
CLIMATE REPORT
NATIONAL WEATHER SERVICE GRAND RAPIDS, MICHIGAN
343 AM EST THU FEB 01 2024
...................................
...THE KALAMAZOO CLIMATE SUMMARY FOR THE MONTH OF JANUARY 2024...
CLIMATE NORMAL PERIOD: 1991 TO 2020
CLIMATE RECORD PERIOD: 1887 TO 2024
WEATHER OBSERVED NORMAL DEPART LAST YEAR`S
VALUE DATE(S) VALUE FROM VALUE DATE(S)
NORMAL
................................................................
TEMPERATURE (F)
RECORD
HIGH 67 01/25/1950
LOW -20 01/19/1994
HIGHEST 42 01/25 MM MM 58 01/03
01/26
01/27
LOWEST -7 01/14 MM MM 7 01/31
01/15
AVG. MAXIMUM 32.1 31.5 0.6 38.4
AVG. MINIMUM 23.9 18.1 5.8 29.0
MEAN 28.0 24.8 3.2 33.7
DAYS MAX >= 90 0 0.0 0.0 0
DAYS MAX <= 32 9 17.2 -8.2 6
DAYS MIN <= 32 20 27.8 -7.8 21
DAYS MIN <= 0 2 2.6 -0.6 0
PRECIPITATION (INCHES)
RECORD
MAXIMUM 6.98 1897
TOTALS 3.51 1.70 1.81 2.41
DAILY AVG. 0.11 0.05 0.06 0.08
DAYS >= .01 16 11.5 4.5 16
DAYS >= .10 8 4.0 4.0 9
DAYS >= .50 3 0.9 2.1 1
DAYS >= 1.00 0 0.2 -0.2 0
GREATEST
24 HR. TOTAL 0.86 01/25 TO 01/26
SNOWFALL (INCHES)
TOTALS 16.5
SINCE 7/1 23.6
SNOWDEPTH AVG. 3
DAYS >= TRACE 19
DAYS >= 1.0 5
GREATEST
SNOW DEPTH 8 01/19
01/20
01/21
DEGREE DAYS
HEATING TOTAL 1138 1246 -108 964
SINCE 7/1 3026 3633 -607 MM
COOLING TOTAL 0 0 0 0
SINCE 1/1 0 0 0 MM
................................................................
WIND (MPH)
AVERAGE WIND SPEED 8.6
RESULTANT WIND SPEED/DIRECTION 4/230
HIGHEST WIND SPEED/DIRECTION 30/200 DATE 01/13
HIGHEST GUST SPEED/DIRECTION 40/200 DATE 01/13
SKY COVER
POSSIBLE SUNSHINE (PERCENT) MM
AVERAGE SKY COVER 0.90
NUMBER OF DAYS FAIR 0
NUMBER OF DAYS PC 6
NUMBER OF DAYS CLOUDY 25
AVERAGE RH (PERCENT) 77
WEATHER CONDITIONS. NUMBER OF DAYS WITH
THUNDERSTORM 0 MIXED PRECIP 0
HEAVY RAIN 1 RAIN 4
LIGHT RAIN 13 FREEZING RAIN 1
LT FREEZING RAIN 2 HAIL 0
HEAVY SNOW 1 SNOW 4
LIGHT SNOW 18 SLEET 0
FOG 22 FOG W/VIS <= 1/4 MILE 6
HAZE 15
- INDICATES NEGATIVE NUMBERS.
R INDICATES RECORD WAS SET OR TIED.
MM INDICATES DATA IS MISSING.
T INDICATES TRACE AMOUNT.
$$