000
CXUS55 KBOU 010900
CF6BDU
PRELIMINARY LOCAL CLIMATOLOGICAL DATA (WS FORM: F-6)
STATION: BOULDER AIRPORT
MONTH: OCTOBER
YEAR: 2022
LATITUDE: 40 2 N
LONGITUDE: 105 14 W
TEMPERATURE IN F: :PCPN: SNOW: WIND :SUNSHINE: SKY :PK WND
================================================================================
1 2 3 4 5 6A 6B 7 8 9 10 11 12 13 14 15 16 17 18
12Z AVG MX 2MIN
DY MAX MIN AVG DEP HDD CDD WTR SNW DPTH SPD SPD DIR MIN PSBL S-S WX SPD DR
================================================================================
1 70 50 60 M 5 0 0.10 M M 2.5 8 40 M M 3 37 330
2 73 50 62 M 3 0 0.00 M M 2.0 5 320 M M 3 M M
3 73 48 61 M 4 0 0.10 M M 3.2 12 340 M M 5 3 24 340
4 64 45 55 M 10 0 0.00 M M 2.1 6 230 M M 4 M M
5 68 46 57 M 8 0 0.00 M M 1.4 7 70 M M 2 M M
6 72 45 59 M 6 0 0.00 M M 3.2 12 360 M M 2 24 310
7 52 37 45 M 20 0 0.00 M M 3.1 10 10 M M 9 1 16 10
8 64 41 53 M 12 0 0.00 M M 1.6 5 230 M M 2 M M
9 72 41 57 M 8 0 0.00 M M 2.3 7 230 M M 0 M M
10 79 43 61 M 4 0 0.00 M M 3.0 9 230 M M 1 M M
11 77 43 60 M 5 0 0.00 M M 6.7 29 300 M M 1 41 300
12 70 37 54 M 11 0 0.00 M M 3.6 14 50 M M 0 28 50
13 66 37 52 M 13 0 0.00 M M 2.8 8 230 M M 0 M M
14 79 43 61 M 4 0 0.00 M M 5.5 18 260 M M 0 25 260
15 63 41 52 M 13 0 0.00 M M 3.1 10 50 M M 3 M M
16 59 43 51 M 14 0 0.00 M M 1.9 8 20 M M 6 M M
17 64 36 50 M 15 0 0.00 M M 1.1 5 60 M M 0 M M
18 68 36 52 M 13 0 0.00 M M 1.5 6 230 M M 0 M M
19 77 41 59 M 6 0 0.00 M M 3.2 10 10 M M 0 M M
20 81 41 61 M 4 0 0.00 M M 4.9 15 260 M M 0 21 260
21 77 50 64 M 1 0 0.00 M M 6.0 18 270 M M 0 24 270
22 77 46 62 M 3 0 0.00 M M 5.4 14 260 M M 0 26 160
23 64 37 51 M 14 0 0.00 M M 6.8 25 250 M M 4 35 250
24 54 32 43 M 22 0 0.00 M M 7.3 18 260 M M 0 28 280
25 63 41 52 M 13 0 0.00 M M 5.9 16 280 M M 4 22 70
26 57 36 47 M 18 0 0.00 0.0 0 4.1 8 110 M M 4 23 250
27 46 36 41 M 24 0 0.09 M M 3.1 7 330 M M 8 M M
28 59 32 46 M 19 0 0.00 M M 2.0 7 220 M M 0 M M
29 61 32 47 M 18 0 0.00 M M 3.4 9 130 M M 0 16 130
30 61 36 49 M 16 0 0.00 M M 3.6 6 240 M M 0 M M
31 68 36 52 M 13 0 0.00 M M 2.9 8 290 M M 0 M M
================================================================================
SM 2078 1258 339 0 0.29 0.0 109.3 M 61
================================================================================
AV 67.0 40.6 3.5 FASTST M M 2 MAX(MPH)
MISC ----> 29 300 41 300
================================================================================
NOTES:
# LAST OF SEVERAL OCCURRENCES
COLUMN 17 PEAK WIND IN M.P.H.
PRELIMINARY LOCAL CLIMATOLOGICAL DATA (WS FORM: F-6) , PAGE 2
STATION: BOULDER AIRPORT
MONTH: OCTOBER
YEAR: 2022
LATITUDE: 40 2 N
LONGITUDE: 105 14 W
[TEMPERATURE DATA] [PRECIPITATION DATA] SYMBOLS USED IN COLUMN 16
AVERAGE MONTHLY: 53.8 TOTAL FOR MONTH: 0.29 1 = FOG OR MIST
DPTR FM NORMAL: 0.0 DPTR FM NORMAL: M 2 = FOG REDUCING VISIBILITY
HIGHEST: 81 ON 20 GRTST 24HR 0.10 ON 1- 1 TO 1/4 MILE OR LESS
LOWEST: 32 ON 29,28 3 = THUNDER
SNOW, ICE PELLETS, HAIL 4 = ICE PELLETS
TOTAL MONTH: 0.0 INCH 5 = HAIL
GRTST 24HR 0.0 6 = FREEZING RAIN OR DRIZZLE
GRTST DEPTH: 0 7 = DUSTSTORM OR SANDSTORM:
VSBY 1/2 MILE OR LESS
8 = SMOKE OR HAZE
[NO. OF DAYS WITH] [WEATHER - DAYS WITH] 9 = BLOWING SNOW
X = TORNADO
MAX 32 OR BELOW: 0 0.01 INCH OR MORE: 3
MAX 90 OR ABOVE: 0 0.10 INCH OR MORE: 0
MIN 32 OR BELOW: 3 0.50 INCH OR MORE: 0
MIN 0 OR BELOW: 0 1.00 INCH OR MORE: 0
[HDD (BASE 65) ]
TOTAL THIS MO. 339 CLEAR (SCALE 0-3) 22
DPTR FM NORMAL M PTCLDY (SCALE 4-7) 8
TOTAL FM JUL 1 400 CLOUDY (SCALE 8-10) 1
DPTR FM NORMAL M
[CDD (BASE 65) ]
TOTAL THIS MO. 0
DPTR FM NORMAL M [PRESSURE DATA]
TOTAL FM JAN 1 1033 HIGHEST SLP M ON M
DPTR FM NORMAL M LOWEST SLP M ON M
[REMARKS]
#FINAL-10-22#