000
CXUS55 KBOU 010900
CF6BDU
PRELIMINARY LOCAL CLIMATOLOGICAL DATA (WS FORM: F-6)
STATION: BOULDER AIRPORT
MONTH: APRIL
YEAR: 2022
LATITUDE: 40 2 N
LONGITUDE: 105 14 W
TEMPERATURE IN F: :PCPN: SNOW: WIND :SUNSHINE: SKY :PK WND
================================================================================
1 2 3 4 5 6A 6B 7 8 9 10 11 12 13 14 15 16 17 18
12Z AVG MX 2MIN
DY MAX MIN AVG DEP HDD CDD WTR SNW DPTH SPD SPD DIR MIN PSBL S-S WX SPD DR
================================================================================
1 61 39 50 M 15 0 M M M 6.8 23 280 M M 2 31 100
2 66 32 49 M 16 0 M M M 3.2 12 270 M M 0 20 270
3 52 39 46 M 19 0 M M M 2.9 9 60 M M 1 M M
4 68 30 49 M 16 0 M M M 6.2 29 270 M M 0 44 270
5 61 36 49 M 16 0 M M M 15.7 24 260 M M 6 45 250
6 46 32 39 M 26 0 M M M 14.1 30 280 M M 3 44 280
7 59 30 45 M 20 0 M M M 5.8 14 30 M M 0 25 340
8 70 30 50 M 15 0 M M M 4.2 15 270 M M 0 18 280
9 77 46 62 M 3 0 M M M 10.7 25 270 M M 1 37 270
10 52 36 44 M 21 0 M M M 13.0 26 260 M M 2 39 240
11 61 28 45 M 20 0 M M M 3.0 13 220 M M 3 23 0
12 55 32 44 M 21 0 M M M 15.8 36 260 M M 2 47 270
13 41 14 28 M 37 0 M M M 8.5 31 270 M M 5 48 270
14 55 30 43 M 22 0 M M M 12.2 23 250 M M 1 41 240
15 64 32 48 M 17 0 M M M 7.2 22 250 M M 1 30 250
16 54 28 41 M 24 0 M M M 4.3 14 350 M M 4 18 350
17 61 32 47 M 18 0 M M M 8.5 23 250 M M 1 47 250
18 59 30 45 M 20 0 M M M 2.4 7 10 M M 0 M M
19 81 36 59 M 6 0 M M M M M M M M M M M
20 72 50 61 M 4 0 M M M 7.2 12 120 M M 0 20 120
21 79 45 62 M 3 0 M M M 3.5 7 190 M M 0 M M
22 86 46 66 M 0 1 M M M 12.3 43 250 M M 0 53 250
23 59 43 51 M 14 0 M M M 7.7 18 10 M M 2 33 80
24 52 37 45 M 20 0 M M M 5.2 15 330 M M 5 21 310
25 54 34 44 M 21 0 M M M 3.1 10 170 M M 3 22 0
26 73 34 54 M 11 0 M M M 2.6 8 130 M M 0 17 140
27 73 45 59 M 6 0 M M M 5.3 20 210 M M 1 29 140
28 75 45 60 M 5 0 M M M 3.6 7 10 M M 0 16 310
29 64 46 55 M 10 0 M M M 14.4 38 260 M M 0 50 260
30 64 43 54 M 11 0 M M M 8.7 24 300 M M 0 32 300
================================================================================
SM 1894 1080 457 1 M M 218.2 M 43
================================================================================
AV 63.1 36.0 7.5 FASTST M M 1 MAX(MPH)
MISC ----> 43 250 53 250
================================================================================
NOTES:
# LAST OF SEVERAL OCCURRENCES
COLUMN 17 PEAK WIND IN M.P.H.
PRELIMINARY LOCAL CLIMATOLOGICAL DATA (WS FORM: F-6) , PAGE 2
STATION: BOULDER AIRPORT
MONTH: APRIL
YEAR: 2022
LATITUDE: 40 2 N
LONGITUDE: 105 14 W
[TEMPERATURE DATA] [PRECIPITATION DATA] SYMBOLS USED IN COLUMN 16
AVERAGE MONTHLY: 49.6 TOTAL FOR MONTH: M 1 = FOG OR MIST
DPTR FM NORMAL: 0.0 DPTR FM NORMAL: M 2 = FOG REDUCING VISIBILITY
HIGHEST: 86 ON 22 GRTST 24HR M ON M TO 1/4 MILE OR LESS
LOWEST: 14 ON 13 3 = THUNDER
SNOW, ICE PELLETS, HAIL 4 = ICE PELLETS
TOTAL MONTH: M 5 = HAIL
GRTST 24HR M ON M 6 = FREEZING RAIN OR DRIZZLE
GRTST DEPTH: M ON M 7 = DUSTSTORM OR SANDSTORM:
VSBY 1/2 MILE OR LESS
8 = SMOKE OR HAZE
[NO. OF DAYS WITH] [WEATHER - DAYS WITH] 9 = BLOWING SNOW
X = TORNADO
MAX 32 OR BELOW: 0 0.01 INCH OR MORE: 0
MAX 90 OR ABOVE: 0 0.10 INCH OR MORE: 0
MIN 32 OR BELOW: 13 0.50 INCH OR MORE: 0
MIN 0 OR BELOW: 0 1.00 INCH OR MORE: 0
[HDD (BASE 65) ]
TOTAL THIS MO. 457 CLEAR (SCALE 0-3) 25
DPTR FM NORMAL M PTCLDY (SCALE 4-7) 4
TOTAL FM JUL 1 4681 CLOUDY (SCALE 8-10) 1
DPTR FM NORMAL M
[CDD (BASE 65) ]
TOTAL THIS MO. 1
DPTR FM NORMAL M [PRESSURE DATA]
TOTAL FM JAN 1 1 HIGHEST SLP M ON M
DPTR FM NORMAL M LOWEST SLP M ON M
[REMARKS]
#FINAL-04-22#