000
CXUS53 KIWX 010810
CF6BEH
PRELIMINARY LOCAL CLIMATOLOGICAL DATA (WS FORM: F-6)
STATION: BENTON HARBOR
MONTH: OCTOBER
YEAR: 2023
LATITUDE: 42 7 N
LONGITUDE: 86 26 W
TEMPERATURE IN F: :PCPN: SNOW: WIND :SUNSHINE: SKY :PK WND
================================================================================
1 2 3 4 5 6A 6B 7 8 9 10 11 12 13 14 15 16 17 18
12Z AVG MX 2MIN
DY MAX MIN AVG DEP HDD CDD WTR SNW DPTH SPD SPD DIR MIN PSBL S-S WX SPD DR
================================================================================
1 81 58 70 12 0 5 0.00 M M 3.2 8 290 M M 0 1 12 130
2 80 58 69 11 0 4 0.00 M M 2.0 7 300 M M 0 1 11 300
3 85 56 71 14 0 6 0.00 M M 4.1 14 150 M M 0 1 24 140
4 84 65 75 18 0 10 0.00 M M 6.8 16 190 M M 2 24 190
5 73 59 66 10 0 1 1.80 M M 6.1 22 230 M M 8 1 34 240
6 65 49 57 1 8 0 0.31 M M 16.2 26 270 M M 6 13 39 280
7 56 48 52 -4 13 0 0.06 M M 11.8 24 290 M M 9 39 290
8 54 45 50 -5 15 0 0.16 M M 4.6 13 290 M M 8 1 21 290
9 55 43 49 -6 16 0 0.04 M M 9.1 22 270 M M 7 1 30 290
10 56 49 53 -2 12 0 0.00 M M 9.5 21 260 M M 10 29 270
11 62 40 51 -3 14 0 0.04 M M 4.4 17 260 M M 5 1 26 260
12 60 50 55 1 10 0 T M M 7.3 16 90 M M 9 1 23 100
13 56 52 54 0 11 0 0.20 M M 14.6 24 100 M M 9 1 36 80
14 55 48 52 -1 13 0 0.75 M M 9.9 21 90 M M 10 1 33 100
15 55 42 49 -4 16 0 T M M 4.6 13 310 M M 8 25 360
16 54 42 48 -5 17 0 0.00 M M 3.9 9 350 M M 8 1 19 40
17 58 36 47 -5 18 0 0.00 M M 3.0 14 240 M M 5 1 18 230
18 66 40 53 1 12 0 T M M 6.7 17 180 M M 2 1 26 210
19 60 53 57 5 8 0 0.67 M M 7.4 14 280 M M 9 1 22 290
20 56 40 48 -3 17 0 0.09 M M 8.3 17 310 M M 9 128 31 290
21 57 36 47 -4 18 0 0.22 M M 4.0 15 120 M M 8 1 22 30
22 54 35 45 -6 20 0 0.00 M M 3.4 10 290 M M 7 1 17 30
23 63 34 49 -1 16 0 0.00 M M 7.2 17 140 M M 0 1 26 160
24 81 55 68 18 0 3 0.00 M M 8.8 18 210 M M 2 25 200
25 67 59 63 13 2 0 0.06 M M 6.5 10 180 M M 10 1 21 190
26 71 63 67 18 0 2 0.45 M M 9.4 16 200 M M 8 1 27 220
27 71 50 61 12 4 0 0.36 M M 10.5 23 280 M M 9 1 35 270
28 52 45 49 1 16 0 0.05 M M 5.4 14 290 M M 7 23 320
29 48 43 46 -2 19 0 0.20 M M 4.3 10 70 M M 10 1 15 70
30 43 38 41 -7 24 0 0.22 M M 8.9 18 270 M M 9 1 29 280
31 39 24 32 -15 33 0 0.17 M M 7.3 24 260 M M 9 12 32 260
================================================================================
SM 1917 1455 352 31 5.85 M 219.2 M 203
================================================================================
AV 61.8 46.9 7.1 FASTST M M 7 MAX(MPH)
MISC ----> 26 270 # 39 280
================================================================================
NOTES:
# LAST OF SEVERAL OCCURRENCES
COLUMN 17 PEAK WIND IN M.P.H.
PRELIMINARY LOCAL CLIMATOLOGICAL DATA (WS FORM: F-6) , PAGE 2
STATION: BENTON HARBOR
MONTH: OCTOBER
YEAR: 2023
LATITUDE: 42 7 N
LONGITUDE: 86 26 W
[TEMPERATURE DATA] [PRECIPITATION DATA] SYMBOLS USED IN COLUMN 16
AVERAGE MONTHLY: 54.4 TOTAL FOR MONTH: 5.85 1 = FOG OR MIST
DPTR FM NORMAL: 1.8 DPTR FM NORMAL: 1.69 2 = FOG REDUCING VISIBILITY
HIGHEST: 85 ON 3 GRTST 24HR 1.80 ON 5- 5 TO 1/4 MILE OR LESS
LOWEST: 24 ON 31 3 = THUNDER
SNOW, ICE PELLETS, HAIL 4 = ICE PELLETS
TOTAL MONTH: M 5 = HAIL
GRTST 24HR M ON M 6 = FREEZING RAIN OR DRIZZLE
GRTST DEPTH: M ON M 7 = DUSTSTORM OR SANDSTORM:
VSBY 1/2 MILE OR LESS
8 = SMOKE OR HAZE
[NO. OF DAYS WITH] [WEATHER - DAYS WITH] 9 = BLOWING SNOW
X = TORNADO
MAX 32 OR BELOW: 0 0.01 INCH OR MORE: 18
MAX 90 OR ABOVE: 0 0.10 INCH OR MORE: 12
MIN 32 OR BELOW: 1 0.50 INCH OR MORE: 3
MIN 0 OR BELOW: 0 1.00 INCH OR MORE: 1
[HDD (BASE 65) ]
TOTAL THIS MO. 352 CLEAR (SCALE 0-3) 7
DPTR FM NORMAL -42 PTCLDY (SCALE 4-7) 11
TOTAL FM JUL 1 432 CLOUDY (SCALE 8-10) 13
DPTR FM NORMAL -119
[CDD (BASE 65) ]
TOTAL THIS MO. 31
DPTR FM NORMAL 20 [PRESSURE DATA]
TOTAL FM JAN 1 585 HIGHEST SLP 30.33 ON 1
DPTR FM NORMAL -70 LOWEST SLP 29.53 ON 20
[REMARKS]
#FINAL-10-23#