000
CXAK56 PAFC 010921
CF6BET
PRELIMINARY LOCAL CLIMATOLOGICAL DATA (WS FORM: F-6)
STATION: BETHEL
MONTH: APRIL
YEAR: 2021
LATITUDE: 60 46 N
LONGITUDE: 161 48 W
TEMPERATURE IN F: :PCPN: SNOW: WIND :SUNSHINE: SKY :PK WND
================================================================================
1 2 3 4 5 6A 6B 7 8 9 10 11 12 13 14 15 16 17 18
12Z AVG MX 2MIN
DY MAX MIN AVG DEP HDD CDD WTR SNW DPTH SPD SPD DIR MIN PSBL S-S WX SPD DR
================================================================================
1 6 -7 0 -19 65 0 M M M 11.5 17 300 M M 1 18 21 300
2 34 3 19 -1 46 0 M M M 22.5 36 180 M M 10 12 42 180
3 33 32 33 13 32 0 M M M 27.1 38 180 M M 10 12 47 180
4 32 7 20 0 45 0 M M M 12.4 29 250 M M 8 18 38 240
5 23 0 12 -9 53 0 M M M 9.1 21 150 M M 6 18 24 150
6 31 23 27 5 38 0 M M M 10.4 20 160 M M 10 1 24 140
7 24 6 15 -7 50 0 M M M 18.7 39 10 M M 10 129 48 20
8 6 -9 -1 -24 66 0 M M M 18.9 37 340 M M 0 189 42 340
9 15 -15 0 -23 65 0 M M M 9.7 18 40 M M 5 189 21 40
10 34 15 25 1 40 0 M M M 16.4 28 110 M M 10 1 34 110
11 36 31 34 10 31 0 M M M 22.4 32 120 M M 10 1 40 110
12 35 32 34 9 31 0 M M M 17.3 26 170 M M 10 1 33 170
13 36 28 32 7 33 0 M M M 9.1 21 170 M M 9 1 24 170
14 30 25 28 2 37 0 M M M 8.6 15 280 M M 9 1 19 290
15 32 25 29 3 36 0 M M M 10.4 17 330 M M 4 1 20 340
16 34 21 28 1 37 0 M M M 7.6 13 320 M M 1 16 320
17 40 19 30 2 35 0 M M M 5.5 10 10 M M 1 8 13 10
18 38 32 35 7 30 0 M M M 5.8 10 330 M M 9 12 320
19 41 31 36 7 29 0 M M M 13.3 22 10 M M 2 25 30
20 39 31 35 6 30 0 M M M 12.3 20 40 M M 3 25 40
21 42 27 35 5 30 0 M M M 14.1 25 40 M M 1 8 30 40
22 42 36 39 8 26 0 M M M 7.4 16 50 M M 9 18 50
23 44 32 38 7 27 0 M M M 3.7 8 310 M M 6 15 290
24 45 34 40 8 25 0 M M M 4.4 8 40 M M 6 M M
25 45 32 39 7 26 0 M M M 7.6 10 70 M M 9 M M
26 47 34 41 8 24 0 M M M 8.1 14 20 M M 4 17 20
27 47 32 40 7 25 0 M M M 10.8 16 360 M M 0 20 10
28 38 29 34 0 31 0 M M M 14.2 24 320 M M 2 29 330
29 31 25 28 -6 37 0 M M M 15.3 22 340 M M 9 26 340
30 30 22 26 -9 39 0 M M M 9.8 13 330 M M 8 M M
================================================================================
SM 1010 633 1119 0 M M 364.4 M 182
================================================================================
AV 33.7 21.1 12.1 FASTST M M 6 MAX(MPH)
MISC ----> 39 10 48 20
================================================================================
NOTES:
# LAST OF SEVERAL OCCURRENCES
COLUMN 17 PEAK WIND IN M.P.H.
PRELIMINARY LOCAL CLIMATOLOGICAL DATA (WS FORM: F-6) , PAGE 2
STATION: BETHEL
MONTH: APRIL
YEAR: 2021
LATITUDE: 60 46 N
LONGITUDE: 161 48 W
[TEMPERATURE DATA] [PRECIPITATION DATA] SYMBOLS USED IN COLUMN 16
AVERAGE MONTHLY: 27.4 TOTAL FOR MONTH: M 1 = FOG OR MIST
DPTR FM NORMAL: 0.5 DPTR FM NORMAL: M 2 = FOG REDUCING VISIBILITY
HIGHEST: 47 ON 27,26 GRTST 24HR M ON M TO 1/4 MILE OR LESS
LOWEST: -15 ON 9 3 = THUNDER
SNOW, ICE PELLETS, HAIL 4 = ICE PELLETS
TOTAL MONTH: M 5 = HAIL
GRTST 24HR M ON M 6 = FREEZING RAIN OR DRIZZLE
GRTST DEPTH: M ON M 7 = DUSTSTORM OR SANDSTORM:
VSBY 1/2 MILE OR LESS
8 = SMOKE OR HAZE
[NO. OF DAYS WITH] [WEATHER - DAYS WITH] 9 = BLOWING SNOW
X = TORNADO
MAX 32 OR BELOW: 11 0.01 INCH OR MORE: 0
MAX 90 OR ABOVE: 0 0.10 INCH OR MORE: 0
MIN 32 OR BELOW: 27 0.50 INCH OR MORE: 0
MIN 0 OR BELOW: 4 1.00 INCH OR MORE: 0
[HDD (BASE 65) ]
TOTAL THIS MO. 1119 CLEAR (SCALE 0-3) 9
DPTR FM NORMAL -24 PTCLDY (SCALE 4-7) 6
TOTAL FM JUL 1 10784 CLOUDY (SCALE 8-10) 15
DPTR FM NORMAL -640
[CDD (BASE 65) ]
TOTAL THIS MO. 0
DPTR FM NORMAL 0 [PRESSURE DATA]
TOTAL FM JAN 1 0 HIGHEST SLP M ON M
DPTR FM NORMAL 0 LOWEST SLP 29.29 ON 11
[REMARKS]
#FINAL-04-21#