000
CXUS51 KCTP 011208
CF6BFD
PRELIMINARY LOCAL CLIMATOLOGICAL DATA (WS FORM: F-6)
STATION: BRADFORD
MONTH: MARCH
YEAR: 2021
LATITUDE: 41 47 N
LONGITUDE: 78 38 W
TEMPERATURE IN F: :PCPN: SNOW: WIND :SUNSHINE: SKY :PK WND
================================================================================
1 2 3 4 5 6A 6B 7 8 9 10 11 12 13 14 15 16 17 18
12Z AVG MX 2MIN
DY MAX MIN AVG DEP HDD CDD WTR SNW DPTH SPD SPD DIR MIN PSBL S-S WX SPD DR
================================================================================
1 46 15 31 3 34 0 T M M 17.0 36 310 M M 10 18 46 320
2 31 14 23 -5 42 0 T M M 10.8 25 300 M M 5 32 310
3 46 23 35 6 30 0 0.00 M M 8.6 21 310 M M 4 8 26 300
4 32 15 24 -5 41 0 T M M 12.9 25 320 M M 8 8 33 300
5 26 11 19 -10 46 0 T M M 15.0 28 310 M M 6 38 300
6 25 18 22 -8 43 0 T M M 12.3 24 320 M M 10 8 31 310
7 29 3 16 -14 49 0 0.00 M M 4.2 16 330 M M 1 21 330
8 45 3 24 -6 41 0 T M M 4.8 14 240 M M 3 20 230
9 52 29 41 10 24 0 0.00 M M 5.5 14 300 M M 1 8 19 230
10 62 29 46 15 19 0 0.00 M M 7.0 16 180 M M 0 8 25 160
11 61 49 55 24 10 0 T M M 9.8 21 210 M M 6 31 220
12 52 28 40 8 25 0 T M M 13.7 26 300 M M 2 35 300
13 42 19 31 -1 34 0 0.00 M M 9.8 25 330 M M 0 32 330
14 43 18 31 -1 34 0 0.00 M M 16.3 30 320 M M 2 38 310
15 35 14 25 -7 40 0 0.00 M M 7.8 15 10 M M 0 20 330
16 36 26 31 -2 34 0 0.06 M M 8.8 17 140 M M 8 46 25 150
17 60 29 45 12 20 0 0.00 M M 4.4 12 140 M M 4 128 16 140
18 41 29 35 1 30 0 0.29 M M 10.2 21 40 M M 9 18 29 40
19 38 20 29 -5 36 0 0.00 M M 8.7 18 10 M M 0 28 40
20 55 17 36 2 29 0 0.00 M M 1.5 9 340 M M 0 8 12 320
21 61 22 42 7 23 0 0.00 M M 4.2 14 160 M M 0 8 19 210
22 65 25 45 10 20 0 0.00 M M 4.3 13 140 M M 0 21 140
23 63 29 46 11 19 0 0.00 M M 7.6 17 130 M M 0 30 130
24 63 47 55 19 10 0 0.21 M M 9.5 16 140 M M 7 1 23 150
25 71 40 56 20 9 0 0.02 M M 6.4 16 230 M M 3 12 23 220
26 61 42 52 16 13 0 0.10 M M 11.9 28 230 M M 10 18 43 270
27 64 43 54 17 11 0 0.00 M M 5.5 14 220 M M 5 1 18 240
28 57 32 45 8 20 0 0.39 M M 14.9 30 280 M M 8 1 42 260
29 43 28 36 -2 29 0 T M M 10.5 26 300 M M 6 1 35 280
30 68 33 51 13 14 0 0.00 M M 10.3 21 200 M M 0 36 150
31 57 34 46 8 19 0 0.45 M M 8.1 20 320 M M 8 18 24 320
================================================================================
SM 1530 784 848 0 1.52 M 282.3 M 126
================================================================================
AV 49.4 25.3 9.1 FASTST M M 4 MAX(MPH)
MISC ----> 36 310 46 320
================================================================================
NOTES:
# LAST OF SEVERAL OCCURRENCES
COLUMN 17 PEAK WIND IN M.P.H.
PRELIMINARY LOCAL CLIMATOLOGICAL DATA (WS FORM: F-6) , PAGE 2
STATION: BRADFORD
MONTH: MARCH
YEAR: 2021
LATITUDE: 41 47 N
LONGITUDE: 78 38 W
[TEMPERATURE DATA] [PRECIPITATION DATA] SYMBOLS USED IN COLUMN 16
AVERAGE MONTHLY: 37.3 TOTAL FOR MONTH: 1.52 1 = FOG OR MIST
DPTR FM NORMAL: 4.3 DPTR FM NORMAL: -1.52 2 = FOG REDUCING VISIBILITY
HIGHEST: 71 ON 25 GRTST 24HR 0.45 ON 31-31 TO 1/4 MILE OR LESS
LOWEST: 3 ON 8, 7 3 = THUNDER
SNOW, ICE PELLETS, HAIL 4 = ICE PELLETS
TOTAL MONTH: M 5 = HAIL
GRTST 24HR M ON M 6 = FREEZING RAIN OR DRIZZLE
GRTST DEPTH: M ON M 7 = DUSTSTORM OR SANDSTORM:
VSBY 1/2 MILE OR LESS
8 = SMOKE OR HAZE
[NO. OF DAYS WITH] [WEATHER - DAYS WITH] 9 = BLOWING SNOW
X = TORNADO
MAX 32 OR BELOW: 5 0.01 INCH OR MORE: 7
MAX 90 OR ABOVE: 0 0.10 INCH OR MORE: 5
MIN 32 OR BELOW: 24 0.50 INCH OR MORE: 0
MIN 0 OR BELOW: 0 1.00 INCH OR MORE: 0
[HDD (BASE 65) ]
TOTAL THIS MO. 848 CLEAR (SCALE 0-3) 14
DPTR FM NORMAL -144 PTCLDY (SCALE 4-7) 12
TOTAL FM JUL 1 5599 CLOUDY (SCALE 8-10) 5
DPTR FM NORMAL -593
[CDD (BASE 65) ]
TOTAL THIS MO. 0
DPTR FM NORMAL 0 [PRESSURE DATA]
TOTAL FM JAN 1 0 HIGHEST SLP 30.61 ON 20
DPTR FM NORMAL 0 LOWEST SLP 29.44 ON 28
[REMARKS]
#FINAL-03-21#
SENT TO CORRECT ACIS DATABASE PRECIP ON THE 1ST