000
CXUS51 KCTP 010900
CF6BFD
PRELIMINARY LOCAL CLIMATOLOGICAL DATA (WS FORM: F-6)
STATION: BRADFORD
MONTH: FEBRUARY
YEAR: 2020
LATITUDE: 41 47 N
LONGITUDE: 78 38 W
TEMPERATURE IN F: :PCPN: SNOW: WIND :SUNSHINE: SKY :PK WND
================================================================================
1 2 3 4 5 6A 6B 7 8 9 10 11 12 13 14 15 16 17 18
12Z AVG MX 2MIN
DY MAX MIN AVG DEP HDD CDD WTR SNW DPTH SPD SPD DIR MIN PSBL S-S WX SPD DR
================================================================================
1 33 24 29 7 36 0 0.04 M M 3.9 10 320 M M 9 1 13 230
2 37 28 33 11 32 0 0.10 M M 8.1 18 280 M M 10 128 27 280
3 50 33 42 20 23 0 0.00 M M 6.6 26 300 M M 4 37 310
4 50 28 39 17 26 0 0.03 M M 7.5 15 340 M M 8 18 19 340
5 31 23 27 5 38 0 0.25 M M 7.9 17 120 M M 6 16 23 120
6 36 26 31 9 34 0 0.35 M M 4.9 14 130 M M 10 126 17 110
7 33 19 26 4 39 0 0.19 M M 12.1 22 320 M M 10 126 32 290
8 28 18 23 0 42 0 0.04 M M 5.0 17 280 M M 10 128 23 300
9 33 22 28 5 37 0 0.12 M M 6.4 15 170 M M 10 18 22 180
10 38 32 35 12 30 0 0.30 M M 6.1 15 190 M M 10 1 23 170
11 34 29 32 9 33 0 T M M 7.2 18 270 M M 10 12 26 260
12 33 20 27 4 38 0 0.20 M M 6.9 14 190 M M 6 1 20 280
13 32 18 25 2 40 0 0.15 M M 8.8 23 320 M M 10 168 27 290
14 18 -7 6 -17 59 0 T M M 8.8 22 300 M M 7 18 29 320
15 30 -12 9 -15 56 0 0.00 M M 7.5 17 210 M M 3 8 24 160
16 36 25 31 7 34 0 T M M 5.5 14 250 M M 8 22 250
17 41 15 28 4 37 0 0.00 M M 3.5 15 150 M M 5 128 20 140
18 43 31 37 13 28 0 0.29 M M 11.7 20 140 M M 10 1 32 150
19 31 15 23 -1 42 0 T M M 12.7 25 300 M M 3 36 310
20 25 9 17 -7 48 0 T M M 6.8 18 320 M M 8 8 24 320
21 30 12 21 -4 44 0 T M M 8.7 17 310 M M 4 23 320
22 40 18 29 4 36 0 0.00 M M 8.1 15 280 M M 0 24 230
23 47 26 37 12 28 0 0.00 M M 5.9 17 250 M M 1 26 210
24 50 34 42 17 23 0 0.00 M M 3.9 15 220 M M 2 8 20 200
25 43 33 38 13 27 0 0.12 M M 5.8 10 50 M M 10 1 14 80
26 44 33 39 13 26 0 1.02 M M 5.0 13 300 M M 10 12 15 300
27 33 16 25 -1 40 0 0.05 M M 15.7 31 280 M M 10 18 45 290
28 23 15 19 -7 46 0 T M M 10.6 21 270 M M 10 8 33 280
29 20 14 17 -9 48 0 0.01 M M 11.3 22 300 M M 10 18 30 300
================================================================================
SM 1022 597 1070 0 3.26 M 222.9 M 214
================================================================================
AV 35.2 20.6 7.7 FASTST M M 7 MAX(MPH)
MISC ----> 31 280 45 290
================================================================================
NOTES:
# LAST OF SEVERAL OCCURRENCES
COLUMN 17 PEAK WIND IN M.P.H.
PRELIMINARY LOCAL CLIMATOLOGICAL DATA (WS FORM: F-6) , PAGE 2
STATION: BRADFORD
MONTH: FEBRUARY
YEAR: 2020
LATITUDE: 41 47 N
LONGITUDE: 78 38 W
[TEMPERATURE DATA] [PRECIPITATION DATA] SYMBOLS USED IN COLUMN 16
AVERAGE MONTHLY: 27.9 TOTAL FOR MONTH: 3.26 1 = FOG OR MIST
DPTR FM NORMAL: 4.3 DPTR FM NORMAL: 0.91 2 = FOG REDUCING VISIBILITY
HIGHEST: 50 ON 24, 4 GRTST 24HR 1.06 ON 26-27 TO 1/4 MILE OR LESS
LOWEST: -12 ON 15 3 = THUNDER
SNOW, ICE PELLETS, HAIL 4 = ICE PELLETS
TOTAL MONTH: M 5 = HAIL
GRTST 24HR M ON M 6 = FREEZING RAIN OR DRIZZLE
GRTST DEPTH: M ON M 7 = DUSTSTORM OR SANDSTORM:
VSBY 1/2 MILE OR LESS
8 = SMOKE OR HAZE
[NO. OF DAYS WITH] [WEATHER - DAYS WITH] 9 = BLOWING SNOW
X = TORNADO
MAX 32 OR BELOW: 10 0.01 INCH OR MORE: 16
MAX 90 OR ABOVE: 0 0.10 INCH OR MORE: 11
MIN 32 OR BELOW: 25 0.50 INCH OR MORE: 1
MIN 0 OR BELOW: 2 1.00 INCH OR MORE: 1
[HDD (BASE 65) ]
TOTAL THIS MO. 1070 CLEAR (SCALE 0-3) 4
DPTR FM NORMAL -89 PTCLDY (SCALE 4-7) 10
TOTAL FM JUL 1 4902 CLOUDY (SCALE 8-10) 15
DPTR FM NORMAL -577
[CDD (BASE 65) ]
TOTAL THIS MO. 0
DPTR FM NORMAL 0 [PRESSURE DATA]
TOTAL FM JAN 1 0 HIGHEST SLP 30.57 ON 15
DPTR FM NORMAL 0 LOWEST SLP 29.13 ON 7
[REMARKS]
#FINAL-02-20#