000
CXUS46 KHNX 031708
CLMBFL
CLIMATE REPORT
NATIONAL WEATHER SERVICE
1008 AM PDT MON APR 03 2023
...................................
...THE BAKERSFIELD CA CLIMATE SUMMARY FOR THE MONTH OF MARCH 2023...
CLIMATE NORMAL PERIOD 1991 TO 2020
CLIMATE RECORD PERIOD 1889 TO 2023
WEATHER OBSERVED NORMAL DEPART LAST YEAR`S
VALUE DATE(S) VALUE FROM VALUE DATE(S)
NORMAL
................................................................
TEMPERATURE (F)
RECORD
HIGH 94 03/29/2004
03/15/1916
03/11/1916
LOW 20 03/03/1917
HIGHEST 74 03/18 MM MM 91 03/23
LOWEST 36 03/03 MM MM 37 03/06
03/08
03/26
MEAN 53.5 58.6 -5.1
DAYS MAX >= 90 0 0.4 -0.4 1
DAYS MIN <= 32 0 0.1 -0.1 0
PRECIPITATION (INCHES)
RECORD
MAXIMUM 4.61 1938
MINIMUM 0.00 1934
TOTALS 2.98 1.15 1.83
DAYS >= .01 12 6.0 6.0 4
DAYS >= .10 7 3.2 3.8 3
DAYS >= .50 1 0.6 0.4 1
DAYS >= 1.00 0 0.0 0.0 0
GREATEST
24 HR. TOTAL 0.94 03/15 TO 03/15
SNOWFALL (INCHES)
RECORDS
TOTAL 2.5 1922
TOTALS 0.0 0.0
DEGREE DAYS
HEATING TOTAL 350 211 139 166
SINCE 7/1 2119 1818 301 MM
COOLING TOTAL 0 13 -13 42
SINCE 1/1 0 14 -14 MM
................................................................
WIND (MPH)
AVERAGE WIND SPEED 5.9
HIGHEST WIND SPEED/DIRECTION 35/150 DATE 03/19
HIGHEST GUST SPEED/DIRECTION 40/140 DATE 03/19
AVERAGE RH (PERCENT) 66
WEATHER CONDITIONS. NUMBER OF DAYS WITH
THUNDERSTORM 2 RAIN 5
HAIL 0 FOG 12
FOG W/VIS <= 1/4 MILE 1 HAZE 8
- INDICATES NEGATIVE NUMBERS.
R INDICATES RECORD WAS SET OR TIED.
MM INDICATES DATA IS MISSING.
T INDICATES TRACE AMOUNT.
$$