000
CXUS54 KAMA 010710
CF6BGD
PRELIMINARY LOCAL CLIMATOLOGICAL DATA (WS FORM: F-6)
STATION: BORGER
MONTH: AUGUST
YEAR: 2021
LATITUDE: 35 42 N
LONGITUDE: 101 24 W
TEMPERATURE IN F: :PCPN: SNOW: WIND :SUNSHINE: SKY :PK WND
================================================================================
1 2 3 4 5 6A 6B 7 8 9 10 11 12 13 14 15 16 17 18
12Z AVG MX 2MIN
DY MAX MIN AVG DEP HDD CDD WTR SNW DPTH SPD SPD DIR MIN PSBL S-S WX SPD DR
================================================================================
1 78 68 73 -10 0 8 0.18 M M 7.3 17 20 M M 9 18 21 10
2 88 64 76 -7 0 11 0.00 M M 5.5 15 30 M M 1 18 20 80
3 91 62 77 -6 0 12 0.00 M M 7.0 16 120 M M 0 24 150
4 87 64 76 -7 0 11 0.00 M M 5.2 15 290 M M 3 21 290
5 96 69 83 0 0 18 0.00 M M 5.9 15 360 M M 3 24 350
6 102 68 85 3 0 20 0.00 M M 7.3 20 180 M M 0 32 190
7 99 72 86 4 0 21 0.35 M M 14.6 31 20 M M 1 3 42 50
8 94 69 82 0 0 17 0.00 M M 5.2 13 110 M M 0 19 100
9 105 72 89 7 0 24 0.00 M M 10.1 22 170 M M 0 36 170
10 100 78 89 7 0 24 0.00 M M 13.8 22 180 M M 0 32 170
11 100 78 89 7 0 24 0.00 M M 11.8 18 180 M M 0 28 200
12 97 77 87 5 0 22 0.00 M M 10.5 20 170 M M 0 32 210
13 86 72 79 -3 0 14 0.04 M M 7.0 22 250 M M 3 3 32 250
14 91 64 78 -3 0 13 0.00 M M 5.8 16 110 M M 1 23 120
15 94 68 81 0 0 16 0.00 M M 9.1 16 180 M M 1 25 160
16 89 66 78 -3 0 13 1.26 M M 9.6 32 60 M M 2 13 48 60
17 88 65 77 -4 0 12 0.00 M M 7.5 20 140 M M 0 29 140
18 88 67 78 -3 0 13 0.00 M M 11.1 21 140 M M 2 30 130
19 98 73 86 6 0 21 0.00 M M 13.9 22 170 M M 1 32 170
20 99 75 87 7 0 22 0.00 M M 12.4 22 180 M M 0 34 180
21 93 70 82 2 0 17 0.19 M M 8.5 21 30 M M 2 3 30 190
22 94 69 82 2 0 17 0.00 M M 12.6 24 200 M M 1 36 190
23 99 76 88 8 0 23 0.00 M M 15.3 25 230 M M 1 39 220
24 102 77 90 11 0 25 0.00 M M 14.2 22 240 M M 0 32 180
25 101 77 89 10 0 24 0.00 M M 11.5 22 170 M M 0 30 150
26 98 70 84 5 0 19 0.00 M M 9.8 20 160 M M 1 30 160
27 96 73 85 6 0 20 0.00 M M 12.8 23 170 M M 1 36 190
28 96 73 85 7 0 20 0.00 M M 14.3 23 160 M M 2 34 140
29 94 68 81 3 0 16 0.34 M M 8.7 30 30 M M 4 13 43 40
30 88 68 78 0 0 13 0.01 M M 6.0 18 110 M M 1 3 26 150
31 97 69 83 5 0 18 0.00 M M 8.0 17 170 M M 1 26 200
================================================================================
SM 2928 2181 0 548 2.37 M 302.3 M 41
================================================================================
AV 94.5 70.4 9.8 FASTST M M 1 MAX(MPH)
MISC ----> 32 60 48 60
================================================================================
NOTES:
# LAST OF SEVERAL OCCURRENCES
COLUMN 17 PEAK WIND IN M.P.H.
PRELIMINARY LOCAL CLIMATOLOGICAL DATA (WS FORM: F-6) , PAGE 2
STATION: BORGER
MONTH: AUGUST
YEAR: 2021
LATITUDE: 35 42 N
LONGITUDE: 101 24 W
[TEMPERATURE DATA] [PRECIPITATION DATA] SYMBOLS USED IN COLUMN 16
AVERAGE MONTHLY: 82.4 TOTAL FOR MONTH: 2.37 1 = FOG OR MIST
DPTR FM NORMAL: 1.6 DPTR FM NORMAL: -0.32 2 = FOG REDUCING VISIBILITY
HIGHEST: 105 ON 9 GRTST 24HR 1.37 ON 31- 1 TO 1/4 MILE OR LESS
LOWEST: 62 ON 3 3 = THUNDER
SNOW, ICE PELLETS, HAIL 4 = ICE PELLETS
TOTAL MONTH: M 5 = HAIL
GRTST 24HR M ON M 6 = FREEZING RAIN OR DRIZZLE
GRTST DEPTH: M ON M 7 = DUSTSTORM OR SANDSTORM:
VSBY 1/2 MILE OR LESS
8 = SMOKE OR HAZE
[NO. OF DAYS WITH] [WEATHER - DAYS WITH] 9 = BLOWING SNOW
X = TORNADO
MAX 32 OR BELOW: 0 0.01 INCH OR MORE: 7
MAX 90 OR ABOVE: 23 0.10 INCH OR MORE: 5
MIN 32 OR BELOW: 0 0.50 INCH OR MORE: 1
MIN 0 OR BELOW: 0 1.00 INCH OR MORE: 1
[HDD (BASE 65) ]
TOTAL THIS MO. 0 CLEAR (SCALE 0-3) 26
DPTR FM NORMAL -1 PTCLDY (SCALE 4-7) 4
TOTAL FM JUL 1 0 CLOUDY (SCALE 8-10) 1
DPTR FM NORMAL 0
[CDD (BASE 65) ]
TOTAL THIS MO. 548
DPTR FM NORMAL 58 [PRESSURE DATA]
TOTAL FM JAN 1 1849 HIGHEST SLP M ON M
DPTR FM NORMAL 136 LOWEST SLP 29.62 ON 7
[REMARKS]
#FINAL-08-21#