000
CXUS54 KAMA 010710
CF6BGD
PRELIMINARY LOCAL CLIMATOLOGICAL DATA (WS FORM: F-6)
STATION: BORGER
MONTH: JULY
YEAR: 2023
LATITUDE: 35 42 N
LONGITUDE: 101 24 W
TEMPERATURE IN F: :PCPN: SNOW: WIND :SUNSHINE: SKY :PK WND
================================================================================
1 2 3 4 5 6A 6B 7 8 9 10 11 12 13 14 15 16 17 18
12Z AVG MX 2MIN
DY MAX MIN AVG DEP HDD CDD WTR SNW DPTH SPD SPD DIR MIN PSBL S-S WX SPD DR
================================================================================
1 87 63 75 -7 0 10 0.34 M M 6.6 21 260 M M 4 13 33 310
2 94 67 81 -1 0 16 0.29 M M 7.2 25 270 M M 2 13 39 270
3 94 65 80 -2 0 15 0.00 M M 7.8 16 50 M M 0 24 50
4 98 71 85 3 0 20 0.00 M M 9.1 17 170 M M 0 26 170
5 94 73 84 2 0 19 0.00 M M 9.8 28 70 M M 1 38 120
6 91 64 78 -4 0 13 0.06 M M 12.4 25 70 M M 3 13 40 40
7 97 67 82 0 0 17 0.48 M M 13.5 54 290 M M 3 13 74 280
8 91 68 80 -3 0 15 T M M 8.8 21 140 M M 5 3 30 140
9 78 63 71 -12 0 6 0.11 M M 7.1 38 20 M M 6 13 51 30
10 92 69 81 -2 0 16 0.00 M M 7.7 17 330 M M 4 3 26 310
11 101 71 86 3 0 21 0.00 M M 8.1 18 140 M M 2 12 28 140
12 102 78 90 7 0 25 0.00 M M 9.8 20 170 M M 0 28 160
13 93 76 85 2 0 20 0.02 M M 7.2 17 60 M M 1 3 25 70
14 98 70 84 1 0 19 0.29 M M 10.0 33 300 M M 4 13 61 300
15 89 68 79 -4 0 14 0.34 M M 8.6 24 180 M M 4 13 36 180
16 95 71 83 0 0 18 0.00 M M 9.2 16 160 M M 0 24 170
17 103 73 88 5 0 23 0.00 M M 11.8 20 180 M M 0 28 190
18 108 79 94 11 0 29 0.00 M M 13.1 29 230 M M 0 40 230
19 102 79 91 8 0 26 0.00 M M 10.0 24 30 M M 0 38 34 330
20 95 78 87 4 0 22 0.01 M M 9.1 24 50 M M 2 40 60
21 83 70 77 -6 0 12 T M M 10.4 26 30 M M 4 34 20
22 94 65 80 -3 0 15 0.00 M M 5.6 14 150 M M 1 21 150
23 102 74 88 5 0 23 0.00 M M 10.6 20 250 M M 0 3 27 230
24 107 75 91 8 0 26 0.00 M M 13.1 22 180 M M 0 33 170
25 106 78 92 9 0 27 0.00 M M 16.4 29 200 M M 0 41 200
26 104 77 91 8 0 26 0.00 M M 13.0 22 190 M M 0 32 200
27 105 79 92 9 0 27 0.00 M M 10.8 22 180 M M 0 29 220
28 103 77 90 7 0 25 0.00 M M 11.0 18 160 M M 0 27 170
29 102 74 88 5 0 23 0.27 M M 9.5 17 140 M M 1 3 27 180
30 102 74 88 5 0 23 0.00 M M 8.8 17 180 M M 0 26 180
31 102 73 88 5 0 23 0.00 M M 11.1 17 170 M M 0 26 200
================================================================================
SM 3012 2229 0 614 2.21 M 307.2 M 47
================================================================================
AV 97.2 71.9 9.9 FASTST M M 2 MAX(MPH)
MISC ----> 54 290 74 280
================================================================================
NOTES:
# LAST OF SEVERAL OCCURRENCES
COLUMN 17 PEAK WIND IN M.P.H.
PRELIMINARY LOCAL CLIMATOLOGICAL DATA (WS FORM: F-6) , PAGE 2
STATION: BORGER
MONTH: JULY
YEAR: 2023
LATITUDE: 35 42 N
LONGITUDE: 101 24 W
[TEMPERATURE DATA] [PRECIPITATION DATA] SYMBOLS USED IN COLUMN 16
AVERAGE MONTHLY: 84.5 TOTAL FOR MONTH: 2.21 1 = FOG OR MIST
DPTR FM NORMAL: 1.5 DPTR FM NORMAL: -0.14 2 = FOG REDUCING VISIBILITY
HIGHEST: 108 ON 18 GRTST 24HR 0.53 ON 14-15 TO 1/4 MILE OR LESS
LOWEST: 63 ON 9, 1 3 = THUNDER
SNOW, ICE PELLETS, HAIL 4 = ICE PELLETS
TOTAL MONTH: M 5 = HAIL
GRTST 24HR M ON M 6 = FREEZING RAIN OR DRIZZLE
GRTST DEPTH: M ON M 7 = DUSTSTORM OR SANDSTORM:
VSBY 1/2 MILE OR LESS
8 = SMOKE OR HAZE
[NO. OF DAYS WITH] [WEATHER - DAYS WITH] 9 = BLOWING SNOW
X = TORNADO
MAX 32 OR BELOW: 0 0.01 INCH OR MORE: 10
MAX 90 OR ABOVE: 27 0.10 INCH OR MORE: 7
MIN 32 OR BELOW: 0 0.50 INCH OR MORE: 0
MIN 0 OR BELOW: 0 1.00 INCH OR MORE: 0
[HDD (BASE 65) ]
TOTAL THIS MO. 0 CLEAR (SCALE 0-3) 24
DPTR FM NORMAL 0 PTCLDY (SCALE 4-7) 7
TOTAL FM JUL 1 0 CLOUDY (SCALE 8-10) 0
DPTR FM NORMAL 0
[CDD (BASE 65) ]
TOTAL THIS MO. 614
DPTR FM NORMAL 58 [PRESSURE DATA]
TOTAL FM JAN 1 1216 HIGHEST SLP M ON M
DPTR FM NORMAL -7 LOWEST SLP 29.66 ON 7
[REMARKS]
#FINAL-07-23#