000
CXUS54 KAMA 011653
CLMBGD
CLIMATE REPORT
NATIONAL WEATHER SERVICE AMARILLO
1053 AM CST THU FEB 01 2024
...................................
...THE BORGER CLIMATE SUMMARY FOR THE MONTH OF JANUARY 2024...
CLIMATE NORMAL PERIOD: 1991 TO 2020
CLIMATE RECORD PERIOD: 1949 TO 2024
WEATHER OBSERVED NORMAL DEPART LAST YEAR`S
VALUE DATE(S) VALUE FROM VALUE DATE(S)
NORMAL
................................................................
TEMPERATURE (F)
HIGHEST 71 01/29 73 01/10
01/31
LOWEST 2 01/14 9 01/30
AVG. MAXIMUM 49.0 52.6 -3.6 54.1
AVG. MINIMUM 24.9 27.5 -2.6 29.4
MEAN 36.9 40.1 -3.2 41.7
DAYS MAX >= 90 0 0.0 0.0 0
DAYS MAX <= 32 2 2.3 -0.3 3
DAYS MIN <= 32 23 22.9 0.1 17
DAYS MIN <= 0 0 0.0 0.0 0
PRECIPITATION (INCHES)
TOTALS 1.06 0.58 0.48 0.20
DAILY AVG. 0.03 0.02 0.01 0.01
DAYS >= .01 4 3.6 0.4 1
DAYS >= .10 3 1.6 1.4 1
DAYS >= .50 1 0.4 0.6 0
DAYS >= 1.00 0 0.1 -0.1 0
GREATEST
24 HR. TOTAL 0.59 01/04 TO 01/05
SNOWFALL (INCHES)
TOTALS MM MM MM MM
SINCE 7/1 MM MM MM MM
DAYS >= TRACE 0 MM MM MM
DAYS >= 1.0 0 MM MM MM
GREATEST
SNOW DEPTH MM
24 HR TOTAL MM
DEGREE DAYS
HEATING TOTAL 864 773 91 594
SINCE 7/1 1986 2216 -230 MM
COOLING TOTAL 0 0 0 0
SINCE 1/1 0 0 0 MM
................................................................
WIND (MPH)
AVERAGE WIND SPEED 9.5
HIGHEST WIND SPEED/DIRECTION 46/340 DATE 01/08
HIGHEST GUST SPEED/DIRECTION 71/340 DATE 01/08
SKY COVER
POSSIBLE SUNSHINE (PERCENT) MM
NUMBER OF DAYS FAIR 24
NUMBER OF DAYS PC 3
NUMBER OF DAYS CLOUDY 4
AVERAGE RH (PERCENT) 60
WEATHER CONDITIONS. NUMBER OF DAYS WITH
THUNDERSTORM 0 MIXED PRECIP 0
HEAVY RAIN 0 RAIN 2
LIGHT RAIN 4 FREEZING RAIN 0
LT FREEZING RAIN 0 HEAVY SNOW 0
SNOW 1 LIGHT SNOW 4
SLEET 0 FOG 9
FOG W/VIS <= 1/4 MILE 4 HAZE 5
- INDICATES NEGATIVE NUMBERS.
R INDICATES RECORD WAS SET OR TIED.
MM INDICATES DATA IS MISSING.
T INDICATES TRACE AMOUNT.
$$