000
CXUS51 KCAR 010700
CF6BGR
PRELIMINARY LOCAL CLIMATOLOGICAL DATA (WS FORM: F-6)
STATION: BANGOR ME
MONTH: APRIL
YEAR: 2023
LATITUDE: 44 47 N
LONGITUDE: 68 49 W
TEMPERATURE IN F: :PCPN: SNOW: WIND :SUNSHINE: SKY :PK WND
================================================================================
1 2 3 4 5 6A 6B 7 8 9 10 11 12 13 14 15 16 17 18
12Z AVG MX 2MIN
DY MAX MIN AVG DEP HDD CDD WTR SNW DPTH SPD SPD DIR MIN PSBL S-S WX SPD DR
================================================================================
1 43 33 38 1 27 0 0.45 1.0 1 6.4 16 110 M M 10 12 24 110
2 41 24 33 -4 32 0 0.00 0.0 0 16.9 35 320 M M 4 1 49 320
3 44 21 33 -4 32 0 0.00 0.0 0 10.5 29 170 M M 6 39 180
4 56 28 42 4 23 0 0.00 0.0 0 5.0 13 330 M M 6 22 270
5 37 30 34 -4 31 0 0.17 T 0 8.3 18 20 M M 8 146 25 30
6 52 31 42 3 23 0 0.12 0.0 0 4.1 9 200 M M 10 1 12 170
7 50 29 40 1 25 0 0.00 0.0 0 13.9 32 320 M M 6 1 46 290
8 43 25 34 -6 31 0 0.00 0.0 0 12.6 28 320 M M 0 36 330
9 52 26 39 -1 26 0 0.00 0.0 0 7.0 18 320 M M 1 29 240
10 63 25 44 4 21 0 0.00 0.0 0 6.9 16 180 M M 0 24 290
11 65 36 51 10 14 0 0.00 0.0 0 8.1 18 210 M M 8 29 210
12 59 37 48 7 17 0 0.00 0.0 0 15.1 37 320 M M 2 47 330
13 69 32 51 9 14 0 0.00 0.0 0 7.0 17 180 M M 2 24 160
14 76 41 59 17 6 0 0.00 0.0 0 7.0 20 330 M M 2 25 330
15 72 35 54 11 11 0 0.00 0.0 0 7.2 21 130 M M 4 1 26 140
16 57 45 51 8 14 0 T 0.0 0 5.3 9 20 M M 10 1 15 30
17 58 47 53 9 12 0 0.33 0.0 0 8.0 22 120 M M 10 1 30 130
18 51 39 45 1 20 0 0.08 0.0 0 6.4 16 190 M M 10 1 24 250
19 49 39 44 0 21 0 T 0.0 0 5.6 13 310 M M 9 18 310
20 52 36 44 -1 21 0 0.00 0.0 0 10.1 21 320 M M 6 32 320
21 58 29 44 -1 21 0 0.00 0.0 0 5.3 15 170 M M 5 20 160
22 60 33 47 1 18 0 0.00 0.0 0 6.2 17 200 M M 6 25 210
23 61 31 46 0 19 0 0.00 0.0 0 9.0 20 160 M M 7 27 160
24 46 41 44 -2 21 0 0.26 0.0 0 8.2 16 120 M M 10 1 21 120
25 45 41 43 -4 22 0 0.10 0.0 0 5.2 10 140 M M 10 1 14 120
26 49 30 40 -7 25 0 0.01 0.0 0 1.4 7 200 M M 8 1 10 190
27 61 29 45 -3 20 0 0.00 0.0 0 3.3 14 320 M M 6 128 17 310
28 69 31 50 2 15 0 0.00 0.0 0 3.9 20 190 M M 1 1 25 190
29 66 36 51 2 14 0 0.00 0.0 0 6.9 21 190 M M 8 29 110
30 50 42 46 -3 19 0 0.37 0.0 0 12.6 25 100 M M 10 1 40 90
================================================================================
SM 1654 1002 615 0 1.89 1.0 233.4 M 185
================================================================================
AV 55.1 33.4 7.8 FASTST M M 6 MAX(MPH)
MISC ----> 37 320 49 320
================================================================================
NOTES:
# LAST OF SEVERAL OCCURRENCES
COLUMN 17 PEAK WIND IN M.P.H.
PRELIMINARY LOCAL CLIMATOLOGICAL DATA (WS FORM: F-6) , PAGE 2
STATION: BANGOR ME
MONTH: APRIL
YEAR: 2023
LATITUDE: 44 47 N
LONGITUDE: 68 49 W
[TEMPERATURE DATA] [PRECIPITATION DATA] SYMBOLS USED IN COLUMN 16
AVERAGE MONTHLY: 44.3 TOTAL FOR MONTH: 1.89 1 = FOG OR MIST
DPTR FM NORMAL: 1.5 DPTR FM NORMAL: -1.72 2 = FOG REDUCING VISIBILITY
HIGHEST: 76 ON 14 GRTST 24HR 0.47 ON 31- 1 TO 1/4 MILE OR LESS
LOWEST: 21 ON 3 3 = THUNDER
SNOW, ICE PELLETS, HAIL 4 = ICE PELLETS
TOTAL MONTH: 1.0 INCH 5 = HAIL
GRTST 24HR 1.0 ON 1- 1 6 = FREEZING RAIN OR DRIZZLE
GRTST DEPTH: 1 ON 1 7 = DUSTSTORM OR SANDSTORM:
VSBY 1/2 MILE OR LESS
8 = SMOKE OR HAZE
[NO. OF DAYS WITH] [WEATHER - DAYS WITH] 9 = BLOWING SNOW
X = TORNADO
MAX 32 OR BELOW: 0 0.01 INCH OR MORE: 9
MAX 90 OR ABOVE: 0 0.10 INCH OR MORE: 7
MIN 32 OR BELOW: 15 0.50 INCH OR MORE: 0
MIN 0 OR BELOW: 0 1.00 INCH OR MORE: 0
[HDD (BASE 65) ]
TOTAL THIS MO. 615 CLEAR (SCALE 0-3) 7
DPTR FM NORMAL -51 PTCLDY (SCALE 4-7) 13
TOTAL FM JUL 1 6281 CLOUDY (SCALE 8-10) 10
DPTR FM NORMAL -914
[CDD (BASE 65) ]
TOTAL THIS MO. 0
DPTR FM NORMAL 0 [PRESSURE DATA]
TOTAL FM JAN 1 0 HIGHEST SLP 30.53 ON 5
DPTR FM NORMAL 0 LOWEST SLP 29.25 ON 1
[REMARKS]
#FINAL-04-23#