000
CXUS51 KCAR 230700
CF6BGR
PRELIMINARY LOCAL CLIMATOLOGICAL DATA (WS FORM: F-6)
STATION: BANGOR ME
MONTH: APRIL
YEAR: 2024
LATITUDE: 44 47 N
LONGITUDE: 68 49 W
TEMPERATURE IN F: :PCPN: SNOW: WIND :SUNSHINE: SKY :PK WND
================================================================================
1 2 3 4 5 6A 6B 7 8 9 10 11 12 13 14 15 16 17 18
12Z AVG MX 2MIN
DY MAX MIN AVG DEP HDD CDD WTR SNW DPTH SPD SPD DIR MIN PSBL S-S WX SPD DR
================================================================================
1 53 23 38 1 27 0 0.00 0.0 0 4.5 13 170 M M 5 20 150
2 55 28 42 5 23 0 0.00 0.0 0 5.9 14 10 M M 5 20 350
3 50 28 39 2 26 0 T T 0 12.4 25 90 M M 7 1 38 70
4 34 30 32 -6 33 0 0.61 9.0 6 16.4 23 40 M M 10 124 38 50
5 39 34 37 -1 28 0 0.10 T 8 16.3 24 10 M M 10 1 32 350
6 40 34 37 -2 28 0 0.10 T 4 16.2 24 20 M M 10 1 32 10
7 49 30 40 1 25 0 T T 2 12.6 23 10 M M 7 31 340
8 66 24 45 5 20 0 0.00 0.0 0 3.5 17 300 M M 1 26 300
9 59 27 43 3 22 0 0.00 0.0 0 6.2 16 20 M M 1 23 360
10 49 27 38 -2 27 0 0.31 0.0 0 6.7 21 190 M M 7 1 27 180
11 46 41 44 3 21 0 0.24 0.0 0 9.4 18 140 M M 10 1 27 130
12 59 45 52 11 13 0 0.98 0.0 0 16.4 31 170 M M 10 1 46 160
13 60 45 53 11 12 0 0.02 0.0 0 11.5 21 200 M M 8 1 30 190
14 59 41 50 8 15 0 T 0.0 0 7.8 18 240 M M 8 26 230
15 62 36 49 6 16 0 T 0.0 0 6.0 16 320 M M 6 22 320
16 58 33 46 3 19 0 0.00 0.0 0 10.4 24 320 M M 6 35 310
17 57 36 47 3 18 0 0.00 0.0 0 8.5 17 10 M M 5 25 350
18 60 29 45 1 20 0 0.00 0.0 0 5.5 16 190 M M 4 25 160
19 59 31 45 1 20 0 T 0.0 0 9.8 21 180 M M 5 29 200
20 52 42 47 2 18 0 0.30 M M 6.1 15 310 M M 9 1 22 310
21 54 33 44 -1 21 0 T 0.0 0 7.2 21 180 M M 6 27 180
22 50 27 39 -7 26 0 0.00 0.0 0 9.7 29 320 M M 1 38 320
================================================================================
SM 1170 724 478 0 2.66 9.0 209.0 M 141
================================================================================
AV 53.2 32.9 9.5 FASTST M M 6 MAX(MPH)
MISC ----> 31 170 46 160
================================================================================
NOTES:
# LAST OF SEVERAL OCCURRENCES
COLUMN 17 PEAK WIND IN M.P.H.
PRELIMINARY LOCAL CLIMATOLOGICAL DATA (WS FORM: F-6) , PAGE 2
STATION: BANGOR ME
MONTH: APRIL
YEAR: 2024
LATITUDE: 44 47 N
LONGITUDE: 68 49 W
[TEMPERATURE DATA] [PRECIPITATION DATA] SYMBOLS USED IN COLUMN 16
AVERAGE MONTHLY: 43.0 TOTAL FOR MONTH: 2.66 1 = FOG OR MIST
DPTR FM NORMAL: 1.9 DPTR FM NORMAL: 0.03 2 = FOG REDUCING VISIBILITY
HIGHEST: 66 ON 8 GRTST 24HR 1.01 ON 11-12 TO 1/4 MILE OR LESS
LOWEST: 23 ON 1 3 = THUNDER
SNOW, ICE PELLETS, HAIL 4 = ICE PELLETS
TOTAL MONTH: 9.0 INCHES 5 = HAIL
GRTST 24HR 9.0 ON 4- 4 6 = FREEZING RAIN OR DRIZZLE
GRTST DEPTH: 8 ON 5 7 = DUSTSTORM OR SANDSTORM:
VSBY 1/2 MILE OR LESS
8 = SMOKE OR HAZE
[NO. OF DAYS WITH] [WEATHER - DAYS WITH] 9 = BLOWING SNOW
X = TORNADO
MAX 32 OR BELOW: 0 0.01 INCH OR MORE: 8
MAX 90 OR ABOVE: 0 0.10 INCH OR MORE: 7
MIN 32 OR BELOW: 11 0.50 INCH OR MORE: 2
MIN 0 OR BELOW: 0 1.00 INCH OR MORE: 0
[HDD (BASE 65) ]
TOTAL THIS MO. 478 CLEAR (SCALE 0-3) 3
DPTR FM NORMAL -49 PTCLDY (SCALE 4-7) 12
TOTAL FM JUL 1 6145 CLOUDY (SCALE 8-10) 7
DPTR FM NORMAL -911
[CDD (BASE 65) ]
TOTAL THIS MO. 0
DPTR FM NORMAL 0 [PRESSURE DATA]
TOTAL FM JAN 1 0 HIGHEST SLP M ON M
DPTR FM NORMAL 0 LOWEST SLP 29.32 ON 13
[REMARKS]