000
CXUS55 KBYZ 011000
CF6BHK
PRELIMINARY LOCAL CLIMATOLOGICAL DATA (WS FORM: F-6)
STATION: BAKER MT
MONTH: OCTOBER
YEAR: 2023
LATITUDE: 46 20 N
LONGITUDE: 104 15 W
TEMPERATURE IN F: :PCPN: SNOW: WIND :SUNSHINE: SKY :PK WND
================================================================================
1 2 3 4 5 6A 6B 7 8 9 10 11 12 13 14 15 16 17 18
12Z AVG MX 2MIN
DY MAX MIN AVG DEP HDD CDD WTR SNW DPTH SPD SPD DIR MIN PSBL S-S WX SPD DR
================================================================================
1 58 49 54 3 11 0 0.00 M M 9.7 17 280 M M 8 12 22 290
2 60 50 55 4 10 0 0.02 M M 8.8 18 110 M M 10 1 24 100
3 58 47 53 3 12 0 0.53 M M 11.3 25 340 M M 9 13 32 350
4 61 42 52 2 13 0 T M M 13.9 25 320 M M 4 40 300
5 56 36 46 -3 19 0 T M M 20.5 36 340 M M 4 51 340
6 48 26 37 -12 28 0 0.00 M M 9.5 22 330 M M 0 32 310
7 69 26 48 0 17 0 0.00 M M 6.3 17 270 M M 0 23 280
8 70 35 53 5 12 0 0.00 M M 6.5 17 140 M M 0 24 140
9 72 38 55 8 10 0 0.00 M M 11.1 20 130 M M 0 25 140
10 70 37 54 7 11 0 0.00 M M 17.9 30 140 M M 0 38 140
11 57 38 48 2 17 0 T M M 17.0 28 120 M M 3 35 110
12 47 41 44 -2 21 0 T M M 15.5 28 80 M M 10 1 36 80
13 46 37 42 -3 23 0 T M M 6.5 16 50 M M 10 20 40
14 53 28 41 -4 24 0 0.00 M M 8.0 18 130 M M 3 23 120
15 61 29 45 1 20 0 0.00 M M 7.8 14 150 M M 3 12 20 150
16 73 34 54 10 11 0 0.00 M M 4.2 14 260 M M 0 19 240
17 73 40 57 14 8 0 0.08 M M 11.8 35 320 M M 3 18 53 330
18 58 47 53 10 12 0 T M M 14.0 28 310 M M 5 41 310
19 74 42 58 16 7 0 0.00 M M 10.2 26 320 M M 0 34 320
20 74 39 57 15 8 0 0.00 M M 7.8 20 300 M M 0 28 290
21 61 36 49 8 16 0 0.00 M M 6.9 17 150 M M 1 23 150
22 66 32 49 8 16 0 0.00 M M 5.1 13 300 M M 0 17 300
23 45 35 40 0 25 0 0.42 M M 6.9 15 10 M M 8 1 19 360
24 47 34 41 1 24 0 T M M 8.5 15 140 M M 10 1 19 130
25 34 19 27 -13 38 0 0.11 M M 15.3 24 80 M M 10 16 31 80
26 20 8 14 -25 51 0 0.28 M M 13.0 21 330 M M 10 1 25 340
27 14 2 8 -31 57 0 0.03 M M 11.4 17 260 M M 8 1 23 270
28 18 6 12 -26 53 0 T M M 12.7 18 240 M M 3 1 23 240
29 24 15 20 -18 45 0 T M M 14.1 24 320 M M 8 1 30 330
30 29 -6 12 -25 53 0 0.00 M M 13.8 33 320 M M 2 43 340
31 34 -10 12 -25 53 0 0.00 M M 7.8 15 240 M M 3 1 18 250
================================================================================
SM 1630 932 725 0 1.47 M 333.8 M 135
================================================================================
AV 52.6 30.1 10.8 FASTST M M 4 MAX(MPH)
MISC ----> 36 340 53 330
================================================================================
NOTES:
# LAST OF SEVERAL OCCURRENCES
COLUMN 17 PEAK WIND IN M.P.H.
PRELIMINARY LOCAL CLIMATOLOGICAL DATA (WS FORM: F-6) , PAGE 2
STATION: BAKER MT
MONTH: OCTOBER
YEAR: 2023
LATITUDE: 46 20 N
LONGITUDE: 104 15 W
[TEMPERATURE DATA] [PRECIPITATION DATA] SYMBOLS USED IN COLUMN 16
AVERAGE MONTHLY: 41.3 TOTAL FOR MONTH: 1.47 1 = FOG OR MIST
DPTR FM NORMAL: -2.5 DPTR FM NORMAL: 0.37 2 = FOG REDUCING VISIBILITY
HIGHEST: 74 ON 20,19 GRTST 24HR 0.55 ON 2- 3 TO 1/4 MILE OR LESS
LOWEST: -10 ON 31 3 = THUNDER
SNOW, ICE PELLETS, HAIL 4 = ICE PELLETS
TOTAL MONTH: M 5 = HAIL
GRTST 24HR M ON M 6 = FREEZING RAIN OR DRIZZLE
GRTST DEPTH: M ON M 7 = DUSTSTORM OR SANDSTORM:
VSBY 1/2 MILE OR LESS
8 = SMOKE OR HAZE
[NO. OF DAYS WITH] [WEATHER - DAYS WITH] 9 = BLOWING SNOW
X = TORNADO
MAX 32 OR BELOW: 5 0.01 INCH OR MORE: 7
MAX 90 OR ABOVE: 0 0.10 INCH OR MORE: 4
MIN 32 OR BELOW: 12 0.50 INCH OR MORE: 1
MIN 0 OR BELOW: 2 1.00 INCH OR MORE: 0
[HDD (BASE 65) ]
TOTAL THIS MO. 725 CLEAR (SCALE 0-3) 15
DPTR FM NORMAL 68 PTCLDY (SCALE 4-7) 6
TOTAL FM JUL 1 876 CLOUDY (SCALE 8-10) 10
DPTR FM NORMAL -69
[CDD (BASE 65) ]
TOTAL THIS MO. 0
DPTR FM NORMAL -2 [PRESSURE DATA]
TOTAL FM JAN 1 484 HIGHEST SLP 30.60 ON 31
DPTR FM NORMAL 16 LOWEST SLP 29.51 ON 11
[REMARKS]
#FINAL-10-23#