000
CXUS54 KBMX 031526
CLMBHM
CLIMATE REPORT
NATIONAL WEATHER SERVICE BIRMINGHAM AL
1026 AM CDT MON JUL 03 2023
...................................
...THE BIRMINGHAM CLIMATE SUMMARY FOR THE MONTH OF JUNE 2023...
CLIMATE NORMAL PERIOD 1991 TO 2020
CLIMATE RECORD PERIOD 1895 TO 2023
WEATHER OBSERVED NORMAL DEPART LAST YEAR`S
VALUE DATE(S) VALUE FROM VALUE DATE(S)
NORMAL
................................................................
TEMPERATURE (F)
RECORD
HIGH 106 06/29/1931
LOW 42 06/01/1966
HIGHEST 98 06/30 MM MM 98 06/22
06/23
LOWEST 63 06/09 MM MM 60 06/04
AVG. MAXIMUM 89.0 88.1 0.9 91.8
AVG. MINIMUM 67.8 68.5 -0.7 70.6
MEAN 78.4 81.2
DAYS MAX >= 90 14 12.9 1.1 20
DAYS MAX <= 32 0 0.0 0.0 0
DAYS MIN <= 32 0 0.0 0.0 0
DAYS MIN <= 0 0 0.0 0.0 0
PRECIPITATION (INCHES)
RECORD
MAXIMUM 12.09 1900
MINIMUM 0.47 1931
TOTALS 1.48 4.78 -3.30 9.38
DAILY AVG. 0.05 0.16 -0.11 0.31
DAYS >= .01 10 11.2 -1.2 6
DAYS >= .10 6 8.2 -2.2 5
DAYS >= .50 1 3.6 -2.6 2
DAYS >= 1.00 0 1.2 -1.2 2
DEGREE DAYS
HEATING TOTAL 0 0 0 0
SINCE 7/1 2020 2533 -513 MM
COOLING TOTAL 407 399 8 491
SINCE 1/1 756 725 31 MM
................................................................
WIND (MPH)
AVERAGE WIND SPEED 5.2
HIGHEST WIND SPEED/DIRECTION 33/300 DATE 06/25
HIGHEST GUST SPEED/DIRECTION 56/320 DATE 06/25
AVERAGE RH (PERCENT) 65
WEATHER CONDITIONS. NUMBER OF DAYS WITH
THUNDERSTORM 9 MIXED PRECIP 0
HEAVY RAIN 1 RAIN 4
LIGHT RAIN 11 FREEZING RAIN 0
LT FREEZING RAIN 0 HAIL 0
HEAVY SNOW 0 SNOW 0
LIGHT SNOW 0 SLEET 0
FOG 6 FOG W/VIS <= 1/4 MILE 0
HAZE 5
- INDICATES NEGATIVE NUMBERS.
R INDICATES RECORD WAS SET OR TIED.
MM INDICATES DATA IS MISSING.
T INDICATES TRACE AMOUNT.
$$