000
CXUS53 KBIS 011802
CLMBIS
CLIMATE REPORT
NATIONAL WEATHER SERVICE BISMARCK, ND
102 PM CDT TUE AUG 01 2023
...................................
...THE BISMARCK ND CLIMATE SUMMARY FOR THE MONTH OF JULY 2023...
CLIMATE NORMAL PERIOD: 1991 TO 2020
CLIMATE RECORD PERIOD: 1875 TO 2023
WEATHER OBSERVED NORMAL DEPART LAST YEAR`S
VALUE DATE(S) VALUE FROM VALUE DATE(S)
NORMAL
................................................................
TEMPERATURE (F)
RECORD
HIGH 114 07/06/1936
LOW 32 07/06/1884
HIGHEST 101 07/26 101 07/17
LOWEST 44 07/17 49 07/29
AVG. MAXIMUM 83.6 84.7 -1.1 86.6
AVG. MINIMUM 56.5 57.9 -1.4 61.1
MEAN 70.1 71.3 -1.2 73.9
DAYS MAX >= 90 10 8.0 2.0 9
DAYS MAX <= 32 0 0.0 0.0 0
DAYS MIN <= 32 0 0.0 0.0 0
DAYS MIN <= 0 0 0.0 0.0 0
PRECIPITATION (INCHES)
RECORD
MAXIMUM 13.75 1993
MINIMUM 0.10 1936
TOTALS 1.39 3.07 -1.68 3.77
DAILY AVG. 0.04 0.10 -0.06 0.12
DAYS >= .01 7 9.7 -2.7 7
DAYS >= .10 4 6.1 -2.1 5
DAYS >= .50 1 1.9 -0.9 3
DAYS >= 1.00 0 0.6 -0.6 2
GREATEST
24 HR. TOTAL 0.74 07/03 TO 07/04 1.56
SNOWFALL (INCHES)
RECORDS
TOTAL T 2019
TOTALS 0.0 0.0 0.0 0.0
SINCE 7/1 0.0 0.0 0.0 MM
SNOWDEPTH AVG. 0 0
DAYS >= 1.0 0 0.0 0.0 0
GREATEST
SNOW DEPTH 0 0 MM
24 HR TOTAL MM MM
DEGREE DAYS
HEATING TOTAL 23 16 7
SINCE 7/1 23 11 12
COOLING TOTAL 187 211 -24
SINCE 1/1 432 316 116
................................................................
WIND (MPH)
HIGHEST WIND SPEED/DIRECTION 36/280 DATE 07/28
HIGHEST GUST SPEED/DIRECTION 48/280 DATE 07/28
SKY COVER
POSSIBLE SUNSHINE (PERCENT) MM
NUMBER OF DAYS FAIR 25
NUMBER OF DAYS PC 6
NUMBER OF DAYS CLOUDY 0
WEATHER CONDITIONS. NUMBER OF DAYS WITH
THUNDERSTORM 10 MIXED PRECIP 0
HEAVY RAIN 1 RAIN 4
LIGHT RAIN 9 FREEZING RAIN 0
LT FREEZING RAIN 0 HAIL 0
HEAVY SNOW 0 SNOW 0
LIGHT SNOW 0 SLEET 0
FOG 11 FOG W/VIS <= 1/4 MILE 0
HAZE 6
- INDICATES NEGATIVE NUMBERS.
R INDICATES RECORD WAS SET OR TIED.
MM INDICATES DATA IS MISSING.
T INDICATES TRACE AMOUNT.
$$