000
CXUS56 KBOI 011002
CF6BKE
PRELIMINARY LOCAL CLIMATOLOGICAL DATA (WS FORM: F-6)
STATION: BAKER OR
MONTH: JANUARY
YEAR: 2022
LATITUDE: 44 50 N
LONGITUDE: 117 49 W
TEMPERATURE IN F: :PCPN: SNOW: WIND :SUNSHINE: SKY :PK WND
================================================================================
1 2 3 4 5 6A 6B 7 8 9 10 11 12 13 14 15 16 17 18
12Z AVG MX 2MIN
DY MAX MIN AVG DEP HDD CDD WTR SNW DPTH SPD SPD DIR MIN PSBL S-S WX SPD DR
================================================================================
1 8 -20 -6 -34 71 0 0.00 M M 1.8 7 260 M M 1 18 8 260
2 19 0 10 -18 55 0 0.00 M M 18.0 25 120 M M 0 32 120
3 34 16 25 -3 40 0 0.08 M M 15.3 36 130 M M 7 12 44 140
4 32 19 26 -2 39 0 0.05 M M 6.3 14 170 M M 10 1 18 180
5 36 28 32 4 33 0 0.11 M M 8.5 37 350 M M 10 1 45 350
6 39 28 34 6 31 0 0.02 M M 6.2 18 140 M M 7 1 24 170
7 47 31 39 11 26 0 0.01 M M 11.7 29 300 M M 7 48 300
8 36 10 23 -5 42 0 0.00 M M 2.8 12 310 M M 1 16 310
9 32 8 20 -8 45 0 0.00 M M 10.9 22 120 M M 0 27 120
10 31 11 21 -7 44 0 0.00 M M 7.8 23 110 M M 0 28 110
11 33 11 22 -6 43 0 T M M 4.3 15 130 M M 7 18 120
12 35 17 26 -2 39 0 0.00 M M 4.8 16 130 M M 2 21 110
13 35 19 27 -1 38 0 T M M 5.8 18 110 M M 4 1 26 120
14 34 14 24 -4 41 0 0.00 M M 2.5 7 280 M M 4 12 9 280
15 33 15 24 -5 41 0 0.00 M M 6.6 20 130 M M 7 12 25 130
16 30 27 29 0 36 0 0.00 M M 6.3 10 100 M M 10 14 60
17 33 18 26 -3 39 0 0.00 M M 2.2 9 100 M M 7 1 11 110
18 29 22 26 -3 39 0 0.00 M M 3.0 9 190 M M 10 12 180
19 34 25 30 1 35 0 T M M 2.3 9 80 M M 10 1 15 130
20 32 28 30 1 35 0 0.11 M M 4.9 13 100 M M 10 1 14 100
21 39 18 29 0 36 0 0.00 M M 6.1 14 340 M M 2 21 350
22 37 12 25 -4 40 0 0.00 M M 1.7 8 50 M M 1 128 10 50
23 29 22 26 -4 39 0 0.00 M M 3.1 10 60 M M 10 12 13 80
24 27 14 21 -9 44 0 T M M 3.6 14 230 M M 8 1 16 230
25 25 10 18 -12 47 0 0.00 M M 2.6 8 60 M M 7 1 10 60
26 30 22 26 -4 39 0 0.00 M M 4.0 9 150 M M 10 12 150
27 27 12 20 -10 45 0 0.00 M M 5.8 17 110 M M 8 1 22 120
28 28 6 17 -13 48 0 0.00 M M 6.6 22 120 M M 0 31 120
29 31 4 18 -12 47 0 0.00 M M 1.5 9 200 M M 0 11 210
30 27 4 16 -14 49 0 T M M 2.6 10 120 M M 2 1 13 120
31 37 13 25 -5 40 0 T M M 5.0 16 320 M M 6 12 20 280
================================================================================
SM 979 464 1286 0 0.38 M 174.6 M 168
================================================================================
AV 31.6 15.0 5.6 FASTST M M 5 MAX(MPH)
MISC ----> 37 350 48 300
================================================================================
NOTES:
# LAST OF SEVERAL OCCURRENCES
COLUMN 17 PEAK WIND IN M.P.H.
PRELIMINARY LOCAL CLIMATOLOGICAL DATA (WS FORM: F-6) , PAGE 2
STATION: BAKER OR
MONTH: JANUARY
YEAR: 2022
LATITUDE: 44 50 N
LONGITUDE: 117 49 W
[TEMPERATURE DATA] [PRECIPITATION DATA] SYMBOLS USED IN COLUMN 16
AVERAGE MONTHLY: 23.3 TOTAL FOR MONTH: 0.38 1 = FOG OR MIST
DPTR FM NORMAL: -5.5 DPTR FM NORMAL: -0.32 2 = FOG REDUCING VISIBILITY
HIGHEST: 47 ON 7 GRTST 24HR 0.20 ON 20-20 TO 1/4 MILE OR LESS
LOWEST: -20 ON 1 3 = THUNDER
SNOW, ICE PELLETS, HAIL 4 = ICE PELLETS
TOTAL MONTH: M 5 = HAIL
GRTST 24HR M ON M 6 = FREEZING RAIN OR DRIZZLE
GRTST DEPTH: M ON M 7 = DUSTSTORM OR SANDSTORM:
VSBY 1/2 MILE OR LESS
8 = SMOKE OR HAZE
[NO. OF DAYS WITH] [WEATHER - DAYS WITH] 9 = BLOWING SNOW
X = TORNADO
MAX 32 OR BELOW: 16 0.01 INCH OR MORE: 6
MAX 90 OR ABOVE: 0 0.10 INCH OR MORE: 2
MIN 32 OR BELOW: 31 0.50 INCH OR MORE: 0
MIN 0 OR BELOW: 2 1.00 INCH OR MORE: 0
[HDD (BASE 65) ]
TOTAL THIS MO. 1286 CLEAR (SCALE 0-3) 11
DPTR FM NORMAL 164 PTCLDY (SCALE 4-7) 12
TOTAL FM JUL 1 4247 CLOUDY (SCALE 8-10) 8
DPTR FM NORMAL 300
[CDD (BASE 65) ]
TOTAL THIS MO. 0
DPTR FM NORMAL 0 [PRESSURE DATA]
TOTAL FM JAN 1 0 HIGHEST SLP 30.82 ON 28
DPTR FM NORMAL 0 LOWEST SLP 29.46 ON 7
[REMARKS]
#FINAL-01-22#