000
CXUS51 KRNK 011832
CLSBLF
CLIMATE REPORT
NATIONAL WEATHER SERVICE BLACKSBURG, VA
232 PM EDT WED JUN 01 2022
...................................
...THE BLUEFIELD WV CLIMATE SUMMARY FOR THE SEASON, FROM
3/1/2022 TO 5/31/2022...
CLIMATE NORMAL PERIOD: 1991 TO 2020
CLIMATE RECORD PERIOD: 1909 TO 2022
WEATHER OBSERVED NORMAL DEPART LAST YEAR`S
VALUE DATE(S) VALUE FROM VALUE
NORMAL
..............................................................
TEMPERATURE (F)
RECORD
HIGH 92 05/22/1941
LOW -2 03/03/1980
HIGHEST 86 05/20 82
LOWEST 9 03/13 19
AVG. MAXIMUM 63.6 61.3 2.3 61.5
AVG. MINIMUM 43.3 42.2 1.1 42.1
MEAN 53.5 51.7 1.8 51.8
DAYS MAX >= 90 0 0.0 0.0 0
DAYS MAX <= 32 0 2.0 -2.0 0
DAYS MIN <= 32 19 18.0 1.0 16
DAYS MIN <= 0 0 0.0 0.0 0
PRECIPITATION (INCHES)
RECORD
MAXIMUM 18.92 2020
MINIMUM 5.39 2019
TOTALS 11.90 12.09 -0.19 8.53
DAYS >= .01 39 44.4 -5.4 34
DAYS >= .10 24 26.4 -2.4 18
DAYS >= .50 7 8.2 -1.2 6
DAYS >= 1.00 2 1.9 0.1 1
GREATEST
24 HR. TOTAL 2.50 1.18
SNOWFALL (INCHES)
TOTALS 6.1 7.4 -1.3 T
DAYS >= TRACE 6 5.2 0.8 4
DAYS >= 1.0 1 2.3 -1.3 0
GREATEST
24 HR TOTAL 0.0 MM
DEGREE DAYS
HEATING TOTAL 1093 1270 -177 1234
COOLING TOTAL 57 47 10 42
..............................................................
WIND (MPH)
AVERAGE WIND SPEED 7.5
RESULTANT WIND SPEED/DIRECTION 4/250
HIGHEST WIND SPEED/DIRECTION 31/250 DATE 03/07
HIGHEST GUST SPEED/DIRECTION 57/120 DATE 03/18
SKY COVER
AVERAGE SKY COVER 0.45
AVERAGE RH (PERCENT) 62
WEATHER CONDITIONS. NUMBER OF DAYS WITH
THUNDERSTORM 9 MIXED PRECIP 1
HEAVY RAIN 12 RAIN 19
LIGHT RAIN 47 FREEZING RAIN 0
LT FREEZING RAIN 0 HAIL 0
HEAVY SNOW 3 SNOW 5
LIGHT SNOW 10 SLEET 2
FOG 39 FOG W/VIS <= 1/4 MILE 7
HAZE 0
- INDICATES NEGATIVE NUMBERS.
R INDICATES RECORD WAS SET OR TIED.
MM INDICATES DATA IS MISSING.
T INDICATES TRACE AMOUNT.
$$
RCS