000
CXUS55 KPSR 011005
CF6BLH
PRELIMINARY LOCAL CLIMATOLOGICAL DATA (WS FORM: F-6)
STATION: BLYTHE CA
MONTH: JULY
YEAR: 2020
LATITUDE: 33 37 N
LONGITUDE: 114 43 W
TEMPERATURE IN F: :PCPN: SNOW: WIND :SUNSHINE: SKY :PK WND
================================================================================
1 2 3 4 5 6A 6B 7 8 9 10 11 12 13 14 15 16 17 18
12Z AVG MX 2MIN
DY MAX MIN AVG DEP HDD CDD WTR SNW DPTH SPD SPD DIR MIN PSBL S-S WX SPD DR
================================================================================
1 103 75 89 -4 0 24 0.00 M M 9.6 22 180 M M 0 28 190
2 106 75 91 -2 0 26 0.00 M M 9.9 22 170 M M 0 27 150
3 107 77 92 -1 0 27 0.00 M M 9.0 18 160 M M 1 22 160
4 111 79 95 2 0 30 0.00 M M 6.3 15 240 M M 2 21 290
5 113 81 97 4 0 32 0.00 M M 8.6 22 170 M M 2 28 160
6 113 78 96 2 0 31 0.00 M M 10.1 26 250 M M 2 39 190
7 116 75 96 2 0 31 0.00 M M 11.0 24 260 M M 2 29 180
8 112 81 97 3 0 32 0.00 M M 10.1 25 230 M M 2 30 230
9 111 74 93 -1 0 28 0.00 M M 9.7 20 170 M M 2 24 160
10 111 85 98 4 0 33 0.00 M M 8.5 21 200 M M 2 25 180
11 113 86 100 6 0 35 0.00 M M 9.7 25 180 M M 2 28 190
12 119 89 104 10 0 39 0.00 M M 8.3 20 230 M M 3 25 230
13 117 89 103 9 0 38 0.00 M M 14.2 23 240 M M 3 39 210
14 113 86 100 6 0 35 0.00 M M 14.0 22 170 M M 3 29 190
15 110 79 95 0 0 30 0.00 M M 9.3 21 170 M M 2 25 270
16 111 76 94 -1 0 29 0.00 M M 8.7 20 200 M M 2 24 200
17 110 78 94 -1 0 29 0.00 M M 9.3 18 170 M M 3 25 200
18 112 80 96 1 0 31 0.00 M M 9.2 17 240 M M 3 21 180
19 115 81 98 3 0 33 0.00 M M 6.8 20 230 M M 3 24 180
20 112 81 97 2 0 32 0.00 M M 7.8 18 200 M M 3 24 200
21 110 80 95 0 0 30 0.00 M M 11.5 21 190 M M 2 27 180
22 109 85 97 2 0 32 0.00 M M 11.4 21 200 M M 2 27 210
23 106 82 94 -1 0 29 0.00 M M 12.8 22 190 M M 2 27 190
24 106 76 91 -4 0 26 0.00 M M 8.0 20 190 M M 1 29 210
25 107 73 90 -5 0 25 0.00 M M 5.9 17 90 M M 2 21 90
26 111 79 95 0 0 30 0.00 M M 7.3 20 200 M M 3 28 200
27 113 81 97 2 0 32 0.00 M M 7.9 20 200 M M 4 25 210
28 115 79 97 2 0 32 0.00 M M 6.4 17 250 M M 3 23 260
29 115 82 99 4 0 34 0.00 M M 9.2 18 150 M M 3 24 140
30 118 86 102 7 0 37 0.00 M M 6.8 12 170 M M 2 M M
31 121 92 107 13 0 42 0.00 M M 9.4 18 160 M M 5 23 160
================================================================================
SM 3466 2500 0 974 0.00 M 286.7 M 71
================================================================================
AV111.8 80.6 9.2 FASTST M M 2 MAX(MPH)
MISC ----> 26 250 39 210
================================================================================
NOTES:
# LAST OF SEVERAL OCCURRENCES
COLUMN 17 PEAK WIND IN M.P.H.
PRELIMINARY LOCAL CLIMATOLOGICAL DATA (WS FORM: F-6) , PAGE 2
STATION: BLYTHE CA
MONTH: JULY
YEAR: 2020
LATITUDE: 33 37 N
LONGITUDE: 114 43 W
[TEMPERATURE DATA] [PRECIPITATION DATA] SYMBOLS USED IN COLUMN 16
AVERAGE MONTHLY: 96.2 TOTAL FOR MONTH: 0.00 1 = FOG OR MIST
DPTR FM NORMAL: 2.0 DPTR FM NORMAL: -0.27 2 = FOG REDUCING VISIBILITY
HIGHEST: 121 ON 31 GRTST 24HR 0.00 ON 1- 1 TO 1/4 MILE OR LESS
LOWEST: 73 ON 25 3 = THUNDER
SNOW, ICE PELLETS, HAIL 4 = ICE PELLETS
TOTAL MONTH: M 5 = HAIL
GRTST 24HR M ON M 6 = FREEZING RAIN OR DRIZZLE
GRTST DEPTH: M ON M 7 = DUSTSTORM OR SANDSTORM:
VSBY 1/2 MILE OR LESS
8 = SMOKE OR HAZE
[NO. OF DAYS WITH] [WEATHER - DAYS WITH] 9 = BLOWING SNOW
X = TORNADO
MAX 32 OR BELOW: 0 0.01 INCH OR MORE: 0
MAX 90 OR ABOVE: 31 0.10 INCH OR MORE: 0
MIN 32 OR BELOW: 0 0.50 INCH OR MORE: 0
MIN 0 OR BELOW: 0 1.00 INCH OR MORE: 0
[HDD (BASE 65) ]
TOTAL THIS MO. 0 CLEAR (SCALE 0-3) 26
DPTR FM NORMAL 0 PTCLDY (SCALE 4-7) 5
TOTAL FM JUL 1 0 CLOUDY (SCALE 8-10) 0
DPTR FM NORMAL 0
[CDD (BASE 65) ]
TOTAL THIS MO. 974
DPTR FM NORMAL 67 [PRESSURE DATA]
TOTAL FM JAN 1 2569 HIGHEST SLP M ON M
DPTR FM NORMAL 191 LOWEST SLP 29.33 ON 31
[REMARKS]
#FINAL-07-20#