000
CXUS53 KIND 010700
CF6BMG
PRELIMINARY LOCAL CLIMATOLOGICAL DATA (WS FORM: F-6)
STATION: BLOOMINGTON IN
MONTH: DECEMBER
YEAR: 2022
LATITUDE: 39 7 N
LONGITUDE: 86 37 W
TEMPERATURE IN F: :PCPN: SNOW: WIND :SUNSHINE: SKY :PK WND
================================================================================
1 2 3 4 5 6A 6B 7 8 9 10 11 12 13 14 15 16 17 18
12Z AVG MX 2MIN
DY MAX MIN AVG DEP HDD CDD WTR SNW DPTH SPD SPD DIR MIN PSBL S-S WX SPD DR
================================================================================
1 39 18 29 -9 36 0 0.00 M M 4.6 12 270 M M 1 17 280
2 57 31 44 6 21 0 0.03 M M 14.6 28 200 M M 9 1 44 190
3 55 25 40 2 25 0 0.02 M M 9.5 26 290 M M 4 1 44 290
4 42 18 30 -7 35 0 0.00 M M 3.7 12 190 M M 0 15 190
5 46 23 35 -2 30 0 0.00 M M 5.9 13 150 M M 7 1 18 160
6 50 41 46 9 19 0 0.24 M M 2.4 8 70 M M 10 123 10 70
7 48 38 43 7 22 0 0.00 M M 2.9 9 360 M M 9 128 13 360
8 45 39 42 6 23 0 0.06 M M 6.9 12 80 M M 9 1 16 50
9 48 41 45 9 20 0 0.09 M M 4.9 14 120 M M 10 12 20 100
10 46 41 44 8 21 0 0.01 M M 3.9 12 190 M M 10 128 16 180
11 45 40 43 8 22 0 0.00 M M 3.7 9 40 M M 10 1 13 50
12 47 35 41 6 24 0 0.00 M M 6.6 14 90 M M 5 20 100
13 48 32 40 5 25 0 0.00 M M 11.3 18 120 M M 2 26 130
14 54 43 49 14 16 0 1.15 M M 10.8 16 140 M M 10 1 23 120
15 54 34 44 10 21 0 0.10 M M 9.6 22 230 M M 8 1 36 230
16 36 29 33 -1 32 0 0.00 M M 8.7 23 230 M M 9 34 240
17 33 25 29 -5 36 0 T M M 8.7 18 250 M M 10 28 260
18 32 18 25 -9 40 0 T M M 6.7 16 280 M M 3 23 280
19 33 17 25 -9 40 0 0.00 M M 2.4 8 90 M M 3 12 100
20 47 24 36 3 29 0 0.00 M M 2.6 8 330 M M 4 13 340
21 44 22 33 0 32 0 0.00 M M 5.3 12 100 M M 0 18 16 110
22 42 -1 21 -12 44 0 0.08 M M 8.4 23 290 M M 10 12 39 270
23 1 -9 -4 -37 69 0 T M M 15.6 25 280 M M 10 89 42 290
24 16 1 9 -23 56 0 T M M 13.0 21 250 M M 7 89 32 260
25 17 6 12 -20 53 0 0.00 M M 9.8 17 230 M M 0 26 260
26 26 16 21 -11 44 0 0.01 M M 5.7 13 150 M M 9 1 18 160
27 30 25 28 -4 37 0 0.00 M M 5.6 17 180 M M 9 1 25 170
28 50 24 37 5 28 0 0.00 M M 11.3 24 190 M M 0 1 35 180
29 59 50 55 23 10 0 T M M 15.3 22 200 M M 8 18 36 200
30 61 50 56 24 9 0 0.65 M M 8.5 24 190 M M 10 1 36 190
31 51 35 43 12 22 0 0.10 M M 3.8 12 200 M M 8 1 16 200
================================================================================
SM 1302 831 941 0 2.54 M 232.7 M 204
================================================================================
AV 42.0 26.8 7.5 FASTST M M 7 MAX(MPH)
MISC ----> 28 200 # 44 190
================================================================================
NOTES:
# LAST OF SEVERAL OCCURRENCES
COLUMN 17 PEAK WIND IN M.P.H.
PRELIMINARY LOCAL CLIMATOLOGICAL DATA (WS FORM: F-6) , PAGE 2
STATION: BLOOMINGTON IN
MONTH: DECEMBER
YEAR: 2022
LATITUDE: 39 7 N
LONGITUDE: 86 37 W
[TEMPERATURE DATA] [PRECIPITATION DATA] SYMBOLS USED IN COLUMN 16
AVERAGE MONTHLY: 34.4 TOTAL FOR MONTH: 2.54 1 = FOG OR MIST
DPTR FM NORMAL: 0.0 DPTR FM NORMAL: -0.75 2 = FOG REDUCING VISIBILITY
HIGHEST: 61 ON 30 GRTST 24HR 1.23 ON 14-15 TO 1/4 MILE OR LESS
LOWEST: -9 ON 23 3 = THUNDER
SNOW, ICE PELLETS, HAIL 4 = ICE PELLETS
TOTAL MONTH: M 5 = HAIL
GRTST 24HR M ON M 6 = FREEZING RAIN OR DRIZZLE
GRTST DEPTH: M ON M 7 = DUSTSTORM OR SANDSTORM:
VSBY 1/2 MILE OR LESS
8 = SMOKE OR HAZE
[NO. OF DAYS WITH] [WEATHER - DAYS WITH] 9 = BLOWING SNOW
X = TORNADO
MAX 32 OR BELOW: 6 0.01 INCH OR MORE: 12
MAX 90 OR ABOVE: 0 0.10 INCH OR MORE: 5
MIN 32 OR BELOW: 19 0.50 INCH OR MORE: 2
MIN 0 OR BELOW: 2 1.00 INCH OR MORE: 1
[HDD (BASE 65) ]
TOTAL THIS MO. 941 CLEAR (SCALE 0-3) 7
DPTR FM NORMAL -8 PTCLDY (SCALE 4-7) 7
TOTAL FM JUL 1 1894 CLOUDY (SCALE 8-10) 17
DPTR FM NORMAL -90
[CDD (BASE 65) ]
TOTAL THIS MO. 0
DPTR FM NORMAL 0 [PRESSURE DATA]
TOTAL FM JAN 1 1312 HIGHEST SLP M ON M
DPTR FM NORMAL 288 LOWEST SLP 29.45 ON 14
[REMARKS]
#FINAL-12-22#