000
CXUS53 KIND 010600
CF6BMG
PRELIMINARY LOCAL CLIMATOLOGICAL DATA (WS FORM: F-6)
STATION: BLOOMINGTON IN
MONTH: AUGUST
YEAR: 2022
LATITUDE: 39 7 N
LONGITUDE: 86 37 W
TEMPERATURE IN F: :PCPN: SNOW: WIND :SUNSHINE: SKY :PK WND
================================================================================
1 2 3 4 5 6A 6B 7 8 9 10 11 12 13 14 15 16 17 18
12Z AVG MX 2MIN
DY MAX MIN AVG DEP HDD CDD WTR SNW DPTH SPD SPD DIR MIN PSBL S-S WX SPD DR
================================================================================
1 88 68 78 4 0 13 0.23 M M 9.2 20 220 M M 6 13 29 300
2 81 68 75 1 0 10 0.00 M M 5.1 14 310 M M 1 23 320
3 93 67 80 6 0 15 T M M 6.8 21 210 M M 1 3 30 220
4 81 72 77 3 0 12 0.12 M M 4.8 20 210 M M 6 13 27 200
5 84 70 77 3 0 12 T M M 4.6 10 150 M M 5 1 15 180
6 92 72 82 8 0 17 T M M 5.2 13 230 M M 5 18 21 220
7 92 72 82 8 0 17 T M M 7.0 15 220 M M 1 21 230
8 93 73 83 9 0 18 0.21 M M 7.4 22 240 M M 2 3 34 250
9 87 72 80 6 0 15 0.15 M M 2.6 14 350 M M 7 13 20 340
10 84 65 75 1 0 10 0.00 M M 3.5 10 360 M M 6 1 16 30
11 86 59 73 -1 0 8 0.01 M M 3.5 9 340 M M 1 1 13 30
12 81 59 70 -4 0 5 0.00 M M 6.5 9 10 M M 0 9 10
13 82 69 76 2 0 11 0.00 M M 4.2 10 210 M M 1 16 140
14 80 67 74 0 0 9 0.03 M M 5.9 14 240 M M 8 1 21 210
15 82 69 76 2 0 11 T M M 7.2 15 10 M M 6 18 20 30
16 85 59 72 -2 0 7 0.00 M M 5.5 15 40 M M 1 1 22 60
17 85 58 72 -2 0 7 0.00 M M 5.7 15 20 M M 1 1 22 30
18 85 56 71 -2 0 6 0.00 M M 2.0 10 50 M M 3 1 16 20
19 87 57 72 -1 0 7 0.00 M M 2.6 14 210 M M 1 1 18 220
20 85 64 75 2 0 10 0.00 M M 5.3 14 230 M M 1 1 24 210
21 82 67 75 2 0 10 0.64 M M 4.0 13 290 M M 5 1 21 300
22 83 64 74 1 0 9 0.00 M M 5.3 13 10 M M 3 1 18 360
23 84 59 72 -1 0 7 0.00 M M 1.7 9 30 M M 1 12 13 50
24 86 57 72 -1 0 7 0.00 M M 1.0 8 10 M M 3 1 14 10
25 85 58 72 0 0 7 0.00 M M 3.1 13 220 M M 2 1 20 280
26 87 66 77 5 0 12 0.00 M M 3.8 14 20 M M 3 1 17 10
27 88 64 76 4 0 11 0.00 M M 4.4 12 140 M M 3 16 140
28 94 69 82 10 0 17 T M M 5.9 16 190 M M 1 25 260
29 90 72 81 9 0 16 0.03 M M 7.6 18 220 M M 4 27 250
30 85 60 73 2 0 8 0.00 M M 5.0 17 280 M M 3 12 25 290
31 84 55 70 -1 0 5 0.00 M M 2.9 13 350 M M 0 19 350
================================================================================
SM 2661 2007 0 329 1.42 M 149.3 M 91
================================================================================
AV 85.8 64.7 4.8 FASTST M M 3 MAX(MPH)
MISC ----> 22 240 34 250
================================================================================
NOTES:
# LAST OF SEVERAL OCCURRENCES
COLUMN 17 PEAK WIND IN M.P.H.
PRELIMINARY LOCAL CLIMATOLOGICAL DATA (WS FORM: F-6) , PAGE 2
STATION: BLOOMINGTON IN
MONTH: AUGUST
YEAR: 2022
LATITUDE: 39 7 N
LONGITUDE: 86 37 W
[TEMPERATURE DATA] [PRECIPITATION DATA] SYMBOLS USED IN COLUMN 16
AVERAGE MONTHLY: 75.3 TOTAL FOR MONTH: 1.42 1 = FOG OR MIST
DPTR FM NORMAL: 2.0 DPTR FM NORMAL: -1.92 2 = FOG REDUCING VISIBILITY
HIGHEST: 94 ON 28 GRTST 24HR 0.64 ON 21-21 TO 1/4 MILE OR LESS
LOWEST: 55 ON 31 3 = THUNDER
SNOW, ICE PELLETS, HAIL 4 = ICE PELLETS
TOTAL MONTH: M 5 = HAIL
GRTST 24HR M ON M 6 = FREEZING RAIN OR DRIZZLE
GRTST DEPTH: M ON M 7 = DUSTSTORM OR SANDSTORM:
VSBY 1/2 MILE OR LESS
8 = SMOKE OR HAZE
[NO. OF DAYS WITH] [WEATHER - DAYS WITH] 9 = BLOWING SNOW
X = TORNADO
MAX 32 OR BELOW: 0 0.01 INCH OR MORE: 8
MAX 90 OR ABOVE: 6 0.10 INCH OR MORE: 5
MIN 32 OR BELOW: 0 0.50 INCH OR MORE: 1
MIN 0 OR BELOW: 0 1.00 INCH OR MORE: 0
[HDD (BASE 65) ]
TOTAL THIS MO. 0 CLEAR (SCALE 0-3) 19
DPTR FM NORMAL -4 PTCLDY (SCALE 4-7) 11
TOTAL FM JUL 1 0 CLOUDY (SCALE 8-10) 1
DPTR FM NORMAL -2
[CDD (BASE 65) ]
TOTAL THIS MO. 329
DPTR FM NORMAL 67 [PRESSURE DATA]
TOTAL FM JAN 1 1154 HIGHEST SLP M ON M
DPTR FM NORMAL 262 LOWEST SLP 29.85 ON 14
[REMARKS]
#FINAL-08-22#