000
CXUS53 KIND 010600
CF6BMG
PRELIMINARY LOCAL CLIMATOLOGICAL DATA (WS FORM: F-6)
STATION: BLOOMINGTON IN
MONTH: AUGUST
YEAR: 2021
LATITUDE: 39 7 N
LONGITUDE: 86 37 W
TEMPERATURE IN F: :PCPN: SNOW: WIND :SUNSHINE: SKY :PK WND
================================================================================
1 2 3 4 5 6A 6B 7 8 9 10 11 12 13 14 15 16 17 18
12Z AVG MX 2MIN
DY MAX MIN AVG DEP HDD CDD WTR SNW DPTH SPD SPD DIR MIN PSBL S-S WX SPD DR
================================================================================
1 81 57 69 -5 0 4 0.02 M M 5.0 20 10 M M 3 18 24 360
2 81 53 67 -7 0 2 0.00 M M 3.0 12 40 M M 1 1 17 20
3 82 55 69 -5 0 4 0.00 M M 3.3 13 30 M M 2 1 18 360
4 83 55 69 -5 0 4 0.00 M M 3.5 13 20 M M 1 17 30
5 M 56 M M M M 0.00 M M 0.7 7 300 M M 2 1 10 60
6 83 56 70 -4 0 5 0.00 M M 3.3 13 210 M M 1 1 17 210
7 86 66 76 2 0 11 0.00 M M 3.9 10 230 M M 1 1 14 270
8 87 65 76 2 0 11 0.00 M M 6.7 15 210 M M 1 1 23 210
9 83 69 76 2 0 11 0.53 M M 7.0 15 190 M M 4 1 22 200
10 89 74 82 8 0 17 0.07 M M 8.2 18 230 M M 3 13 31 240
11 89 73 81 7 0 16 0.00 M M 9.6 17 210 M M 1 25 200
12 91 72 82 8 0 17 0.08 M M 9.2 21 350 M M 1 13 33 350
13 85 68 77 3 0 12 T M M 2.4 9 260 M M 1 1 15 270
14 84 68 76 2 0 11 0.00 M M 8.1 17 20 M M 3 22 20
15 76 66 71 -3 0 6 0.00 M M 6.3 14 60 M M 8 19 50
16 83 68 76 2 0 11 0.00 M M 4.4 10 110 M M 7 1 14 130
17 85 67 76 2 0 11 0.00 M M 3.5 12 150 M M 5 123 16 140
18 86 65 76 3 0 11 0.00 M M 2.1 10 210 M M 3 128 13 210
19 85 68 77 4 0 12 0.18 M M 1.8 9 120 M M 3 12 11 80
20 89 65 77 4 0 12 0.00 M M 3.0 12 160 M M 3 12 16 140
21 90 63 77 4 0 12 0.00 M M 3.2 13 140 M M 1 12 19 150
22 92 65 79 6 0 14 0.00 M M 1.2 7 10 M M 2 12 10 360
23 91 66 79 6 0 14 0.00 M M 2.1 10 290 M M 1 12 15 260
24 93 68 81 8 0 16 0.00 M M 2.6 13 230 M M 2 1 19 240
25 89 69 79 7 0 14 0.02 M M 2.6 18 30 M M 2 138 25 20
26 92 69 81 9 0 16 0.00 M M 3.8 14 70 M M 1 13 21 60
27 93 70 82 10 0 17 T M M 3.6 28 180 M M 1 3 43 170
28 92 70 81 9 0 16 0.00 M M 3.0 12 190 M M 1 1 17 220
29 91 70 81 9 0 16 0.00 M M 5.9 18 220 M M 3 3 27 220
30 80 67 74 3 0 9 M M M 4.0 14 160 M M 5 138 25 160
31 83 66 75 4 0 10 0.46 M M 4.3 13 360 M M 7 18 17 360
================================================================================
SM 2594 2029 0 342 1.36 M 131.3 M 80
================================================================================
AV 86.5 65.5 4.2 FASTST M M 3 MAX(MPH)
MISC ----> 28 180 43 170
================================================================================
NOTES:
# LAST OF SEVERAL OCCURRENCES
COLUMN 17 PEAK WIND IN M.P.H.
PRELIMINARY LOCAL CLIMATOLOGICAL DATA (WS FORM: F-6) , PAGE 2
STATION: BLOOMINGTON IN
MONTH: AUGUST
YEAR: 2021
LATITUDE: 39 7 N
LONGITUDE: 86 37 W
[TEMPERATURE DATA] [PRECIPITATION DATA] SYMBOLS USED IN COLUMN 16
AVERAGE MONTHLY: 76.0 TOTAL FOR MONTH: 1.36 1 = FOG OR MIST
DPTR FM NORMAL: 2.7 DPTR FM NORMAL: -1.98 2 = FOG REDUCING VISIBILITY
HIGHEST: 93 ON 27,24 GRTST 24HR 1.14 ON 30-31 TO 1/4 MILE OR LESS
LOWEST: 53 ON 2 3 = THUNDER
SNOW, ICE PELLETS, HAIL 4 = ICE PELLETS
TOTAL MONTH: M 5 = HAIL
GRTST 24HR M ON M 6 = FREEZING RAIN OR DRIZZLE
GRTST DEPTH: M ON M 7 = DUSTSTORM OR SANDSTORM:
VSBY 1/2 MILE OR LESS
8 = SMOKE OR HAZE
[NO. OF DAYS WITH] [WEATHER - DAYS WITH] 9 = BLOWING SNOW
X = TORNADO
MAX 32 OR BELOW: 0 0.01 INCH OR MORE: 7
MAX 90 OR ABOVE: 9 0.10 INCH OR MORE: 3
MIN 32 OR BELOW: 0 0.50 INCH OR MORE: 1
MIN 0 OR BELOW: 0 1.00 INCH OR MORE: 0
[HDD (BASE 65) ]
TOTAL THIS MO. 0 CLEAR (SCALE 0-3) 24
DPTR FM NORMAL -4 PTCLDY (SCALE 4-7) 7
TOTAL FM JUL 1 0 CLOUDY (SCALE 8-10) 0
DPTR FM NORMAL -2
[CDD (BASE 65) ]
TOTAL THIS MO. 342
DPTR FM NORMAL 80 [PRESSURE DATA]
TOTAL FM JAN 1 1039 HIGHEST SLP M ON M
DPTR FM NORMAL 147 LOWEST SLP 29.68 ON 31
[REMARKS]
#FINAL-08-21#