000
CXUS53 KIND 010600
CF6BMG
PRELIMINARY LOCAL CLIMATOLOGICAL DATA (WS FORM: F-6)
STATION: BLOOMINGTON IN
MONTH: JUNE
YEAR: 2021
LATITUDE: 39 7 N
LONGITUDE: 86 37 W
TEMPERATURE IN F: :PCPN: SNOW: WIND :SUNSHINE: SKY :PK WND
================================================================================
1 2 3 4 5 6A 6B 7 8 9 10 11 12 13 14 15 16 17 18
12Z AVG MX 2MIN
DY MAX MIN AVG DEP HDD CDD WTR SNW DPTH SPD SPD DIR MIN PSBL S-S WX SPD DR
================================================================================
1 76 56 66 -3 0 1 0.01 M M 3.5 9 180 M M 3 14 180
2 69 60 65 -4 0 0 1.56 M M 6.1 13 150 M M 10 1 17 150
3 73 64 69 0 0 4 0.67 M M 2.6 10 20 M M 7 13 15 10
4 85 62 74 4 0 9 0.00 M M 5.1 12 250 M M 0 17 260
5 85 58 72 2 0 7 0.00 M M 3.7 13 200 M M 1 1 17 200
6 84 61 73 3 0 8 0.23 M M 5.4 21 180 M M 6 18 32 190
7 83 69 76 6 0 11 0.04 M M 5.8 16 200 M M 7 1 21 210
8 77 69 73 2 0 8 0.05 M M 5.7 12 200 M M 7 14 210
9 81 70 76 5 0 11 0.45 M M 3.2 10 230 M M 8 1 14 110
10 82 69 76 5 0 11 0.15 M M 1.9 9 250 M M 7 123 11 150
11 89 68 79 8 0 14 0.01 M M 2.9 16 360 M M 5 123 23 350
12 94 67 81 9 0 16 0.00 M M 1.7 14 350 M M 1 20 360
13 90 65 78 6 0 13 0.00 M M 6.5 15 360 M M 1 1 22 360
14 90 58 74 2 0 9 0.00 M M 7.3 18 350 M M 0 27 300
15 83 58 71 -1 0 6 0.00 M M 5.9 18 340 M M 1 25 330
16 84 57 71 -1 0 6 0.00 M M 2.7 8 300 M M 0 14 300
17 87 56 72 -1 0 7 0.00 M M 2.4 12 200 M M 0 16 200
18 94 66 80 7 0 15 3.33 M M M 30 10 M M M 138 40 20
19 83 66 75 2 0 10 1.04 M M 9.4 38 10 M M 3 13 51 20
20 88 73 81 8 0 16 0.00 M M 9.4 16 220 M M 2 22 190
21 80 62 71 -2 0 6 T M M 8.0 18 230 M M 5 32 230
22 74 54 64 -10 1 0 0.00 M M 4.5 15 350 M M 2 22 360
23 80 53 67 -7 0 2 0.00 M M 6.8 15 150 M M 0 22 140
24 82 60 71 -3 0 6 0.19 M M 7.4 17 190 M M 2 13 25 180
25 82 71 77 3 0 12 0.02 M M 10.1 21 180 M M 6 29 180
26 87 74 81 7 0 16 0.00 M M 12.8 23 200 M M 4 35 180
27 88 74 81 7 0 16 0.53 M M 8.5 25 230 M M 5 138 36 230
28 89 72 81 7 0 16 0.14 M M 5.2 29 230 M M 1 3 36 240
29 93 71 82 8 0 17 0.01 M M 3.2 12 110 M M 2 13 14 110
30 84 71 78 4 0 13 0.03 M M 4.0 15 190 M M 4 13 15 190
================================================================================
SM 2516 1934 1 286 8.46 M 161.7 M 100
================================================================================
AV 83.9 64.5 5.6 FASTST M M 3 MAX(MPH)
MISC ----> 38 10 51 20
================================================================================
NOTES:
# LAST OF SEVERAL OCCURRENCES
COLUMN 17 PEAK WIND IN M.P.H.
PRELIMINARY LOCAL CLIMATOLOGICAL DATA (WS FORM: F-6) , PAGE 2
STATION: BLOOMINGTON IN
MONTH: JUNE
YEAR: 2021
LATITUDE: 39 7 N
LONGITUDE: 86 37 W
[TEMPERATURE DATA] [PRECIPITATION DATA] SYMBOLS USED IN COLUMN 16
AVERAGE MONTHLY: 74.2 TOTAL FOR MONTH: 8.46 1 = FOG OR MIST
DPTR FM NORMAL: 2.2 DPTR FM NORMAL: 3.37 2 = FOG REDUCING VISIBILITY
HIGHEST: 94 ON 18,12 GRTST 24HR 3.33 ON 18-18 TO 1/4 MILE OR LESS
LOWEST: 53 ON 23 3 = THUNDER
SNOW, ICE PELLETS, HAIL 4 = ICE PELLETS
TOTAL MONTH: M 5 = HAIL
GRTST 24HR M ON M 6 = FREEZING RAIN OR DRIZZLE
GRTST DEPTH: M ON M 7 = DUSTSTORM OR SANDSTORM:
VSBY 1/2 MILE OR LESS
8 = SMOKE OR HAZE
[NO. OF DAYS WITH] [WEATHER - DAYS WITH] 9 = BLOWING SNOW
X = TORNADO
MAX 32 OR BELOW: 0 0.01 INCH OR MORE: 17
MAX 90 OR ABOVE: 5 0.10 INCH OR MORE: 10
MIN 32 OR BELOW: 0 0.50 INCH OR MORE: 5
MIN 0 OR BELOW: 0 1.00 INCH OR MORE: 3
[HDD (BASE 65) ]
TOTAL THIS MO. 1 CLEAR (SCALE 0-3) 16
DPTR FM NORMAL -11 PTCLDY (SCALE 4-7) 11
TOTAL FM JUL 1 4880 CLOUDY (SCALE 8-10) 3
DPTR FM NORMAL -201
[CDD (BASE 65) ]
TOTAL THIS MO. 286
DPTR FM NORMAL 62 [PRESSURE DATA]
TOTAL FM JAN 1 389 HIGHEST SLP M ON M
DPTR FM NORMAL 60 LOWEST SLP 29.59 ON 21
[REMARKS]
#FINAL-06-21#