000
CXUS53 KIND 010600
CF6BMG
PRELIMINARY LOCAL CLIMATOLOGICAL DATA (WS FORM: F-6)
STATION: BLOOMINGTON IN
MONTH: MARCH
YEAR: 2021
LATITUDE: 39 7 N
LONGITUDE: 86 37 W
TEMPERATURE IN F: :PCPN: SNOW: WIND :SUNSHINE: SKY :PK WND
================================================================================
1 2 3 4 5 6A 6B 7 8 9 10 11 12 13 14 15 16 17 18
12Z AVG MX 2MIN
DY MAX MIN AVG DEP HDD CDD WTR SNW DPTH SPD SPD DIR MIN PSBL S-S WX SPD DR
================================================================================
1 46 29 38 1 27 0 0.00 M M 8.1 17 290 M M 2 25 280
2 47 23 35 -3 30 0 0.00 M M 4.2 13 210 M M 0 17 220
3 62 29 46 8 19 0 0.00 M M 6.4 16 230 M M 0 21 270
4 54 31 43 5 22 0 0.00 M M 8.4 17 360 M M 0 23 350
5 50 26 38 -1 27 0 0.00 M M 5.2 15 360 M M 0 21 360
6 52 23 38 -1 27 0 0.00 M M 3.1 13 20 M M 1 17 350
7 56 24 40 1 25 0 0.00 M M 2.4 13 40 M M 1 19 50
8 66 27 47 7 18 0 0.00 M M 6.8 18 220 M M 0 27 250
9 69 34 52 12 13 0 0.00 M M 6.9 21 200 M M 1 27 210
10 71 50 61 20 4 0 0.00 M M 14.5 32 180 M M 4 45 190
11 67 51 59 18 6 0 1.72 M M 9.9 28 200 M M 10 123 46 180
12 61 41 51 10 14 0 0.00 M M 6.8 15 350 M M 3 20 350
13 55 36 46 4 19 0 0.00 M M 6.6 15 60 M M 4 22 50
14 53 33 43 1 22 0 T M M 4.4 17 90 M M 6 26 110
15 49 34 42 0 23 0 0.28 M M 14.7 28 100 M M 10 1 38 100
16 57 39 48 5 17 0 0.01 M M 4.0 13 80 M M 7 123 16 320
17 64 42 53 10 12 0 0.05 M M 9.3 18 110 M M 7 128 24 110
18 56 38 47 3 18 0 0.97 M M 12.5 24 30 M M 10 1 36 360
19 52 31 42 -2 23 0 0.00 M M 14.2 23 40 M M 1 35 20
20 61 26 44 0 21 0 0.00 M M 3.5 12 100 M M 0 17 110
21 67 29 48 3 17 0 0.00 M M 3.6 15 120 M M 0 22 110
22 67 37 52 7 13 0 0.00 M M 4.3 20 180 M M 6 29 180
23 66 43 55 9 10 0 0.01 M M 9.2 22 120 M M 7 8 35 140
24 73 48 61 15 4 0 0.03 M M 11.7 28 210 M M 5 44 210
25 63 43 53 7 12 0 0.41 M M 8.3 32 230 M M 5 13 51 240
26 55 40 48 1 17 0 0.00 M M 6.9 24 240 M M 8 1 40 240
27 77 40 59 12 6 0 0.33 M M 7.6 17 230 M M 1 13 25 210
28 61 33 47 -1 18 0 0.05 M M 10.6 25 280 M M 8 13 39 280
29 61 27 44 -4 21 0 0.00 M M 5.1 15 150 M M 0 20 150
30 75 41 58 10 7 0 0.21 M M 11.9 25 200 M M 3 1 41 210
31 57 34 46 -3 19 0 0.02 M M 11.3 26 350 M M 3 1 35 350
================================================================================
SM 1870 1082 531 0 4.09 M 242.4 M 113
================================================================================
AV 60.3 34.9 7.8 FASTST M M 4 MAX(MPH)
MISC ----> # 32 180 51 240
================================================================================
NOTES:
# LAST OF SEVERAL OCCURRENCES
COLUMN 17 PEAK WIND IN M.P.H.
PRELIMINARY LOCAL CLIMATOLOGICAL DATA (WS FORM: F-6) , PAGE 2
STATION: BLOOMINGTON IN
MONTH: MARCH
YEAR: 2021
LATITUDE: 39 7 N
LONGITUDE: 86 37 W
[TEMPERATURE DATA] [PRECIPITATION DATA] SYMBOLS USED IN COLUMN 16
AVERAGE MONTHLY: 47.6 TOTAL FOR MONTH: 4.09 1 = FOG OR MIST
DPTR FM NORMAL: 4.7 DPTR FM NORMAL: 0.21 2 = FOG REDUCING VISIBILITY
HIGHEST: 77 ON 27 GRTST 24HR 1.72 ON 11-11 TO 1/4 MILE OR LESS
LOWEST: 23 ON 6, 2 3 = THUNDER
SNOW, ICE PELLETS, HAIL 4 = ICE PELLETS
TOTAL MONTH: M 5 = HAIL
GRTST 24HR M ON M 6 = FREEZING RAIN OR DRIZZLE
GRTST DEPTH: M ON M 7 = DUSTSTORM OR SANDSTORM:
VSBY 1/2 MILE OR LESS
8 = SMOKE OR HAZE
[NO. OF DAYS WITH] [WEATHER - DAYS WITH] 9 = BLOWING SNOW
X = TORNADO
MAX 32 OR BELOW: 0 0.01 INCH OR MORE: 12
MAX 90 OR ABOVE: 0 0.10 INCH OR MORE: 6
MIN 32 OR BELOW: 12 0.50 INCH OR MORE: 2
MIN 0 OR BELOW: 0 1.00 INCH OR MORE: 1
[HDD (BASE 65) ]
TOTAL THIS MO. 531 CLEAR (SCALE 0-3) 16
DPTR FM NORMAL -157 PTCLDY (SCALE 4-7) 11
TOTAL FM JUL 1 4357 CLOUDY (SCALE 8-10) 4
DPTR FM NORMAL -399
[CDD (BASE 65) ]
TOTAL THIS MO. 0
DPTR FM NORMAL -3 [PRESSURE DATA]
TOTAL FM JAN 1 0 HIGHEST SLP M ON M
DPTR FM NORMAL -3 LOWEST SLP 29.46 ON 25
[REMARKS]
#FINAL-03-21#