762
CXUS53 KIND 010700
CF6BMG
PRELIMINARY LOCAL CLIMATOLOGICAL DATA (WS FORM: F-6)
STATION: BLOOMINGTON IN
MONTH: DECEMBER
YEAR: 2020
LATITUDE: 39 7 N
LONGITUDE: 86 37 W
TEMPERATURE IN F: :PCPN: SNOW: WIND :SUNSHINE: SKY :PK WND
================================================================================
1 2 3 4 5 6A 6B 7 8 9 10 11 12 13 14 15 16 17 18
12Z AVG MX 2MIN
DY MAX MIN AVG DEP HDD CDD WTR SNW DPTH SPD SPD DIR MIN PSBL S-S WX SPD DR
================================================================================
1 36 22 29 -8 36 0 0.00 M M 8.0 16 280 M M 3 25 260
2 46 18 32 -4 33 0 0.00 M M 2.2 9 260 M M 0 12 240
3 47 22 35 -1 30 0 0.00 M M 2.8 12 240 M M 6 17 240
4 48 24 36 0 29 0 0.00 M M 3.5 13 280 M M 3 19 280
5 45 23 34 -1 31 0 0.00 M M 3.6 12 350 M M 0 1 16 10
6 37 23 30 -5 35 0 0.00 M M 5.8 14 350 M M 8 18 350
7 37 31 34 0 31 0 0.00 M M 4.3 13 350 M M 10 16 350
8 40 32 36 2 29 0 0.00 M M 4.4 13 240 M M 8 17 240
9 56 30 43 9 22 0 0.00 M M 6.5 15 230 M M 0 8 22 220
10 63 28 46 13 19 0 0.00 M M 4.2 13 150 M M 0 18 18 150
11 66 37 52 19 13 0 0.06 M M 9.0 21 200 M M 3 1 28 170
12 58 40 49 16 16 0 0.49 M M 11.5 25 210 M M 10 13 41 220
13 41 38 40 8 25 0 T M M 2.4 8 280 M M 10 13 290
14 38 23 31 -1 34 0 0.00 M M 5.5 13 350 M M 6 22 300
15 35 20 28 -4 37 0 0.00 M M 7.3 16 80 M M 2 22 70
16 34 30 32 0 33 0 0.06 M M 5.3 12 340 M M 10 18 16 350
17 33 23 28 -3 37 0 0.00 M M 4.3 10 300 M M 9 18 15 310
18 38 18 28 -3 37 0 0.00 M M 5.2 14 190 M M 0 18 18 160
19 45 32 39 8 26 0 0.03 M M 8.3 17 220 M M 7 1 28 250
20 43 32 38 7 27 0 0.00 M M 6.1 14 230 M M 6 128 18 250
21 51 37 44 13 21 0 T M M 11.7 22 300 M M 5 18 36 320
22 47 30 39 9 26 0 0.00 M M 6.9 20 300 M M 1 34 290
23 56 35 46 16 19 0 0.47 M M 12.1 28 190 M M 5 1 47 190
24 48 16 32 2 33 0 0.15 M M 11.1 21 270 M M 9 1 33 260
25 17 10 14 -16 51 0 T M M 8.9 15 260 M M 8 18 23 300
26 38 14 26 -4 39 0 0.00 M M 5.8 14 240 M M 1 21 240
27 55 22 39 9 26 0 0.02 M M 12.4 29 210 M M 3 46 210
28 51 28 40 10 25 0 0.00 M M 7.9 20 290 M M 9 29 290
29 36 25 31 1 34 0 0.00 M M 8.5 21 120 M M 7 30 150
30 52 32 42 12 23 0 0.72 M M 9.8 22 210 M M 8 16 32 180
31 32 26 29 -1 36 0 0.00 M M 7.3 14 360 M M 6 17 350
================================================================================
SM 1369 821 913 0 2.00 M 212.6 M 163
================================================================================
AV 44.2 26.5 6.9 FASTST M M 5 MAX(MPH)
MISC ----> 29 210 47 190
================================================================================
NOTES:
# LAST OF SEVERAL OCCURRENCES
COLUMN 17 PEAK WIND IN M.P.H.
PRELIMINARY LOCAL CLIMATOLOGICAL DATA (WS FORM: F-6) , PAGE 2
STATION: BLOOMINGTON IN
MONTH: DECEMBER
YEAR: 2020
LATITUDE: 39 7 N
LONGITUDE: 86 37 W
[TEMPERATURE DATA] [PRECIPITATION DATA] SYMBOLS USED IN COLUMN 16
AVERAGE MONTHLY: 35.3 TOTAL FOR MONTH: 2.00 1 = FOG OR MIST
DPTR FM NORMAL: 3.1 DPTR FM NORMAL: -1.54 2 = FOG REDUCING VISIBILITY
HIGHEST: 66 ON 11 GRTST 24HR 0.72 ON 30-30 TO 1/4 MILE OR LESS
LOWEST: 10 ON 25 3 = THUNDER
SNOW, ICE PELLETS, HAIL 4 = ICE PELLETS
TOTAL MONTH: M 5 = HAIL
GRTST 24HR M ON M 6 = FREEZING RAIN OR DRIZZLE
GRTST DEPTH: M ON M 7 = DUSTSTORM OR SANDSTORM:
VSBY 1/2 MILE OR LESS
8 = SMOKE OR HAZE
[NO. OF DAYS WITH] [WEATHER - DAYS WITH] 9 = BLOWING SNOW
X = TORNADO
MAX 32 OR BELOW: 2 0.01 INCH OR MORE: 8
MAX 90 OR ABOVE: 0 0.10 INCH OR MORE: 4
MIN 32 OR BELOW: 26 0.50 INCH OR MORE: 1
MIN 0 OR BELOW: 0 1.00 INCH OR MORE: 0
[HDD (BASE 65) ]
TOTAL THIS MO. 913 CLEAR (SCALE 0-3) 10
DPTR FM NORMAL -104 PTCLDY (SCALE 4-7) 13
TOTAL FM JUL 1 1753 CLOUDY (SCALE 8-10) 8
DPTR FM NORMAL -320
[CDD (BASE 65) ]
TOTAL THIS MO. 0
DPTR FM NORMAL 0 [PRESSURE DATA]
TOTAL FM JAN 1 1217 HIGHEST SLP M ON M
DPTR FM NORMAL 290 LOWEST SLP 29.58 ON 23
[REMARKS]
#FINAL-12-20#