000
CXUS53 KIND 010600
CF6BMG
PRELIMINARY LOCAL CLIMATOLOGICAL DATA (WS FORM: F-6)
STATION: BLOOMINGTON IN
MONTH: JULY
YEAR: 2020
LATITUDE: 39 7 N
LONGITUDE: 86 37 W
TEMPERATURE IN F: :PCPN: SNOW: WIND :SUNSHINE: SKY :PK WND
================================================================================
1 2 3 4 5 6A 6B 7 8 9 10 11 12 13 14 15 16 17 18
12Z AVG MX 2MIN
DY MAX MIN AVG DEP HDD CDD WTR SNW DPTH SPD SPD DIR MIN PSBL S-S WX SPD DR
================================================================================
1 89 67 78 4 0 13 0.00 M M 2.4 10 120 M M 2 1 15 130
2 92 68 80 6 0 15 0.00 M M 3.9 12 30 M M 2 1 20 60
3 92 64 78 4 0 13 0.00 M M 1.6 10 130 M M 3 15 150
4 95 67 81 7 0 16 0.00 M M 3.7 13 30 M M 2 18 60
5 96 69 83 9 0 18 0.00 M M 2.6 10 110 M M 0 18 16 100
6 94 70 82 8 0 17 0.00 M M 3.0 15 30 M M 1 3 19 60
7 93 70 82 8 0 17 0.14 M M 1.0 20 60 M M 2 13 26 10
8 91 71 81 7 0 16 T M M 3.1 14 160 M M 1 138 20 170
9 94 67 81 7 0 16 0.00 M M 4.1 16 170 M M 1 1 25 200
10 88 71 80 6 0 15 0.00 M M 7.4 17 300 M M 4 30 280
11 91 66 79 5 0 14 0.27 M M 6.1 23 30 M M 3 3 33 290
12 85 63 74 0 0 9 0.47 M M 4.4 26 300 M M 4 13 43 300
13 84 61 73 -1 0 8 0.00 M M 4.7 13 350 M M 1 20 360
14 88 60 74 0 0 9 0.00 M M 2.6 9 150 M M 0 15 160
15 91 60 76 2 0 11 0.10 0.0 0 5.6 15 150 M M 1 1 28 160
16 80 67 74 0 0 9 T 0.0 0 6.2 22 200 M M 7 1 34 190
17 90 64 77 3 0 12 0.00 M M 2.1 13 190 M M 1 12 17 190
18 93 70 82 8 0 17 0.00 M M 6.7 14 230 M M 3 1 22 220
19 94 71 83 9 0 18 0.45 M M 9.2 31 350 M M 2 13 47 350
20 88 70 79 5 0 14 0.06 M M 3.7 16 290 M M 6 3 25 300
21 89 70 80 6 0 15 0.61 M M 4.6 20 290 M M 6 123 30 330
22 87 69 78 4 0 13 0.85 M M 6.5 20 280 M M 6 13 32 290
23 87 69 78 4 0 13 0.02 M M 3.8 12 290 M M 5 1 16 340
24 87 64 76 2 0 11 0.00 M M 1.6 9 360 M M 1 1 14 350
25 89 63 76 2 0 11 0.00 M M 0.7 9 350 M M 1 1 14 360
26 91 67 79 5 0 14 0.00 M M 4.6 12 230 M M 1 18 240
27 91 74 83 9 0 18 0.23 M M 6.5 22 280 M M 2 13 37 280
28 87 65 76 2 0 11 0.00 M M 2.5 8 320 M M 4 1 12 310
29 89 62 76 2 0 11 0.00 M M 1.0 8 260 M M 0 1 12 260
30 75 69 72 -2 0 7 1.39 M M 6.4 14 70 M M 8 1 19 60
31 79 68 74 0 0 9 0.20 M M 7.0 13 60 M M 9 1 17 70
================================================================================
SM 2759 2076 0 410 4.79 0.0 129.3 M 89
================================================================================
AV 89.0 67.0 4.2 FASTST M M 3 MAX(MPH)
MISC ----> 31 350 47 350
================================================================================
NOTES:
# LAST OF SEVERAL OCCURRENCES
COLUMN 17 PEAK WIND IN M.P.H.
PRELIMINARY LOCAL CLIMATOLOGICAL DATA (WS FORM: F-6) , PAGE 2
STATION: BLOOMINGTON IN
MONTH: JULY
YEAR: 2020
LATITUDE: 39 7 N
LONGITUDE: 86 37 W
[TEMPERATURE DATA] [PRECIPITATION DATA] SYMBOLS USED IN COLUMN 16
AVERAGE MONTHLY: 78.0 TOTAL FOR MONTH: 4.79 1 = FOG OR MIST
DPTR FM NORMAL: 4.1 DPTR FM NORMAL: -0.10 2 = FOG REDUCING VISIBILITY
HIGHEST: 96 ON 5 GRTST 24HR 1.46 ON 21-22 TO 1/4 MILE OR LESS
LOWEST: 60 ON 15,14 3 = THUNDER
SNOW, ICE PELLETS, HAIL 4 = ICE PELLETS
TOTAL MONTH: 0.0 INCH 5 = HAIL
GRTST 24HR 0.0 6 = FREEZING RAIN OR DRIZZLE
GRTST DEPTH: 0 7 = DUSTSTORM OR SANDSTORM:
VSBY 1/2 MILE OR LESS
8 = SMOKE OR HAZE
[NO. OF DAYS WITH] [WEATHER - DAYS WITH] 9 = BLOWING SNOW
X = TORNADO
MAX 32 OR BELOW: 0 0.01 INCH OR MORE: 12
MAX 90 OR ABOVE: 15 0.10 INCH OR MORE: 10
MIN 32 OR BELOW: 0 0.50 INCH OR MORE: 3
MIN 0 OR BELOW: 0 1.00 INCH OR MORE: 1
[HDD (BASE 65) ]
TOTAL THIS MO. 0 CLEAR (SCALE 0-3) 21
DPTR FM NORMAL -2 PTCLDY (SCALE 4-7) 9
TOTAL FM JUL 1 0 CLOUDY (SCALE 8-10) 1
DPTR FM NORMAL 0
[CDD (BASE 65) ]
TOTAL THIS MO. 410
DPTR FM NORMAL 134 [PRESSURE DATA]
TOTAL FM JAN 1 787 HIGHEST SLP M ON M
DPTR FM NORMAL 221 LOWEST SLP 29.76 ON 12
[REMARKS]
#FINAL-07-20#