000
CXUS53 KIND 010700
CF6BMG
PRELIMINARY LOCAL CLIMATOLOGICAL DATA (WS FORM: F-6)
STATION: BLOOMINGTON IN
MONTH: NOVEMBER
YEAR: 2023
LATITUDE: 39 7 N
LONGITUDE: 86 37 W
TEMPERATURE IN F: :PCPN: SNOW: WIND :SUNSHINE: SKY :PK WND
================================================================================
1 2 3 4 5 6A 6B 7 8 9 10 11 12 13 14 15 16 17 18
12Z AVG MX 2MIN
DY MAX MIN AVG DEP HDD CDD WTR SNW DPTH SPD SPD DIR MIN PSBL S-S WX SPD DR
================================================================================
1 49 24 37 -12 28 0 0.00 M M 3.3 12 240 M M 1 19 270
2 56 25 41 -8 24 0 0.00 M M 7.4 16 200 M M 0 25 190
3 62 32 47 -1 18 0 0.00 M M 10.8 24 220 M M 0 32 210
4 67 50 59 11 6 0 0.00 M M 8.3 17 230 M M 3 25 220
5 65 34 50 2 15 0 0.00 M M 1.4 10 100 M M 2 128 13 100
6 76 38 57 10 8 0 0.00 M M 11.6 26 220 M M 4 45 230
7 75 47 61 14 4 0 0.00 M M 2.9 12 240 M M 3 12 18 230
8 80 55 68 22 0 3 T M M 12.2 25 200 M M 7 35 190
9 71 48 60 14 5 0 0.00 M M 8.3 17 350 M M 5 25 10
10 61 36 49 3 16 0 0.00 M M 5.5 15 280 M M 1 24 280
11 54 28 41 -4 24 0 0.00 M M 5.7 13 40 M M 0 19 40
12 59 34 47 2 18 0 0.00 M M 3.9 12 160 M M 0 17 160
13 67 32 50 6 15 0 0.00 M M 2.4 14 10 M M 0 8 18 290
14 64 27 46 2 19 0 0.00 M M 3.4 16 110 M M 0 20 110
15 69 29 49 5 16 0 0.00 M M 4.0 13 210 M M 0 8 19 220
16 69 33 51 8 14 0 0.00 M M 4.5 16 180 M M 2 24 170
17 64 39 52 9 13 0 0.65 M M 8.7 20 360 M M 8 1 26 360
18 55 29 42 -1 23 0 0.00 M M 3.0 12 360 M M 0 16 360
19 60 28 44 2 21 0 0.00 M M 1.4 7 80 M M 0 10 70
20 54 45 50 8 15 0 0.17 M M 10.4 16 110 M M 6 1 23 110
21 53 41 47 5 18 0 0.10 M M 9.1 22 120 M M 10 1 28 120
22 49 37 43 2 22 0 0.00 M M 5.6 13 280 M M 8 18 17 220
23 55 30 43 2 22 0 0.00 M M 5.8 16 220 M M 1 22 230
24 45 32 39 -1 26 0 0.00 M M 9.2 21 20 M M 0 27 30
25 45 29 37 -3 28 0 0.00 M M 4.6 10 90 M M 0 15 70
26 41 25 33 -7 32 0 0.13 M M 6.5 22 280 M M 7 1 33 290
27 36 27 32 -8 33 0 0.00 M M 9.2 21 240 M M 8 30 240
28 29 16 23 -16 42 0 0.00 M M 5.8 18 290 M M 4 26 290
29 49 16 33 -6 32 0 0.00 M M 8.4 20 220 M M 0 27 220
30 60 27 44 5 21 0 0.00 M M 8.7 21 220 M M 4 32 230
================================================================================
SM 1739 993 578 3 1.05 M 192.0 M 84
================================================================================
AV 58.0 33.1 6.4 FASTST M M 3 MAX(MPH)
MISC ----> 26 220 45 230
================================================================================
NOTES:
# LAST OF SEVERAL OCCURRENCES
COLUMN 17 PEAK WIND IN M.P.H.
PRELIMINARY LOCAL CLIMATOLOGICAL DATA (WS FORM: F-6) , PAGE 2
STATION: BLOOMINGTON IN
MONTH: NOVEMBER
YEAR: 2023
LATITUDE: 39 7 N
LONGITUDE: 86 37 W
[TEMPERATURE DATA] [PRECIPITATION DATA] SYMBOLS USED IN COLUMN 16
AVERAGE MONTHLY: 45.5 TOTAL FOR MONTH: 1.05 1 = FOG OR MIST
DPTR FM NORMAL: 1.8 DPTR FM NORMAL: -2.68 2 = FOG REDUCING VISIBILITY
HIGHEST: 80 ON 8 GRTST 24HR 0.65 ON 17-17 TO 1/4 MILE OR LESS
LOWEST: 16 ON 29,28 3 = THUNDER
SNOW, ICE PELLETS, HAIL 4 = ICE PELLETS
TOTAL MONTH: M 5 = HAIL
GRTST 24HR M ON M 6 = FREEZING RAIN OR DRIZZLE
GRTST DEPTH: M ON M 7 = DUSTSTORM OR SANDSTORM:
VSBY 1/2 MILE OR LESS
8 = SMOKE OR HAZE
[NO. OF DAYS WITH] [WEATHER - DAYS WITH] 9 = BLOWING SNOW
X = TORNADO
MAX 32 OR BELOW: 1 0.01 INCH OR MORE: 4
MAX 90 OR ABOVE: 0 0.10 INCH OR MORE: 4
MIN 32 OR BELOW: 17 0.50 INCH OR MORE: 1
MIN 0 OR BELOW: 0 1.00 INCH OR MORE: 0
[HDD (BASE 65) ]
TOTAL THIS MO. 578 CLEAR (SCALE 0-3) 19
DPTR FM NORMAL -61 PTCLDY (SCALE 4-7) 9
TOTAL FM JUL 1 860 CLOUDY (SCALE 8-10) 2
DPTR FM NORMAL -174
[CDD (BASE 65) ]
TOTAL THIS MO. 3
DPTR FM NORMAL 3 [PRESSURE DATA]
TOTAL FM JAN 1 1044 HIGHEST SLP M ON M
DPTR FM NORMAL 20 LOWEST SLP 29.64 ON 8
[REMARKS]
#FINAL-11-23#