000
CXUS53 KIND 010600
CF6BMG
PRELIMINARY LOCAL CLIMATOLOGICAL DATA (WS FORM: F-6)
STATION: BLOOMINGTON IN
MONTH: OCTOBER
YEAR: 2023
LATITUDE: 39 7 N
LONGITUDE: 86 37 W
TEMPERATURE IN F: :PCPN: SNOW: WIND :SUNSHINE: SKY :PK WND
================================================================================
1 2 3 4 5 6A 6B 7 8 9 10 11 12 13 14 15 16 17 18
12Z AVG MX 2MIN
DY MAX MIN AVG DEP HDD CDD WTR SNW DPTH SPD SPD DIR MIN PSBL S-S WX SPD DR
================================================================================
1 84 51 68 7 0 3 0.00 M M 2.9 12 110 M M 1 128 20 110
2 85 53 69 8 0 4 0.00 M M 1.9 10 100 M M 0 12 14 100
3 86 54 70 10 0 5 0.00 M M 3.4 14 130 M M 0 1 19 130
4 87 58 73 13 0 8 0.00 M M 6.5 17 210 M M 0 26 210
5 69 63 66 7 0 1 0.53 M M 6.2 16 230 M M 8 1 22 240
6 71 45 58 -1 7 0 0.00 M M 6.4 18 290 M M 3 12 30 290
7 62 42 52 -7 13 0 0.00 M M 7.4 17 300 M M 1 25 320
8 62 42 52 -6 13 0 0.01 M M 3.6 14 260 M M 7 19 360
9 64 39 52 -6 13 0 0.00 M M 4.6 14 290 M M 2 22 260
10 65 35 50 -8 15 0 0.00 M M 4.5 15 250 M M 0 25 240
11 72 36 54 -3 11 0 0.00 M M 4.6 15 190 M M 4 3 21 210
12 80 45 63 6 2 0 0.00 M M 1.8 8 130 M M 0 8 13 250
13 77 55 66 10 0 1 0.20 M M 8.1 21 160 M M 6 1 28 160
14 65 50 58 2 7 0 0.11 M M 8.4 21 290 M M 9 18 34 270
15 57 46 52 -4 13 0 T M M 7.7 15 350 M M 10 1 24 350
16 58 47 53 -2 12 0 0.03 M M 6.0 15 10 M M 10 1 21 340
17 63 46 55 0 10 0 0.01 M M 3.4 9 230 M M 8 1 13 200
18 68 39 54 -1 11 0 0.00 M M 7.6 18 200 M M 0 12 27 210
19 63 50 57 3 8 0 0.25 M M 7.6 16 200 M M 7 1 23 210
20 62 40 51 -3 14 0 0.01 M M 6.6 15 300 M M 7 1 24 270
21 75 39 57 4 8 0 0.00 M M 8.3 23 230 M M 0 35 210
22 61 37 49 -4 16 0 0.00 M M 5.0 14 10 M M 4 21 310
23 71 33 52 -1 13 0 0.00 M M 4.9 12 150 M M 0 18 160
24 78 44 61 9 4 0 0.00 M M 6.1 15 190 M M 0 21 200
25 75 60 68 16 0 3 T M M 8.6 17 220 M M 3 26 200
26 78 57 68 16 0 3 T M M 8.5 20 200 M M 1 30 210
27 79 64 72 21 0 7 0.04 M M 9.4 17 220 M M 9 1 25 220
28 71 50 61 10 4 0 0.18 M M 7.8 15 290 M M 10 1 20 230
29 54 48 51 1 14 0 0.63 M M 5.1 13 340 M M 10 1 19 350
30 48 28 38 -12 27 0 0.01 M M 6.4 14 350 M M 6 1 22 340
31 42 22 32 -18 33 0 0.00 M M 7.1 20 280 M M 4 32 290
================================================================================
SM 2132 1418 268 35 2.01 M 186.4 M 130
================================================================================
AV 68.8 45.7 6.0 FASTST M M 4 MAX(MPH)
MISC ----> 23 230 35 210
================================================================================
NOTES:
# LAST OF SEVERAL OCCURRENCES
COLUMN 17 PEAK WIND IN M.P.H.
PRELIMINARY LOCAL CLIMATOLOGICAL DATA (WS FORM: F-6) , PAGE 2
STATION: BLOOMINGTON IN
MONTH: OCTOBER
YEAR: 2023
LATITUDE: 39 7 N
LONGITUDE: 86 37 W
[TEMPERATURE DATA] [PRECIPITATION DATA] SYMBOLS USED IN COLUMN 16
AVERAGE MONTHLY: 57.3 TOTAL FOR MONTH: 2.01 1 = FOG OR MIST
DPTR FM NORMAL: 2.0 DPTR FM NORMAL: -1.69 2 = FOG REDUCING VISIBILITY
HIGHEST: 87 ON 4 GRTST 24HR 0.72 ON 28-29 TO 1/4 MILE OR LESS
LOWEST: 22 ON 31 3 = THUNDER
SNOW, ICE PELLETS, HAIL 4 = ICE PELLETS
TOTAL MONTH: M 5 = HAIL
GRTST 24HR M ON M 6 = FREEZING RAIN OR DRIZZLE
GRTST DEPTH: M ON M 7 = DUSTSTORM OR SANDSTORM:
VSBY 1/2 MILE OR LESS
8 = SMOKE OR HAZE
[NO. OF DAYS WITH] [WEATHER - DAYS WITH] 9 = BLOWING SNOW
X = TORNADO
MAX 32 OR BELOW: 0 0.01 INCH OR MORE: 12
MAX 90 OR ABOVE: 0 0.10 INCH OR MORE: 6
MIN 32 OR BELOW: 2 0.50 INCH OR MORE: 2
MIN 0 OR BELOW: 0 1.00 INCH OR MORE: 0
[HDD (BASE 65) ]
TOTAL THIS MO. 268 CLEAR (SCALE 0-3) 15
DPTR FM NORMAL -52 PTCLDY (SCALE 4-7) 10
TOTAL FM JUL 1 282 CLOUDY (SCALE 8-10) 6
DPTR FM NORMAL -114
[CDD (BASE 65) ]
TOTAL THIS MO. 35
DPTR FM NORMAL 16 [PRESSURE DATA]
TOTAL FM JAN 1 1041 HIGHEST SLP M ON M
DPTR FM NORMAL 17 LOWEST SLP 29.59 ON 21
[REMARKS]
#FINAL-10-23#