000
CXUS53 KIND 010600
CF6BMG
PRELIMINARY LOCAL CLIMATOLOGICAL DATA (WS FORM: F-6)
STATION: BLOOMINGTON IN
MONTH: SEPTEMBER
YEAR: 2023
LATITUDE: 39 7 N
LONGITUDE: 86 37 W
TEMPERATURE IN F: :PCPN: SNOW: WIND :SUNSHINE: SKY :PK WND
================================================================================
1 2 3 4 5 6A 6B 7 8 9 10 11 12 13 14 15 16 17 18
12Z AVG MX 2MIN
DY MAX MIN AVG DEP HDD CDD WTR SNW DPTH SPD SPD DIR MIN PSBL S-S WX SPD DR
================================================================================
1 84 50 67 -4 0 2 0.00 M M 1.9 9 80 M M 0 1 13 100
2 87 60 74 3 0 9 0.00 M M 3.8 13 230 M M 2 1 16 240
3 88 67 78 8 0 13 0.00 M M 5.2 14 230 M M 1 1 20 190
4 89 64 77 7 0 12 0.00 M M 4.7 14 190 M M 2 1 25 180
5 88 69 79 9 0 14 0.06 M M 6.2 14 250 M M 2 13 20 250
6 84 67 76 6 0 11 0.10 M M 7.7 16 190 M M 4 25 210
7 72 66 69 0 0 4 0.00 M M 3.9 9 290 M M 10 18 14 260
8 77 60 69 0 0 4 0.00 M M 5.0 14 350 M M 6 18 320
9 79 59 69 0 0 4 0.00 M M 6.5 15 30 M M 6 1 19 30
10 79 56 68 0 0 3 0.00 M M 3.2 12 30 M M 2 1 16 20
11 82 54 68 0 0 3 0.00 M M 1.5 12 250 M M 1 12 16 260
12 75 55 65 -3 0 0 0.02 M M 3.2 12 350 M M 6 1 17 350
13 77 46 62 -6 3 0 0.00 M M 1.6 10 350 M M 1 12 16 360
14 78 51 65 -2 0 0 0.00 M M 2.7 10 100 M M 1 19 50
15 78 50 64 -3 1 0 0.00 M M 2.6 12 40 M M 0 17 110
16 76 47 62 -4 3 0 T M M 1.9 12 20 M M 2 1 15 360
17 74 51 63 -3 2 0 T M M 3.1 12 340 M M 4 1 20 300
18 76 50 63 -3 2 0 0.00 M M 3.8 14 340 M M 2 1 20 340
19 78 46 62 -3 3 0 0.00 M M 2.4 12 120 M M 0 12 16 150
20 84 50 67 2 0 2 0.00 M M 3.8 16 160 M M 1 23 140
21 81 60 71 6 0 6 0.00 M M 2.9 12 140 M M 2 15 140
22 86 55 71 7 0 6 0.00 M M 1.2 13 130 M M 0 1 15 140
23 81 51 66 2 0 1 0.00 M M 4.0 15 30 M M 0 20 40
24 82 48 65 1 0 0 0.00 M M 2.3 10 50 M M 0 15 60
25 86 56 71 8 0 6 0.00 M M 3.1 9 120 M M 2 1 13 120
26 85 59 72 9 0 7 0.21 M M 4.1 18 50 M M 2 3 25 40
27 77 62 70 8 0 5 0.10 M M 3.9 15 140 M M 6 13 21 230
28 77 57 67 5 0 2 0.00 M M 2.5 12 340 M M 4 12 18 330
29 79 52 66 4 0 1 0.00 M M 2.3 9 60 M M 3 12 14 60
30 83 50 67 6 0 2 0.00 M M 2.0 12 90 M M 3 12 16 100
================================================================================
SM 2422 1668 14 117 0.49 M 103.0 M 75
================================================================================
AV 80.7 55.6 3.4 FASTST M M 3 MAX(MPH)
MISC ----> 18 50 # 25 180
================================================================================
NOTES:
# LAST OF SEVERAL OCCURRENCES
COLUMN 17 PEAK WIND IN M.P.H.
PRELIMINARY LOCAL CLIMATOLOGICAL DATA (WS FORM: F-6) , PAGE 2
STATION: BLOOMINGTON IN
MONTH: SEPTEMBER
YEAR: 2023
LATITUDE: 39 7 N
LONGITUDE: 86 37 W
[TEMPERATURE DATA] [PRECIPITATION DATA] SYMBOLS USED IN COLUMN 16
AVERAGE MONTHLY: 68.2 TOTAL FOR MONTH: 0.49 1 = FOG OR MIST
DPTR FM NORMAL: 1.7 DPTR FM NORMAL: -3.11 2 = FOG REDUCING VISIBILITY
HIGHEST: 89 ON 4 GRTST 24HR 0.31 ON 26-27 TO 1/4 MILE OR LESS
LOWEST: 46 ON 19,13 3 = THUNDER
SNOW, ICE PELLETS, HAIL 4 = ICE PELLETS
TOTAL MONTH: M 5 = HAIL
GRTST 24HR M ON M 6 = FREEZING RAIN OR DRIZZLE
GRTST DEPTH: M ON M 7 = DUSTSTORM OR SANDSTORM:
VSBY 1/2 MILE OR LESS
8 = SMOKE OR HAZE
[NO. OF DAYS WITH] [WEATHER - DAYS WITH] 9 = BLOWING SNOW
X = TORNADO
MAX 32 OR BELOW: 0 0.01 INCH OR MORE: 5
MAX 90 OR ABOVE: 0 0.10 INCH OR MORE: 3
MIN 32 OR BELOW: 0 0.50 INCH OR MORE: 0
MIN 0 OR BELOW: 0 1.00 INCH OR MORE: 0
[HDD (BASE 65) ]
TOTAL THIS MO. 14 CLEAR (SCALE 0-3) 21
DPTR FM NORMAL -56 PTCLDY (SCALE 4-7) 8
TOTAL FM JUL 1 14 CLOUDY (SCALE 8-10) 1
DPTR FM NORMAL -61
[CDD (BASE 65) ]
TOTAL THIS MO. 117
DPTR FM NORMAL 4 [PRESSURE DATA]
TOTAL FM JAN 1 1006 HIGHEST SLP M ON M
DPTR FM NORMAL 1 LOWEST SLP 29.80 ON 6
[REMARKS]
#FINAL-09-23#