000
CXUS53 KIND 010600
CF6BMG
PRELIMINARY LOCAL CLIMATOLOGICAL DATA (WS FORM: F-6)
STATION: BLOOMINGTON IN
MONTH: JULY
YEAR: 2023
LATITUDE: 39 7 N
LONGITUDE: 86 37 W
TEMPERATURE IN F: :PCPN: SNOW: WIND :SUNSHINE: SKY :PK WND
================================================================================
1 2 3 4 5 6A 6B 7 8 9 10 11 12 13 14 15 16 17 18
12Z AVG MX 2MIN
DY MAX MIN AVG DEP HDD CDD WTR SNW DPTH SPD SPD DIR MIN PSBL S-S WX SPD DR
================================================================================
1 85 69 77 3 0 12 1.80 M M 6.0 17 150 M M 5 13 25 230
2 86 69 78 4 0 13 0.81 M M 6.9 29 130 M M 6 138 42 130
3 87 69 78 4 0 13 0.14 M M 5.2 13 290 M M 4 1 19 290
4 89 67 78 3 0 13 0.00 M M 2.8 10 200 M M 1 1 14 230
5 91 68 80 5 0 15 0.00 M M 4.2 22 140 M M 1 18 30 150
6 86 70 78 3 0 13 0.00 M M 4.4 13 290 M M 3 19 290
7 87 64 76 1 0 11 0.00 M M 1.8 9 240 M M 1 1 17 310
8 80 67 74 -1 0 9 0.92 M M 4.6 18 350 M M 5 13 31 340
9 81 62 72 -3 0 7 0.00 M M 4.1 13 50 M M 1 1 17 50
10 84 60 72 -3 0 7 0.00 M M 2.6 10 240 M M 1 1 16 280
11 85 63 74 -1 0 9 0.00 M M 6.7 15 230 M M 0 22 270
12 87 66 77 2 0 12 0.00 M M 7.2 17 190 M M 0 23 180
13 87 73 80 5 0 15 T M M 5.3 10 280 M M 4 3 16 290
14 90 64 77 2 0 12 0.00 M M 2.3 9 230 M M 2 1 13 220
15 84 70 77 2 0 12 0.22 M M 3.3 12 190 M M 4 13 17 310
16 83 66 75 0 0 10 0.00 M M 5.6 14 240 M M 0 18 20 210
17 83 66 75 0 0 10 0.92 M M 7.2 22 170 M M 2 138 33 180
18 85 64 75 0 0 10 0.05 M M 3.0 14 10 M M 5 1238 19 10
19 83 68 76 1 0 11 0.00 M M 4.4 13 200 M M 5 18 17 230
20 86 70 78 3 0 13 0.30 M M 3.7 20 280 M M 6 1238 29 300
21 82 63 73 -2 0 8 0.00 M M 4.0 13 20 M M 1 1 17 340
22 83 61 72 -3 0 7 0.00 M M 1.1 7 300 M M 2 1 11 300
23 84 60 72 -3 0 7 0.04 M M 3.2 14 220 M M 1 13 20 250
24 87 67 77 2 0 12 0.01 M M 4.2 12 210 M M 3 13 16 200
25 89 64 77 2 0 12 0.00 M M 3.1 9 160 M M 1 13 13 190
26 90 73 82 7 0 17 0.01 M M 10.4 23 210 M M 2 138 31 220
27 92 76 84 9 0 19 0.00 M M 7.2 15 230 M M 4 13 24 240
28 93 75 84 9 0 19 0.01 M M 7.3 22 350 M M 0 138 30 350
29 89 70 80 6 0 15 0.05 M M 5.7 28 360 M M 2 13 39 350
30 87 68 78 4 0 13 0.00 M M 3.7 12 350 M M 2 1 16 300
31 83 60 72 -2 0 7 0.00 M M 4.8 12 360 M M 1 17 10
================================================================================
SM 2668 2072 0 363 5.28 M 146.0 M 75
================================================================================
AV 86.1 66.8 4.7 FASTST M M 2 MAX(MPH)
MISC ----> 29 130 42 130
================================================================================
NOTES:
# LAST OF SEVERAL OCCURRENCES
COLUMN 17 PEAK WIND IN M.P.H.
PRELIMINARY LOCAL CLIMATOLOGICAL DATA (WS FORM: F-6) , PAGE 2
STATION: BLOOMINGTON IN
MONTH: JULY
YEAR: 2023
LATITUDE: 39 7 N
LONGITUDE: 86 37 W
[TEMPERATURE DATA] [PRECIPITATION DATA] SYMBOLS USED IN COLUMN 16
AVERAGE MONTHLY: 76.5 TOTAL FOR MONTH: 5.28 1 = FOG OR MIST
DPTR FM NORMAL: 1.8 DPTR FM NORMAL: 0.39 2 = FOG REDUCING VISIBILITY
HIGHEST: 93 ON 28 GRTST 24HR 1.80 ON 1- 1 TO 1/4 MILE OR LESS
LOWEST: 60 ON 31,23 3 = THUNDER
SNOW, ICE PELLETS, HAIL 4 = ICE PELLETS
TOTAL MONTH: M 5 = HAIL
GRTST 24HR M ON M 6 = FREEZING RAIN OR DRIZZLE
GRTST DEPTH: M ON M 7 = DUSTSTORM OR SANDSTORM:
VSBY 1/2 MILE OR LESS
8 = SMOKE OR HAZE
[NO. OF DAYS WITH] [WEATHER - DAYS WITH] 9 = BLOWING SNOW
X = TORNADO
MAX 32 OR BELOW: 0 0.01 INCH OR MORE: 13
MAX 90 OR ABOVE: 5 0.10 INCH OR MORE: 7
MIN 32 OR BELOW: 0 0.50 INCH OR MORE: 4
MIN 0 OR BELOW: 0 1.00 INCH OR MORE: 1
[HDD (BASE 65) ]
TOTAL THIS MO. 0 CLEAR (SCALE 0-3) 20
DPTR FM NORMAL -2 PTCLDY (SCALE 4-7) 11
TOTAL FM JUL 1 0 CLOUDY (SCALE 8-10) 0
DPTR FM NORMAL 0
[CDD (BASE 65) ]
TOTAL THIS MO. 363
DPTR FM NORMAL 62 [PRESSURE DATA]
TOTAL FM JAN 1 622 HIGHEST SLP M ON M
DPTR FM NORMAL -8 LOWEST SLP 29.73 ON 2
[REMARKS]
#FINAL-07-23#