843
CDUS43 KIND 180532
CLIBMG


CLIMATE REPORT
NATIONAL WEATHER SERVICE INDIANAPOLIS IN
131 AM EDT FRI MAY 18 2018


...................................

...THE BLOOMINGTON IN CLIMATE SUMMARY FOR MAY 17 2018...

CLIMATE NORMAL PERIOD 1981 TO 2010
CLIMATE RECORD PERIOD 9999 TO 9999


WEATHER ITEM   OBSERVED TIME   NORMAL DEPARTURE LAST
                VALUE   (LST)  VALUE  FROM      YEAR
                                      NORMAL
......................................................
TEMPERATURE (F)
 YESTERDAY
  MAXIMUM         83    337 PM  74      9       84
  MINIMUM         61    507 AM  52      9       65
  AVERAGE         72            63      9       75

PRECIPITATION (IN)
  YESTERDAY        T             0.17  -0.17      T
  MONTH TO DATE    1.11          2.97  -1.86     4.09
  SINCE MAR 1     10.43         11.55  -1.12    14.65
  SINCE JAN 1     18.60         17.62   0.98    19.69

DEGREE DAYS
 HEATING
  YESTERDAY        0             4     -4        0
  MONTH TO DATE   10            96    -86      120
  SINCE MAR 1   1275          1142    133      914
  SINCE JUL 1   5128          5210    -82     4101

 COOLING
  YESTERDAY        7             2      5       10
  MONTH TO DATE  101            22     79       33
  SINCE MAR 1    108            41     67       78
  SINCE JAN 1    114            41     73       78
......................................................


WIND (MPH)
  HIGHEST WIND SPEED    20   HIGHEST WIND DIRECTION     E (110)
  HIGHEST GUST SPEED    27   HIGHEST GUST DIRECTION     E (110)
  AVERAGE WIND SPEED     7.1


SKY COVER
  AVERAGE SKY COVER 0.2


WEATHER CONDITIONS
 THE FOLLOWING WEATHER WAS RECORDED YESTERDAY.
  LIGHT RAIN
  FOG


RELATIVE HUMIDITY (PERCENT)
 HIGHEST   100          1200 AM
 LOWEST     39          1200 PM
 AVERAGE    70

..........................................................


THE BLOOMINGTON IN CLIMATE NORMALS FOR TODAY
                         NORMAL
 MAXIMUM TEMPERATURE (F)   74
 MINIMUM TEMPERATURE (F)   52


SUNRISE AND SUNSET
MAY 18 2018...........SUNRISE   631 AM EDT   SUNSET   855 PM EDT
MAY 19 2018...........SUNRISE   630 AM EDT   SUNSET   856 PM EDT


-  INDICATES NEGATIVE NUMBERS.
R  INDICATES RECORD WAS SET OR TIED.
MM INDICATES DATA IS MISSING.
T  INDICATES TRACE AMOUNT.




$$
