000
CXUS55 KOHX 011210
CF6BNA
PRELIMINARY LOCAL CLIMATOLOGICAL DATA (WS FORM: F-6)
STATION: NASHVILLE
MONTH: NOVEMBER
YEAR: 2023
LATITUDE: 36 7 N
LONGITUDE: 86 41 W
TEMPERATURE IN F: :PCPN: SNOW: WIND :SUNSHINE: SKY :PK WND
================================================================================
1 2 3 4 5 6A 6B 7 8 9 10 11 12 13 14 15 16 17 18
12Z AVG MX 2MIN
DY MAX MIN AVG DEP HDD CDD WTR SNW DPTH SPD SPD DIR MIN PSBL S-S WX SPD DR
================================================================================
1 51 30 41 -14 24 0 0.00 0.0 0 4.7 10 360 M M 0 29 290
2 61 28 45 -10 20 0 0.00 0.0 0 4.4 12 200 M M 2 17 180
3 67 36 52 -3 13 0 0.00 0.0 0 7.0 18 190 M M 2 24 190
4 74 41 58 4 7 0 0.00 0.0 0 4.9 13 280 M M 5 19 290
5 75 48 62 8 3 0 0.00 0.0 0 1.9 9 30 M M 3 13 40
6 79 45 62 8 3 0 0.00 0.0 0 5.8 18 190 M M 3 27 190
7 80 55 68 15 0 3 0.00 0.0 0 5.6 12 290 M M 5 16 270
8 83 56 70 17 0 5 0.00 0.0 0 10.6 25 190 M M 1 37 190
9 72 53 63 11 2 0 0.11 0.0 0 7.5 15 10 M M 9 1 29 350
10 62 50 56 4 9 0 0.22 0.0 0 7.8 16 10 M M 9 1 23 320
11 66 43 55 3 10 0 0.00 0.0 0 8.9 14 40 M M 6 23 70
12 69 41 55 4 10 0 0.00 0.0 0 3.0 8 120 M M 4 12 340
13 70 39 55 4 10 0 0.00 0.0 0 3.8 12 360 M M 7 17 340
14 66 41 54 3 11 0 0.00 0.0 0 3.2 9 60 M M 8 13 70
15 69 44 57 7 8 0 0.04 0.0 0 3.0 15 150 M M 7 1 24 150
16 77 53 65 15 0 0 0.00 0.0 0 6.1 17 200 M M 7 25 210
17 69 59 64 14 1 0 T 0.0 0 9.1 18 200 M M 9 23 200
18 60 43 52 3 13 0 0.00 0.0 0 8.4 15 10 M M 5 27 310
19 64 33 49 0 16 0 0.00 0.0 0 3.0 12 50 M M 4 16 60
20 71 43 57 8 8 0 0.34 0.0 0 8.7 21 150 M M 8 1 34 150
21 59 46 53 5 12 0 0.77 0.0 0 7.5 18 330 M M 10 1 25 330
22 50 35 43 -5 22 0 T 0.0 0 6.1 13 310 M M 8 18 24 90
23 58 31 45 -3 20 0 0.00 0.0 0 2.7 8 210 M M 3 1 11 240
24 62 41 52 4 13 0 0.00 0.0 0 7.9 20 40 M M 7 27 20
25 59 36 48 1 17 0 0.00 0.0 0 4.3 10 30 M M 4 15 30
26 53 37 45 -2 20 0 0.01 0.0 0 9.1 24 320 M M 8 18 31 320
27 48 34 41 -6 24 0 0.00 0.0 0 6.7 15 320 M M 4 26 320
28 43 25 34 -12 31 0 0.00 0.0 0 6.3 16 10 M M 1 35 320
29 60 22 41 -5 24 0 0.00 0.0 0 8.0 16 250 M M 2 21 200
30 65 38 52 6 13 0 0.05 0.0 0 8.1 21 180 M M 6 28 170
================================================================================
SM 1942 1226 364 8 1.54 0.0 184.1 M 157
================================================================================
AV 64.7 40.9 6.1 FASTST M M 5 MAX(MPH)
MISC ----> 25 190 37 190
================================================================================
NOTES:
# LAST OF SEVERAL OCCURRENCES
COLUMN 17 PEAK WIND IN M.P.H.
PRELIMINARY LOCAL CLIMATOLOGICAL DATA (WS FORM: F-6) , PAGE 2
STATION: NASHVILLE
MONTH: NOVEMBER
YEAR: 2023
LATITUDE: 36 7 N
LONGITUDE: 86 41 W
[TEMPERATURE DATA] [PRECIPITATION DATA] SYMBOLS USED IN COLUMN 16
AVERAGE MONTHLY: 52.8 TOTAL FOR MONTH: 1.54 1 = FOG OR MIST
DPTR FM NORMAL: 2.5 DPTR FM NORMAL: -2.32 2 = FOG REDUCING VISIBILITY
HIGHEST: 83 ON 8 GRTST 24HR 1.11 ON 20-21 TO 1/4 MILE OR LESS
LOWEST: 22 ON 29 3 = THUNDER
SNOW, ICE PELLETS, HAIL 4 = ICE PELLETS
TOTAL MONTH: 0.0 INCH 5 = HAIL
GRTST 24HR 0.0 6 = FREEZING RAIN OR DRIZZLE
GRTST DEPTH: 0 7 = DUSTSTORM OR SANDSTORM:
VSBY 1/2 MILE OR LESS
8 = SMOKE OR HAZE
[NO. OF DAYS WITH] [WEATHER - DAYS WITH] 9 = BLOWING SNOW
X = TORNADO
MAX 32 OR BELOW: 0 0.01 INCH OR MORE: 7
MAX 90 OR ABOVE: 0 0.10 INCH OR MORE: 4
MIN 32 OR BELOW: 5 0.50 INCH OR MORE: 1
MIN 0 OR BELOW: 0 1.00 INCH OR MORE: 0
[HDD (BASE 65) ]
TOTAL THIS MO. 364 CLEAR (SCALE 0-3) 7
DPTR FM NORMAL -83 PTCLDY (SCALE 4-7) 17
TOTAL FM JUL 1 484 CLOUDY (SCALE 8-10) 6
DPTR FM NORMAL -143
[CDD (BASE 65) ]
TOTAL THIS MO. 8
DPTR FM NORMAL 2 [PRESSURE DATA]
TOTAL FM JAN 1 1943 HIGHEST SLP 30.50 ON 2
DPTR FM NORMAL 71 LOWEST SLP 29.80 ON 21
[REMARKS]
#FINAL-11-23#