000
CXUS54 KOHX 011648
CLMBNA
CLIMATE REPORT
NATIONAL WEATHER SERVICE NASHVILLE, TN
1048 AM CST THU FEB 01 2024
...................................
...THE NASHVILLE CLIMATE SUMMARY FOR THE MONTH OF JANUARY 2024...
CLIMATE NORMAL PERIOD: 1991 TO 2020
CLIMATE RECORD PERIOD: 1871 TO 2024
WEATHER OBSERVED NORMAL DEPART LAST YEAR`S
VALUE DATE(S) VALUE FROM VALUE
NORMAL
..............................................................
TEMPERATURE (F)
RECORD
HIGH 78 01/24/1972
01/25/1950
01/29/1911
LOW -17 01/21/1985
HIGHEST 65 01/26
LOWEST 01/17
AVG. MAXIMUM 45.0 49.1 -4.1
AVG. MINIMUM 28.2 30.1 -1.9
MEAN 36.6 39.6 -3.0 46.8
DAYS MAX >= 90 0
DAYS MAX <= 32 5
DAYS MIN <= 32 20
DAYS MIN <= 0 1
PRECIPITATION (INCHES)
RECORD
MAXIMUM 14.75 1937
MINIMUM 0.19 1986
TOTALS 5.40 4.02 1.38
DAYS >= .01 12
DAYS >= .10 10
DAYS >= .50 6
DAYS >= 1.00 1
GREATEST
24 HR. TOTAL 1.10 01/12 TO 01/12
SNOWFALL (INCHES)
TOTALS 7.6R 2.0 5.6
SINCE 7/1 7.6 5.1
DAYS >= TRACE 4
DAYS >= 1.0 2
DEGREE DAYS
HEATING TOTAL 871 788 83
SINCE 7/1 1935 2108 -173
COOLING TOTAL 0 0 0
SINCE 1/1 0 0 0
..............................................................
WIND (MPH)
AVERAGE WIND SPEED 7.7
HIGHEST GUST SPEED/DIRECTION 53/160 DATE 01/08
SKY COVER
POSSIBLE SUNSHINE (PERCENT) MM
AVERAGE SKY COVER 0.69
NUMBER OF DAYS FAIR 4
NUMBER OF DAYS PC 13
NUMBER OF DAYS CLOUDY 14
AVERAGE RH (PERCENT) 67
WEATHER CONDITIONS. NUMBER OF DAYS WITH
THUNDERSTORM 2 MIXED PRECIP 0
HEAVY RAIN 4 RAIN 8
LIGHT RAIN 13 FREEZING RAIN 0
LT FREEZING RAIN 0 HAIL 0
HEAVY SNOW 0 SNOW 2
LIGHT SNOW 5 SLEET 0
FOG 14 FOG W/VIS <= 1/4 MILE 2
HAZE 6
- INDICATES NEGATIVE NUMBERS.
R INDICATES RECORD WAS SET OR TIED.
MM INDICATES DATA IS MISSING.
T INDICATES TRACE AMOUNT.
$$