000
CXUS55 KBOI 011002
CF6BOI
PRELIMINARY LOCAL CLIMATOLOGICAL DATA (WS FORM: F-6)
STATION: BOISE ID
MONTH: JUNE
YEAR: 2022
LATITUDE: 43 34 N
LONGITUDE: 116 13 W
TEMPERATURE IN F: :PCPN: SNOW: WIND :SUNSHINE: SKY :PK WND
================================================================================
1 2 3 4 5 6A 6B 7 8 9 10 11 12 13 14 15 16 17 18
12Z AVG MX 2MIN
DY MAX MIN AVG DEP HDD CDD WTR SNW DPTH SPD SPD DIR MIN PSBL S-S WX SPD DR
================================================================================
1 77 48 63 -1 2 0 0.00 0.0 0 6.9 12 120 M M 0 17 99
2 85 56 71 7 0 6 0.00 0.0 0 8.0 17 180 M M 3 25 170
3 83 58 71 7 0 6 0.00 0.0 0 5.3 16 330 M M 1 25 280
4 70 56 63 -2 2 0 0.05 0.0 0 7.3 16 340 M M 6 1 22 340
5 71 53 62 -3 3 0 0.17 0.0 0 8.1 33 330 M M 9 3 45 330
6 73 48 61 -4 4 0 0.01 0.0 0 5.2 21 210 M M 2 31 220
7 77 47 62 -3 3 0 0.00 0.0 0 4.2 10 10 M M 0 16 310
8 72 57 65 -1 0 0 0.01 0.0 0 5.4 16 340 M M 5 20 330
9 86 54 70 4 0 5 0.00 0.0 0 4.6 12 340 M M 0 17 320
10 91 60 76 10 0 11 0.00 0.0 0 7.4 14 300 M M 0 17 300
11 87 65 76 10 0 11 0.00 0.0 0 6.9 22 300 M M 3 29 300
12 65 51 58 -8 7 0 0.79 0.0 0 7.6 24 280 M M 8 13 37 290
13 60 45 53 -14 12 0 T 0.0 0 9.6 18 290 M M 7 27 300
14 61 41 51 -16 14 0 0.00 0.0 0 7.9 26 300 M M 2 3 34 300
15 77 42 60 -7 5 0 0.00 0.0 0 7.8 18 120 M M 0 25 120
16 91 55 73 5 0 8 0.00 0.0 0 10.1 22 140 M M 0 30 140
17 78 55 67 -1 0 2 0.00 0.0 0 9.9 22 300 M M 0 30 300
18 75 51 63 -5 2 0 0.00 0.0 0 10.4 23 300 M M 0 31 310
19 71 46 59 -9 6 0 0.00 0.0 0 12.7 22 300 M M 2 31 280
20 74 45 60 -9 5 0 0.00 0.0 0 7.8 17 310 M M 1 8 26 300
21 83 51 67 -2 0 2 0.00 0.0 0 5.3 14 300 M M 0 18 330
22 90 56 73 3 0 8 0.00 0.0 0 7.0 13 110 M M 0 18 340
23 88 59 74 4 0 9 0.00 0.0 0 9.4 18 300 M M 0 26 310
24 82 53 68 -2 0 3 0.00 0.0 0 9.3 21 290 M M 0 29 300
25 87 51 69 -2 0 4 0.00 0.0 0 5.8 18 140 M M 0 24 160
26 94 58 76 5 0 11 0.00 0.0 0 6.2 15 110 M M 0 19 170
27 104 65 85 14 0 20 0.00 0.0 0 9.0 15 150 M M 0 24 190
28 99 67 83 11 0 18 0.00 0.0 0 9.1 22 310 M M 0 29 310
29 86 59 73 1 0 8 0.00 0.0 0 10.0 17 310 M M 0 25 320
30 93 58 76 3 0 11 0.00 0.0 0 5.5 14 10 M M 0 21 20
================================================================================
SM 2430 1610 65 143 1.03 0.0 229.7 M 49
================================================================================
AV 81.0 53.7 7.7 FASTST M M 2 MAX(MPH)
MISC ----> 33 330 45 330
================================================================================
NOTES:
# LAST OF SEVERAL OCCURRENCES
COLUMN 17 PEAK WIND IN M.P.H.
PRELIMINARY LOCAL CLIMATOLOGICAL DATA (WS FORM: F-6) , PAGE 2
STATION: BOISE ID
MONTH: JUNE
YEAR: 2022
LATITUDE: 43 34 N
LONGITUDE: 116 13 W
[TEMPERATURE DATA] [PRECIPITATION DATA] SYMBOLS USED IN COLUMN 16
AVERAGE MONTHLY: 67.3 TOTAL FOR MONTH: 1.03 1 = FOG OR MIST
DPTR FM NORMAL: -0.5 DPTR FM NORMAL: 0.28 2 = FOG REDUCING VISIBILITY
HIGHEST: 104 ON 27 GRTST 24HR 0.79 ON 12-12 TO 1/4 MILE OR LESS
LOWEST: 41 ON 14 3 = THUNDER
SNOW, ICE PELLETS, HAIL 4 = ICE PELLETS
TOTAL MONTH: 0.0 INCH 5 = HAIL
GRTST 24HR 0.0 6 = FREEZING RAIN OR DRIZZLE
GRTST DEPTH: 0 7 = DUSTSTORM OR SANDSTORM:
VSBY 1/2 MILE OR LESS
8 = SMOKE OR HAZE
[NO. OF DAYS WITH] [WEATHER - DAYS WITH] 9 = BLOWING SNOW
X = TORNADO
MAX 32 OR BELOW: 0 0.01 INCH OR MORE: 5
MAX 90 OR ABOVE: 7 0.10 INCH OR MORE: 2
MIN 32 OR BELOW: 0 0.50 INCH OR MORE: 1
MIN 0 OR BELOW: 0 1.00 INCH OR MORE: 0
[HDD (BASE 65) ]
TOTAL THIS MO. 65 CLEAR (SCALE 0-3) 24
DPTR FM NORMAL 4 PTCLDY (SCALE 4-7) 4
TOTAL FM JUL 1 5440 CLOUDY (SCALE 8-10) 2
DPTR FM NORMAL 120
[CDD (BASE 65) ]
TOTAL THIS MO. 143
DPTR FM NORMAL 0 [PRESSURE DATA]
TOTAL FM JAN 1 157 HIGHEST SLP 30.27 ON 21
DPTR FM NORMAL -31 LOWEST SLP 29.47 ON 17
[REMARKS]
#FINAL-06-22#