000
CXUS55 KRIW 011010
CF6BPI
PRELIMINARY LOCAL CLIMATOLOGICAL DATA (WS FORM: F-6)
STATION: BIG PINEY WY
MONTH: OCTOBER
YEAR: 2021
LATITUDE: 42 34 N
LONGITUDE: 110 6 W
TEMPERATURE IN F: :PCPN: SNOW: WIND :SUNSHINE: SKY :PK WND
================================================================================
1 2 3 4 5 6A 6B 7 8 9 10 11 12 13 14 15 16 17 18
12Z AVG MX 2MIN
DY MAX MIN AVG DEP HDD CDD WTR SNW DPTH SPD SPD DIR MIN PSBL S-S WX SPD DR
================================================================================
1 67 23 45 0 20 0 0.00 M M 4.9 13 340 M M 0 17 210
2 67 27 47 3 18 0 0.00 M M 4.6 15 340 M M 1 19 340
3 69 24 47 3 18 0 0.00 M M 4.9 13 340 M M 0 16 340
4 72 23 48 5 17 0 0.00 M M 5.7 22 220 M M 0 28 220
5 72 24 48 5 17 0 0.00 M M 4.9 16 170 M M 2 22 190
6 61 40 51 9 14 0 0.15 M M 5.6 23 290 M M 8 13 32 290
7 57 38 48 6 17 0 0.21 M M 6.9 21 220 M M 8 1 25 210
8 45 39 42 0 23 0 0.19 M M 4.4 17 290 M M 10 1 21 290
9 50 34 42 1 23 0 T M M 7.5 21 350 M M 7 1 26 350
10 54 31 43 2 22 0 0.00 M M 11.2 22 360 M M 3 31 350
11 51 31 41 1 24 0 0.01 M M 9.3 25 140 M M 9 1 35 140
12 43 30 37 -3 28 0 0.01 M M 7.8 21 220 M M 10 1 27 220
13 38 22 30 -10 35 0 T M M 8.4 17 340 M M 6 1 23 340
14 38 21 30 -9 35 0 T M M 8.3 25 300 M M 7 1 36 310
15 45 20 33 -6 32 0 0.00 M M 7.4 18 360 M M 1 26 330
16 56 18 37 -1 28 0 0.00 M M 3.5 12 350 M M 0 17 200
17 61 19 40 2 25 0 0.00 M M 5.4 20 200 M M 0 26 200
18 55 26 41 4 24 0 0.01 M M 6.5 32 200 M M 4 1 43 200
19 42 29 36 -1 29 0 0.14 M M 8.0 23 190 M M 9 1 32 20
20 47 27 37 1 28 0 0.00 M M 4.1 9 40 M M 5 14 190
21 59 28 44 8 21 0 0.00 M M 5.3 14 190 M M 2 19 190
22 59 24 42 6 23 0 0.00 M M 5.6 18 200 M M 0 23 190
23 46 27 37 2 28 0 T M M 6.6 20 270 M M 6 26 270
24 45 25 35 0 30 0 T M M 5.8 14 200 M M 8 18 190
25 55 32 44 10 21 0 T M M 9.3 30 220 M M 5 1 44 200
26 44 25 35 1 30 0 T M M 15.0 33 350 M M 6 43 350
27 44 27 36 2 29 0 T M M 9.4 23 300 M M 7 1 32 300
28 53 27 40 7 25 0 0.00 M M 8.4 23 320 M M 4 31 310
29 56 20 38 5 27 0 0.00 M M 4.9 12 330 M M 0 13 180
30 56 23 40 8 25 0 0.00 M M 3.9 10 350 M M 3 14 90
31 40 27 34 2 31 0 0.13 M M 4.8 12 210 M M 8 12 17 180
================================================================================
SM 1647 831 767 0 0.85 M 208.3 M 139
================================================================================
AV 53.1 26.8 6.7 FASTST M M 4 MAX(MPH)
MISC ----> 33 350 44 200
================================================================================
NOTES:
# LAST OF SEVERAL OCCURRENCES
COLUMN 17 PEAK WIND IN M.P.H.
PRELIMINARY LOCAL CLIMATOLOGICAL DATA (WS FORM: F-6) , PAGE 2
STATION: BIG PINEY WY
MONTH: OCTOBER
YEAR: 2021
LATITUDE: 42 34 N
LONGITUDE: 110 6 W
[TEMPERATURE DATA] [PRECIPITATION DATA] SYMBOLS USED IN COLUMN 16
AVERAGE MONTHLY: 40.0 TOTAL FOR MONTH: 0.85 1 = FOG OR MIST
DPTR FM NORMAL: 1.8 DPTR FM NORMAL: 0.23 2 = FOG REDUCING VISIBILITY
HIGHEST: 72 ON 5, 4 GRTST 24HR 0.30 ON 7- 8 TO 1/4 MILE OR LESS
LOWEST: 18 ON 16 3 = THUNDER
SNOW, ICE PELLETS, HAIL 4 = ICE PELLETS
TOTAL MONTH: M 5 = HAIL
GRTST 24HR M ON M 6 = FREEZING RAIN OR DRIZZLE
GRTST DEPTH: M ON M 7 = DUSTSTORM OR SANDSTORM:
VSBY 1/2 MILE OR LESS
8 = SMOKE OR HAZE
[NO. OF DAYS WITH] [WEATHER - DAYS WITH] 9 = BLOWING SNOW
X = TORNADO
MAX 32 OR BELOW: 0 0.01 INCH OR MORE: 8
MAX 90 OR ABOVE: 0 0.10 INCH OR MORE: 5
MIN 32 OR BELOW: 27 0.50 INCH OR MORE: 0
MIN 0 OR BELOW: 0 1.00 INCH OR MORE: 0
[HDD (BASE 65) ]
TOTAL THIS MO. 767 CLEAR (SCALE 0-3) 12
DPTR FM NORMAL -64 PTCLDY (SCALE 4-7) 13
TOTAL FM JUL 1 1287 CLOUDY (SCALE 8-10) 6
DPTR FM NORMAL -247
[CDD (BASE 65) ]
TOTAL THIS MO. 0
DPTR FM NORMAL 0 [PRESSURE DATA]
TOTAL FM JAN 1 107 HIGHEST SLP 30.53 ON 16
DPTR FM NORMAL 77 LOWEST SLP 29.44 ON 26
[REMARKS]
#FINAL-10-21#