000
CXUS54 KLZK 011330
CF6BPK
PRELIMINARY LOCAL CLIMATOLOGICAL DATA (WS FORM: F-6)
STATION: MOUNTAIN HOME AIRPORT
MONTH: JANUARY
YEAR: 2024
LATITUDE: 36 22 N
LONGITUDE: 92 28 W
TEMPERATURE IN F: :PCPN: SNOW: WIND :SUNSHINE: SKY :PK WND
================================================================================
1 2 3 4 5 6A 6B 7 8 9 10 11 12 13 14 15 16 17 18
12Z AVG MX 2MIN
DY MAX MIN AVG DEP HDD CDD WTR SNW DPTH SPD SPD DIR MIN PSBL S-S WX SPD DR
================================================================================
1 39 25 32 -5 33 0 0.00 M M 3.0 8 20 M M 7 16 20
2 43 20 32 -5 33 0 0.00 M M 2.6 8 220 M M 0 11 210
3 49 25 37 0 28 0 0.00 M M 2.3 8 320 M M 1 12 14 350
4 39 27 33 -4 32 0 0.00 M M 3.4 9 140 M M 4 1 14 80
5 33 26 30 -7 35 0 0.18 M M 5.2 14 140 M M 7 1 20 140
6 38 32 35 -2 30 0 T M M 2.6 9 310 M M 10 1 18 350
7 50 34 42 5 23 0 0.00 M M 4.3 9 290 M M 3 16 350
8 40 34 37 1 28 0 0.99 M M 11.4 22 150 M M 7 1 33 130
9 39 31 35 -1 30 0 0.02 M M 8.4 18 330 M M 10 1 37 350
10 52 24 38 2 27 0 0.00 M M 5.8 21 230 M M 3 30 250
11 57 30 44 8 21 0 0.19 M M 7.5 20 150 M M 3 13 31 140
12 51 21 36 0 29 0 0.22 M M 9.3 20 310 M M 9 13 40 300
13 34 10 22 -14 43 0 0.00 M M 6.3 13 350 M M 2 25 350
14 10 0 5 -32 60 0 0.18 M M 4.1 13 350 M M 1 12 23 360
15 12 -2 5 -32 60 0 T M M 5.0 12 350 M M 0 8 22 360
16 18 0 9 -28 56 0 0.00 M M 4.9 15 350 M M 0 27 310
17 38 -1 19 -18 46 0 0.00 M M 5.6 13 170 M M 0 19 200
18 41 20 31 -6 34 0 0.00 M M 3.5 8 170 M M 0 11 180
19 32 12 22 -15 43 0 T M M 8.3 16 360 M M 2 31 20
20 24 5 15 -22 50 0 0.00 M M 3.9 8 10 M M 0 15 10
21 30 10 20 -17 45 0 T M M 9.0 15 180 M M 4 24 170
22 35 27 31 -6 34 0 0.83 M M 7.2 14 140 M M 10 16 19 140
23 44 35 40 3 25 0 0.51 M M 4.2 9 80 M M 10 128 14 60
24 51 42 47 10 18 0 0.01 M M 0.5 5 120 M M 10 128 7 10
25 53 45 49 12 16 0 0.59 M M 3.1 10 300 M M 10 12 20 280
26 47 42 45 7 20 0 0.00 M M 1.5 8 10 M M 10 1 13 360
27 43 37 40 2 25 0 0.94 M M 5.6 12 350 M M 10 1 20 330
28 51 33 42 4 23 0 0.00 M M 5.7 12 320 M M 5 23 360
29 62 26 44 6 21 0 0.00 M M 3.0 9 220 M M 0 12 14 170
30 63 42 53 15 12 0 0.00 M M 4.3 14 350 M M 1 25 350
31 57 31 44 6 21 0 0.00 M M 1.6 7 250 M M 0 12 50
================================================================================
SM 1275 743 1001 0 4.66 M 153.1 M 139
================================================================================
AV 41.1 24.0 4.9 FASTST M M 4 MAX(MPH)
MISC ----> 22 150 40 300
================================================================================
NOTES:
# LAST OF SEVERAL OCCURRENCES
COLUMN 17 PEAK WIND IN M.P.H.
PRELIMINARY LOCAL CLIMATOLOGICAL DATA (WS FORM: F-6) , PAGE 2
STATION: MOUNTAIN HOME AIRPORT
MONTH: JANUARY
YEAR: 2024
LATITUDE: 36 22 N
LONGITUDE: 92 28 W
[TEMPERATURE DATA] [PRECIPITATION DATA] SYMBOLS USED IN COLUMN 16
AVERAGE MONTHLY: 32.5 TOTAL FOR MONTH: 4.66 1 = FOG OR MIST
DPTR FM NORMAL: -4.5 DPTR FM NORMAL: 1.79 2 = FOG REDUCING VISIBILITY
HIGHEST: 63 ON 30 GRTST 24HR 2.48 ON 11-12 TO 1/4 MILE OR LESS
LOWEST: -2 ON 15 3 = THUNDER
SNOW, ICE PELLETS, HAIL 4 = ICE PELLETS
TOTAL MONTH: M 5 = HAIL
GRTST 24HR M ON M 6 = FREEZING RAIN OR DRIZZLE
GRTST DEPTH: M ON M 7 = DUSTSTORM OR SANDSTORM:
VSBY 1/2 MILE OR LESS
8 = SMOKE OR HAZE
[NO. OF DAYS WITH] [WEATHER - DAYS WITH] 9 = BLOWING SNOW
X = TORNADO
MAX 32 OR BELOW: 6 0.01 INCH OR MORE: 11
MAX 90 OR ABOVE: 0 0.10 INCH OR MORE: 9
MIN 32 OR BELOW: 22 0.50 INCH OR MORE: 5
MIN 0 OR BELOW: 4 1.00 INCH OR MORE: 0
[HDD (BASE 65) ]
TOTAL THIS MO. 1001 CLEAR (SCALE 0-3) 15
DPTR FM NORMAL 131 PTCLDY (SCALE 4-7) 7
TOTAL FM JUL 1 2263 CLOUDY (SCALE 8-10) 9
DPTR FM NORMAL -117
[CDD (BASE 65) ]
TOTAL THIS MO. 0
DPTR FM NORMAL 0 [PRESSURE DATA]
TOTAL FM JAN 1 0 HIGHEST SLP 30.69 ON 20
DPTR FM NORMAL 0 LOWEST SLP 29.26 ON 9
[REMARKS]
#FINAL-01-24#