000
CXUS55 KDVN 011000
CF6BRL
PRELIMINARY LOCAL CLIMATOLOGICAL DATA (WS FORM: F-6)
STATION: BURLINGTON IA
MONTH: JUNE
YEAR: 2023
LATITUDE: 40 46 N
LONGITUDE: 91 7 W
TEMPERATURE IN F: :PCPN: SNOW: WIND :SUNSHINE: SKY :PK WND
================================================================================
1 2 3 4 5 6A 6B 7 8 9 10 11 12 13 14 15 16 17 18
12Z AVG MX 2MIN
DY MAX MIN AVG DEP HDD CDD WTR SNW DPTH SPD SPD DIR MIN PSBL S-S WX SPD DR
================================================================================
1 90 63 77 9 0 12 0.00 M M 5.2 15 130 M M 0 8 19 130
2 90 69 80 11 0 15 1.40 M M 6.5 33 20 M M 2 38 52 10
3 91 68 80 11 0 15 0.00 M M 6.3 12 90 M M 1 17 60
4 89 67 78 8 0 13 0.09 M M 7.1 17 50 M M 1 3 26 30
5 82 58 70 0 0 5 0.00 M M 3.5 10 60 M M 0 8 14 60
6 87 56 72 2 0 7 0.00 M M 3.0 9 30 M M 2 8 14 30
7 79 63 71 1 0 6 0.32 M M 7.3 14 10 M M 4 18 18 70
8 78 57 68 -3 0 3 0.00 M M 6.7 13 30 M M 0 20 20
9 78 49 64 -7 1 0 0.00 M M 2.3 12 200 M M 0 18 18 210
10 83 55 69 -2 0 4 0.01 M M 4.4 14 360 M M 3 8 20 170
11 67 53 60 -12 5 0 0.08 M M 13.0 20 10 M M 10 1 29 30
12 73 44 59 -13 6 0 0.00 M M 8.2 20 340 M M 2 8 27 350
13 83 59 71 -1 0 6 0.00 M M 9.4 20 270 M M 1 8 32 280
14 85 60 73 1 0 8 0.00 M M 2.8 10 40 M M 0 13 30
15 87 59 73 0 0 8 0.00 M M 6.4 16 40 M M 1 18 24 310
16 76 56 66 -7 0 1 0.00 M M 5.6 16 80 M M 1 8 25 80
17 81 54 68 -5 0 3 0.00 M M 5.7 9 190 M M 0 18 15 140
18 81 65 73 0 0 8 0.48 M M 7.0 18 180 M M 3 138 24 180
19 86 63 75 1 0 10 0.00 M M 6.1 12 30 M M 0 1 17 40
20 87 65 76 2 0 11 0.00 M M 7.7 15 110 M M 0 21 130
21 88 67 78 4 0 13 0.00 M M 7.9 15 110 M M 1 8 23 110
22 88 66 77 3 0 12 0.00 M M 6.0 15 20 M M 1 8 22 30
23 88 60 74 0 0 9 0.00 M M 3.1 10 30 M M 0 8 13 40
24 92 63 78 4 0 13 0.03 M M 7.3 23 170 M M 1 3 32 170
25 80 70 75 0 0 10 0.16 M M 11.5 26 260 M M 4 13 43 240
26 78 65 72 -3 0 7 0.00 M M 9.2 18 310 M M 4 8 28 290
27 83 61 72 -3 0 7 0.00 M M 5.3 12 350 M M 5 18 15 10
28 83 65 74 -1 0 9 0.06 M M 9.3 17 160 M M 6 138 31 170
29 79 65 72 -3 0 7 0.17 M M 3.8 30 260 M M 1 1238 50 260
30 85 63 74 -1 0 9 0.22 M M 4.2 16 120 M M 4 1238 23 280
================================================================================
SM 2497 1828 12 231 3.02 M 191.8 M 58
================================================================================
AV 83.2 60.9 6.4 FASTST M M 2 MAX(MPH)
MISC ----> 33 20 52 10
================================================================================
NOTES:
# LAST OF SEVERAL OCCURRENCES
COLUMN 17 PEAK WIND IN M.P.H.
PRELIMINARY LOCAL CLIMATOLOGICAL DATA (WS FORM: F-6) , PAGE 2
STATION: BURLINGTON IA
MONTH: JUNE
YEAR: 2023
LATITUDE: 40 46 N
LONGITUDE: 91 7 W
[TEMPERATURE DATA] [PRECIPITATION DATA] SYMBOLS USED IN COLUMN 16
AVERAGE MONTHLY: 72.1 TOTAL FOR MONTH: 3.02 1 = FOG OR MIST
DPTR FM NORMAL: -0.4 DPTR FM NORMAL: -1.85 2 = FOG REDUCING VISIBILITY
HIGHEST: 92 ON 24 GRTST 24HR 1.40 ON 2- 2 TO 1/4 MILE OR LESS
LOWEST: 44 ON 12 3 = THUNDER
SNOW, ICE PELLETS, HAIL 4 = ICE PELLETS
TOTAL MONTH: M 5 = HAIL
GRTST 24HR M ON M 6 = FREEZING RAIN OR DRIZZLE
GRTST DEPTH: M ON M 7 = DUSTSTORM OR SANDSTORM:
VSBY 1/2 MILE OR LESS
8 = SMOKE OR HAZE
[NO. OF DAYS WITH] [WEATHER - DAYS WITH] 9 = BLOWING SNOW
X = TORNADO
MAX 32 OR BELOW: 0 0.01 INCH OR MORE: 11
MAX 90 OR ABOVE: 4 0.10 INCH OR MORE: 6
MIN 32 OR BELOW: 0 0.50 INCH OR MORE: 1
MIN 0 OR BELOW: 0 1.00 INCH OR MORE: 1
[HDD (BASE 65) ]
TOTAL THIS MO. 12 CLEAR (SCALE 0-3) 22
DPTR FM NORMAL -2 PTCLDY (SCALE 4-7) 7
TOTAL FM JUL 1 5502 CLOUDY (SCALE 8-10) 1
DPTR FM NORMAL -316
[CDD (BASE 65) ]
TOTAL THIS MO. 231
DPTR FM NORMAL -7 [PRESSURE DATA]
TOTAL FM JAN 1 307 HIGHEST SLP 30.08 ON 30
DPTR FM NORMAL -24 LOWEST SLP 29.64 ON 14
[REMARKS]
#FINAL-06-23#