000
CXUS55 KDVN 011000
CF6BRL
PRELIMINARY LOCAL CLIMATOLOGICAL DATA (WS FORM: F-6)
STATION: BURLINGTON IA
MONTH: MAY
YEAR: 2021
LATITUDE: 40 46 N
LONGITUDE: 91 7 W
TEMPERATURE IN F: :PCPN: SNOW: WIND :SUNSHINE: SKY :PK WND
================================================================================
1 2 3 4 5 6A 6B 7 8 9 10 11 12 13 14 15 16 17 18
12Z AVG MX 2MIN
DY MAX MIN AVG DEP HDD CDD WTR SNW DPTH SPD SPD DIR MIN PSBL S-S WX SPD DR
================================================================================
1 83 53 68 10 0 3 0.00 M M 17.0 31 220 M M 1 41 240
2 80 60 70 12 0 5 0.00 M M 15.5 26 200 M M 1 36 190
3 72 56 64 6 1 0 0.55 M M 8.2 26 240 M M 8 138 44 280
4 62 48 55 -4 10 0 0.00 M M 11.4 20 340 M M 3 29 350
5 65 42 54 -5 11 0 0.00 M M 4.2 12 350 M M 1 16 340
6 63 47 55 -5 10 0 T M M 10.0 25 10 M M 7 34 340
7 66 39 53 -7 12 0 0.00 M M 9.2 23 330 M M 1 34 330
8 58 41 50 -10 15 0 0.45 M M 11.1 23 70 M M 7 13 39 80
9 57 39 48 -13 17 0 1.04 M M 11.9 26 40 M M 7 13 41 80
10 62 39 51 -10 14 0 0.02 M M 6.0 15 40 M M 5 20 250
11 60 43 52 -9 13 0 0.00 M M 8.9 18 30 M M 2 28 30
12 63 36 50 -12 15 0 0.00 M M 3.9 14 120 M M 1 19 120
13 67 39 53 -9 12 0 0.00 M M 1.9 13 130 M M 0 18 130
14 68 44 56 -6 9 0 T M M 6.6 18 180 M M 3 27 210
15 60 51 56 -7 9 0 0.87 M M 6.5 15 190 M M 10 1 19 190
16 66 51 59 -4 6 0 0.07 M M 5.3 13 140 M M 7 1 18 140
17 66 59 63 0 2 0 0.72 M M 9.8 18 110 M M 10 1 27 100
18 66 60 63 -1 2 0 0.95 M M 11.1 17 140 M M 10 1 25 140
19 77 64 71 7 0 6 0.13 M M 10.4 17 150 M M 9 41 170
20 79 67 73 9 0 8 0.01 M M 11.5 22 180 M M 8 34 190
21 75 64 70 5 0 5 0.02 M M 9.8 15 200 M M 5 24 190
22 75 64 70 5 0 5 0.05 M M 8.0 21 200 M M 6 1 25 200
23 80 63 72 7 0 7 0.00 M M 3.3 13 220 M M 4 1 15 200
24 85 65 75 9 0 10 0.00 M M 5.7 14 210 M M 2 19 220
25 76 68 72 6 0 7 0.24 M M 10.7 24 220 M M 7 13 31 220
26 82 63 73 7 0 8 0.01 M M 6.2 15 280 M M 2 20 230
27 75 51 63 -4 2 0 0.47 M M 8.8 21 120 M M 6 13 28 130
28 51 46 49 -18 16 0 T M M 12.9 21 360 M M 10 1 27 360
29 65 43 54 -14 11 0 0.00 M M 7.8 17 60 M M 1 22 60
30 69 42 56 -12 9 0 0.00 M M 3.2 9 230 M M 0 14 210
31 63 52 58 -10 7 0 0.17 M M 2.2 8 200 M M 5 12 12 170
================================================================================
SM 2136 1599 203 64 5.77 M 259.0 M 149
================================================================================
AV 68.9 51.6 8.4 FASTST M M 5 MAX(MPH)
MISC ----> 31 220 44 280
================================================================================
NOTES:
# LAST OF SEVERAL OCCURRENCES
COLUMN 17 PEAK WIND IN M.P.H.
PRELIMINARY LOCAL CLIMATOLOGICAL DATA (WS FORM: F-6) , PAGE 2
STATION: BURLINGTON IA
MONTH: MAY
YEAR: 2021
LATITUDE: 40 46 N
LONGITUDE: 91 7 W
[TEMPERATURE DATA] [PRECIPITATION DATA] SYMBOLS USED IN COLUMN 16
AVERAGE MONTHLY: 60.2 TOTAL FOR MONTH: 5.77 1 = FOG OR MIST
DPTR FM NORMAL: -2.8 DPTR FM NORMAL: 0.84 2 = FOG REDUCING VISIBILITY
HIGHEST: 85 ON 24 GRTST 24HR 1.49 ON 8- 9 TO 1/4 MILE OR LESS
LOWEST: 36 ON 12 3 = THUNDER
SNOW, ICE PELLETS, HAIL 4 = ICE PELLETS
TOTAL MONTH: M 5 = HAIL
GRTST 24HR M ON M 6 = FREEZING RAIN OR DRIZZLE
GRTST DEPTH: M ON M 7 = DUSTSTORM OR SANDSTORM:
VSBY 1/2 MILE OR LESS
8 = SMOKE OR HAZE
[NO. OF DAYS WITH] [WEATHER - DAYS WITH] 9 = BLOWING SNOW
X = TORNADO
MAX 32 OR BELOW: 0 0.01 INCH OR MORE: 16
MAX 90 OR ABOVE: 0 0.10 INCH OR MORE: 10
MIN 32 OR BELOW: 0 0.50 INCH OR MORE: 5
MIN 0 OR BELOW: 0 1.00 INCH OR MORE: 1
[HDD (BASE 65) ]
TOTAL THIS MO. 203 CLEAR (SCALE 0-3) 13
DPTR FM NORMAL 61 PTCLDY (SCALE 4-7) 13
TOTAL FM JUL 1 5835 CLOUDY (SCALE 8-10) 5
DPTR FM NORMAL 29
[CDD (BASE 65) ]
TOTAL THIS MO. 64
DPTR FM NORMAL -16 [PRESSURE DATA]
TOTAL FM JAN 1 82 HIGHEST SLP 30.50 ON 12
DPTR FM NORMAL -11 LOWEST SLP 29.53 ON 3
[REMARKS]
#FINAL-05-21#