096
CXUS53 KGRR 011010
CF6BTL
PRELIMINARY LOCAL CLIMATOLOGICAL DATA (WS FORM: F-6)
STATION: BATTLE CREEK
MONTH: FEBRUARY
YEAR: 2021
LATITUDE: 42 17 N
LONGITUDE: 85 14 W
TEMPERATURE IN F: :PCPN: SNOW: WIND :SUNSHINE: SKY :PK WND
================================================================================
1 2 3 4 5 6A 6B 7 8 9 10 11 12 13 14 15 16 17 18
12Z AVG MX 2MIN
DY MAX MIN AVG DEP HDD CDD WTR SNW DPTH SPD SPD DIR MIN PSBL S-S WX SPD DR
================================================================================
1 31 20 26 2 39 0 0.00 M M 10.8 20 30 M M 4 8 29 30
2 34 15 25 1 40 0 0.00 M M 9.2 21 10 M M 0 28 10
3 36 14 25 1 40 0 0.00 M M 5.4 10 310 M M 0 13 310
4 34 21 28 4 37 0 0.04 M M 13.8 35 250 M M 4 12 47 240
5 32 14 23 -1 42 0 T M M 20.7 36 240 M M 10 18 53 250
6 18 12 15 -10 50 0 T M M 12.1 21 260 M M 10 18 28 270
7 14 5 10 -15 55 0 T M M 10.5 20 270 M M 9 18 25 290
8 16 6 11 -14 54 0 T M M 5.1 14 210 M M 10 18 17 220
9 19 -1 9 -16 56 0 T M M 2.9 15 310 M M 8 128 17 300
10 19 2 11 -14 54 0 T M M 2.6 9 330 M M 9 18 12 330
11 20 2 11 -14 54 0 0.00 M M 7.8 14 50 M M 4 18 20 60
12 27 16 22 -4 43 0 T M M 5.9 10 80 M M 9 8 15 80
13 22 7 15 -11 50 0 T M M 4.7 9 50 M M 9 18 13 40
14 17 7 12 -14 53 0 T M M 7.2 15 300 M M 10 18 20 290
15 12 8 10 -16 55 0 0.08 M M 12.4 21 10 M M 9 18 31 30
16 18 -2 8 -18 57 0 T M M 8.3 23 30 M M 8 1289 32 10
17 20 -12 4 -23 61 0 0.00 M M 2.3 8 130 M M 1 18 11 70
18 22 11 17 -10 48 0 T M M 6.1 14 10 M M 9 18 16 40
19 25 3 14 -13 51 0 T M M 7.6 17 240 M M 9 128 22 230
20 25 8 17 -10 48 0 T M M 7.7 15 240 M M 6 18 18 230
21 32 4 18 -10 47 0 T M M 10.9 22 170 M M 3 18 31 170
22 36 30 33 5 32 0 0.01 M M 17.4 26 270 M M 8 18 38 260
23 46 35 41 13 24 0 T M M 14.5 24 280 M M 4 18 33 290
24 45 30 38 10 27 0 0.00 M M 13.5 25 290 M M 3 35 270
25 39 17 28 -1 37 0 0.00 M M 8.2 22 290 M M 2 27 300
26 41 16 29 0 36 0 0.01 M M 8.6 18 140 M M 2 18 27 140
27 46 33 40 11 25 0 0.03 M M 8.6 15 210 M M 5 168 20 200
28 59 34 47 17 18 0 T M M 11.8 30 290 M M 7 18 39 290
================================================================================
SM 805 355 1233 0 0.17 M 256.6 M 172
================================================================================
AV 28.8 12.7 9.2 FASTST M M 6 MAX(MPH)
MISC ----> 36 240 53 250
================================================================================
NOTES:
# LAST OF SEVERAL OCCURRENCES
COLUMN 17 PEAK WIND IN M.P.H.
PRELIMINARY LOCAL CLIMATOLOGICAL DATA (WS FORM: F-6) , PAGE 2
STATION: BATTLE CREEK
MONTH: FEBRUARY
YEAR: 2021
LATITUDE: 42 17 N
LONGITUDE: 85 14 W
[TEMPERATURE DATA] [PRECIPITATION DATA] SYMBOLS USED IN COLUMN 16
AVERAGE MONTHLY: 20.7 TOTAL FOR MONTH: 0.17 1 = FOG OR MIST
DPTR FM NORMAL: -5.7 DPTR FM NORMAL: -1.17 2 = FOG REDUCING VISIBILITY
HIGHEST: 59 ON 28 GRTST 24HR 0.08 ON 15-15 TO 1/4 MILE OR LESS
LOWEST: -12 ON 17 3 = THUNDER
SNOW, ICE PELLETS, HAIL 4 = ICE PELLETS
TOTAL MONTH: M 5 = HAIL
GRTST 24HR M ON M 6 = FREEZING RAIN OR DRIZZLE
GRTST DEPTH: M ON M 7 = DUSTSTORM OR SANDSTORM:
VSBY 1/2 MILE OR LESS
8 = SMOKE OR HAZE
[NO. OF DAYS WITH] [WEATHER - DAYS WITH] 9 = BLOWING SNOW
X = TORNADO
MAX 32 OR BELOW: 18 0.01 INCH OR MORE: 5
MAX 90 OR ABOVE: 0 0.10 INCH OR MORE: 0
MIN 32 OR BELOW: 25 0.50 INCH OR MORE: 0
MIN 0 OR BELOW: 3 1.00 INCH OR MORE: 0
[HDD (BASE 65) ]
TOTAL THIS MO. 1233 CLEAR (SCALE 0-3) 7
DPTR FM NORMAL 151 PTCLDY (SCALE 4-7) 10
TOTAL FM JUL 1 4572 CLOUDY (SCALE 8-10) 11
DPTR FM NORMAL -394
[CDD (BASE 65) ]
TOTAL THIS MO. 0
DPTR FM NORMAL 0 [PRESSURE DATA]
TOTAL FM JAN 1 0 HIGHEST SLP 30.48 ON 11
DPTR FM NORMAL 0 LOWEST SLP 29.26 ON 4
[REMARKS]
#FINAL-02-21#