000
CXUS53 KGRR 021246 RRA
CLSBTL
WRKCLSBTL 000
TTAA00 GRR 011107
CLIMATE REPORT
NATIONAL WEATHER SERVICE GRAND RAPIDS, MICHIGAN
603 AM EST WED DEC 01 2021
...................................
...THE BATTLE CREEK CLIMATE SUMMARY FOR THE SEASON, FROM
9/1/2021 TO 11/30/2021...
CLIMATE NORMAL PERIOD: 1991 TO 2020
CLIMATE RECORD PERIOD: 1895 TO 2021
WEATHER OBSERVED NORMAL DEPART LAST YEAR`S
VALUE DATE(S) VALUE FROM VALUE DATE(S)
NORMAL
................................................................
TEMPERATURE (F)
RECORD
HIGH 99 09/01/1953
09/02/1953
LOW -6 11/25/1950
HIGHEST 89 09/14 MM MM 84 09/03
LOWEST 19 11/23 MM MM 23 11/14
11/17
11/18
AVG. MAXIMUM 63.1 60.8 2.3 61.6
AVG. MINIMUM 45.9 42.4 3.5 42.2
MEAN 54.5 51.6 2.9 51.9
DAYS MAX >= 90 0 1.0 -1.0 MM
DAYS MAX <= 32 1 2.1 -1.1 MM
DAYS MIN <= 32 20 19.7 0.3 MM
DAYS MIN <= 0 0 0.0 0.0 MM
PRECIPITATION (INCHES)
RECORD
MAXIMUM 16.91 1990
MINIMUM 2.22 1956
TOTALS 13.13 8.91 4.22 6.86
DAILY AVG. 0.15 0.10 0.05 0.08
DAYS >= .01 33 33.1 -0.1 MM
DAYS >= .10 22 17.5 4.5 MM
DAYS >= .50 10 5.6 4.4 MM
DAYS >= 1.00 5 1.3 3.7 MM
GREATEST
24 HR. TOTAL 2.73
STORM TOTAL 1.36 1.35
(MM/DD(HH)) MM
DEGREE DAYS
HEATING TOTAL 1064 1299 -235 1212
SINCE 7/1 1064 1318 -254 MM
COOLING TOTAL 134 80 54 44
SINCE 1/1 1002 715 287 MM
FREEZE DATES
EARLIEST 10/24
LATEST 05/27
................................................................
WIND (MPH)
AVERAGE WIND SPEED 8.0
RESULTANT WIND SPEED/DIRECTION 3/230
HIGHEST WIND SPEED/DIRECTION 45/290 DATE 09/07
HIGHEST GUST SPEED/DIRECTION 65/280 DATE 09/07
SKY COVER
POSSIBLE SUNSHINE (PERCENT) MM
AVERAGE SKY COVER 0.52
NUMBER OF DAYS FAIR 36
NUMBER OF DAYS PC 25
NUMBER OF DAYS CLOUDY 30
AVERAGE RH (PERCENT) 72
WEATHER CONDITIONS. NUMBER OF DAYS WITH
THUNDERSTORM 7 MIXED PRECIP 0
HEAVY RAIN 9 RAIN 14
LIGHT RAIN 46 FREEZING RAIN 0
LT FREEZING RAIN 1 HAIL 0
HEAVY SNOW 0 SNOW 2
LIGHT SNOW 12 SLEET 0
FOG 43 FOG W/VIS <= 1/4 MILE 5
HAZE 8
- INDICATES NEGATIVE NUMBERS.
R INDICATES RECORD WAS SET OR TIED.
MM INDICATES DATA IS MISSING.
T INDICATES TRACE AMOUNT.
$$