000
CXUS54 KLIX 010810
CF6BTR
PRELIMINARY LOCAL CLIMATOLOGICAL DATA (WS FORM: F-6)
STATION: BATON ROUGE
MONTH: APRIL
YEAR: 2021
LATITUDE: 30 31 N
LONGITUDE: 91 9 W
TEMPERATURE IN F: :PCPN: SNOW: WIND :SUNSHINE: SKY :PK WND
================================================================================
1 2 3 4 5 6A 6B 7 8 9 10 11 12 13 14 15 16 17 18
12Z AVG MX 2MIN
DY MAX MIN AVG DEP HDD CDD WTR SNW DPTH SPD SPD DIR MIN PSBL S-S WX SPD DR
================================================================================
1 66 43 55 -10 10 0 0.00 0.0 M 11.1 24 20 M M 1 34 30
2 66 40 53 -12 12 0 0.00 0.0 M 7.0 17 80 M M 0 22 80
3 70 38 54 -11 11 0 T M M 3.2 10 50 M M 0 16 180
4 76 47 62 -3 3 0 0.00 0.0 M 3.9 12 80 M M 0 16 150
5 79 47 63 -3 2 0 0.00 0.0 M 4.8 14 140 M M 0 19 240
6 83 57 70 4 0 5 0.00 0.0 M 9.5 20 190 M M 3 1 23 190
7 83 62 73 7 0 8 0.77 0.0 M 11.9 24 180 M M 5 138 35 320
8 86 60 73 7 0 8 1.88 0.0 M 4.2 22 270 M M 3 13 32 290
9 87 70 79 13 0 14 T 0.0 M 11.8 22 170 M M 6 13 28 160
10 79 61 70 3 0 5 2.05 0.0 M 9.2 26 110 M M 6 13 38 320
11 78 54 66 -1 0 1 0.00 0.0 M 4.3 14 280 M M 1 1 20 280
12 85 51 68 1 0 3 0.00 0.0 M 5.8 15 110 M M 0 1 19 120
13 67 57 62 -5 3 0 1.36 0.0 M 9.0 30 80 M M 6 13 39 70
14 66 57 62 -6 3 0 1.40 0.0 M 7.2 20 80 M M 7 13 25 120
15 76 63 70 2 0 5 0.58 0.0 M 7.5 17 360 M M 6 13 23 350
16 70 59 65 -3 0 0 2.41 0.0 M 8.5 25 290 M M 8 13 37 280
17 66 56 61 -7 4 0 0.19 0.0 M 6.2 14 20 M M 9 1 23 20
18 70 53 62 -7 3 0 0.00 0.0 M 4.7 13 280 M M 2 18 320
19 74 49 62 -7 3 0 T 0.0 M 4.6 14 30 M M 1 20 50
20 77 57 67 -2 0 2 0.01 0.0 M 2.8 12 280 M M 3 18 17 290
21 68 48 58 -11 7 0 0.00 0.0 M 9.0 16 10 M M 0 23 340
22 72 44 58 -12 7 0 0.00 0.0 M 8.1 16 110 M M 0 22 80
23 78 53 66 -4 0 1 1.76 0.0 M 11.1 40 130 M M 8 138 57 120
24 86 63 75 5 0 10 0.43 0.0 M 12.4 36 220 M M 4 13 44 200
25 81 55 68 -2 0 3 0.00 0.0 M 4.6 15 40 M M 0 19 40
26 82 54 68 -3 0 3 0.00 0.0 M 5.8 15 150 M M 0 20 150
27 88 65 77 6 0 12 0.00 0.0 M 10.6 20 190 M M 6 24 190
28 90 74 82 11 0 17 0.00 0.0 M 12.5 22 150 M M 6 30 180
29 89 72 81 10 0 16 0.00 0.0 M 8.5 17 170 M M 5 28 180
30 80 67 74 2 0 9 T 0.0 M 5.3 14 200 M M 7 1 19 340
================================================================================
SM 2318 1676 68 122 12.84 0.0 225.1 M 103
================================================================================
AV 77.3 55.9 7.5 FASTST M M 3 MAX(MPH)
MISC ----> 40 130 57 120
================================================================================
NOTES:
# LAST OF SEVERAL OCCURRENCES
COLUMN 17 PEAK WIND IN M.P.H.
PRELIMINARY LOCAL CLIMATOLOGICAL DATA (WS FORM: F-6) , PAGE 2
STATION: BATON ROUGE
MONTH: APRIL
YEAR: 2021
LATITUDE: 30 31 N
LONGITUDE: 91 9 W
[TEMPERATURE DATA] [PRECIPITATION DATA] SYMBOLS USED IN COLUMN 16
AVERAGE MONTHLY: 66.6 TOTAL FOR MONTH: 12.84 1 = FOG OR MIST
DPTR FM NORMAL: -1.5 DPTR FM NORMAL: 8.38 2 = FOG REDUCING VISIBILITY
HIGHEST: 90 ON 28 GRTST 24HR 2.65 ON 7- 8 TO 1/4 MILE OR LESS
LOWEST: 38 ON 3 3 = THUNDER
SNOW, ICE PELLETS, HAIL 4 = ICE PELLETS
TOTAL MONTH: 0.0 INCH 5 = HAIL
GRTST 24HR 0.0 6 = FREEZING RAIN OR DRIZZLE
GRTST DEPTH: M ON M 7 = DUSTSTORM OR SANDSTORM:
VSBY 1/2 MILE OR LESS
8 = SMOKE OR HAZE
[NO. OF DAYS WITH] [WEATHER - DAYS WITH] 9 = BLOWING SNOW
X = TORNADO
MAX 32 OR BELOW: 0 0.01 INCH OR MORE: 11
MAX 90 OR ABOVE: 1 0.10 INCH OR MORE: 10
MIN 32 OR BELOW: 0 0.50 INCH OR MORE: 8
MIN 0 OR BELOW: 0 1.00 INCH OR MORE: 6
[HDD (BASE 65) ]
TOTAL THIS MO. 68 CLEAR (SCALE 0-3) 14
DPTR FM NORMAL 17 PTCLDY (SCALE 4-7) 14
TOTAL FM JUL 1 1522 CLOUDY (SCALE 8-10) 2
DPTR FM NORMAL -31
[CDD (BASE 65) ]
TOTAL THIS MO. 122
DPTR FM NORMAL -20 [PRESSURE DATA]
TOTAL FM JAN 1 279 HIGHEST SLP M ON M
DPTR FM NORMAL 48 LOWEST SLP 29.62 ON 10
[REMARKS]
#FINAL-04-21#