000
CXAK56 PAFG 011016
CF6BTT
PRELIMINARY LOCAL CLIMATOLOGICAL DATA (WS FORM: F-6)
STATION: BETTLES AK
MONTH: DECEMBER
YEAR: 2022
LATITUDE: 66 55 N
LONGITUDE: 151 31 W
TEMPERATURE IN F: :PCPN: SNOW: WIND :SUNSHINE: SKY :PK WND
================================================================================
1 2 3 4 5 6A 6B 7 8 9 10 11 12 13 14 15 16 17 18
12Z AVG MX 2MIN
DY MAX MIN AVG DEP HDD CDD WTR SNW DPTH SPD SPD DIR MIN PSBL S-S WX SPD DR
================================================================================
1 1 -14 -6 -2 71 0 0.00 M 18 2.0 7 160 M M 6 9 160
2 11 -2 5 9 60 0 0.03 M M 1.2 6 350 M M 10 16 M M
3 23 11 17 21 48 0 0.02 M 19 1.6 5 190 M M 10 1 M M
4 29 3 16 20 49 0 T M 19 4.9 8 30 M M 8 1 M M
5 26 9 18 22 47 0 0.11 M 18 1.6 6 10 M M 10 1 M M
6 22 16 19 23 46 0 0.01 M 19 5.3 8 360 M M 9 1 M M
7 19 4 12 16 53 0 T M 19 2.6 5 10 M M 10 1 M M
8 6 -10 -2 2 67 0 0.00 M 19 0.1 5 320 M M 9 1 6 320
9 -2 -16 -9 -5 74 0 0.00 M 18 1.6 6 330 M M 10 18 8 320
10 9 -3 3 8 62 0 0.00 M 18 7.7 14 30 M M 10 1 23 60
11 9 3 6 11 59 0 0.00 M 18 7.4 14 40 M M 9 1 21 40
12 6 -15 -4 1 69 0 0.00 M M 2.5 9 160 M M 8 1 12 150
13 5 -16 -5 0 70 0 M M 19 6.0 13 360 M M 10 18 19 350
14 3 -14 -5 0 70 0 0.00 M 19 3.5 13 350 M M 8 1 17 340
15 -13 -34 -23 -18 88 0 0.00 M 18 3.4 8 340 M M 1 M M
16 -25 -36 -30 -24 95 0 0.00 M 18 2.8 7 350 M M 2 1 10 350
17 -14 -36 -25 -19 90 0 0.00 M 18 3.6 8 330 M M 1 11 350
18 -17 -25 -21 -15 86 0 0.00 M 18 3.7 8 320 M M 1 10 330
19 -23 -37 -30 -24 95 0 0.00 0.0 18 2.3 7 350 M M 1 10 330
20 -8 -39 -23 -17 88 0 0.00 M 18 0.8 8 10 M M 1 1 M M
21 -4 -19 -11 -4 76 0 0.00 M 18 5.5 12 310 M M 0 17 340
22 -10 -27 -18 -11 83 0 0.00 M 18 3.5 10 20 M M 1 16 350
23 -21 -31 -26 -19 91 0 0.00 M 18 1.6 7 20 M M 1 9 210
24 1 -30 -14 -6 79 0 0.00 M 18 9.0 20 50 M M 0 29 50
25 2 -22 -10 -2 75 0 0.00 M 18 5.7 18 60 M M 0 26 60
26 8 -16 -4 4 69 0 0.00 M 18 5.7 16 70 M M 4 1 33 70
27 7 -5 1 9 64 0 0.17 M 18 2.0 8 270 M M 10 1 20 99
28 0 -8 -4 5 69 0 0.01 M 22 0.0 0 0 M M 10 1 M M
29 11 1 6 15 59 0 T M 22 1.2 6 360 M M 10 1 M M
30 13 -13 0 9 65 0 0.00 M 22 1.0 8 350 M M 6 10 360
31 -3 -16 -9 1 74 0 0.00 M 21 4.6 8 340 M M 1 M M
================================================================================
SM 71 -437 2191 0 0.35 0.0 104.4 M 177
================================================================================
AV 2.3-14.1 3.4 FASTST M M 6 MAX(MPH)
MISC ----> 20 50 33 70
================================================================================
NOTES:
# LAST OF SEVERAL OCCURRENCES
COLUMN 17 PEAK WIND IN M.P.H.
PRELIMINARY LOCAL CLIMATOLOGICAL DATA (WS FORM: F-6) , PAGE 2
STATION: BETTLES AK
MONTH: DECEMBER
YEAR: 2022
LATITUDE: 66 55 N
LONGITUDE: 151 31 W
[TEMPERATURE DATA] [PRECIPITATION DATA] SYMBOLS USED IN COLUMN 16
AVERAGE MONTHLY: -5.9 TOTAL FOR MONTH: 0.35 1 = FOG OR MIST
DPTR FM NORMAL: 0.1 DPTR FM NORMAL: -0.79 2 = FOG REDUCING VISIBILITY
HIGHEST: 29 ON 4 GRTST 24HR 0.17 ON 27-27 TO 1/4 MILE OR LESS
LOWEST: -39 ON 20 3 = THUNDER
SNOW, ICE PELLETS, HAIL 4 = ICE PELLETS
TOTAL MONTH: 0.0 INCH 5 = HAIL
GRTST 24HR 0.0 6 = FREEZING RAIN OR DRIZZLE
GRTST DEPTH: 22 ON 30,29 7 = DUSTSTORM OR SANDSTORM:
VSBY 1/2 MILE OR LESS
8 = SMOKE OR HAZE
[NO. OF DAYS WITH] [WEATHER - DAYS WITH] 9 = BLOWING SNOW
X = TORNADO
MAX 32 OR BELOW: 31 0.01 INCH OR MORE: 6
MAX 90 OR ABOVE: 0 0.10 INCH OR MORE: 2
MIN 32 OR BELOW: 31 0.50 INCH OR MORE: 0
MIN 0 OR BELOW: 24 1.00 INCH OR MORE: 0
[HDD (BASE 65) ]
TOTAL THIS MO. 2191 CLEAR (SCALE 0-3) 12
DPTR FM NORMAL -10 PTCLDY (SCALE 4-7) 5
TOTAL FM JUL 1 6450 CLOUDY (SCALE 8-10) 14
DPTR FM NORMAL -323
[CDD (BASE 65) ]
TOTAL THIS MO. 0
DPTR FM NORMAL 0 [PRESSURE DATA]
TOTAL FM JAN 1 35 HIGHEST SLP M ON M
DPTR FM NORMAL 0 LOWEST SLP 29.33 ON 26
[REMARKS]
#FINAL-12-22#