000
CXAK56 PAFG 020833
CF6BTT
PRELIMINARY LOCAL CLIMATOLOGICAL DATA (WS FORM: F-6)
STATION: BETTLES AK
MONTH: FEBRUARY
YEAR: 2022
LATITUDE: 66 55 N
LONGITUDE: 151 31 W
TEMPERATURE IN F: :PCPN: SNOW: WIND :SUNSHINE: SKY :PK WND
================================================================================
1 2 3 4 5 6A 6B 7 8 9 10 11 12 13 14 15 16 17 18
12Z AVG MX 2MIN
DY MAX MIN AVG DEP HDD CDD WTR SNW DPTH SPD SPD DIR MIN PSBL S-S WX SPD DR
================================================================================
1 -2 -38 -20 -12 85 0 0.00 M 36 5.6 12 10 M M 0 16 10
2 -4 -21 -12 -5 77 0 0.00 M 36 7.2 15 20 M M 0 22 30
3 4 -21 -8 -1 73 0 0.00 M 35 9.0 22 50 M M 1 8 35 40
4 3 -43 -20 -13 85 0 0.00 M 35 3.6 14 40 M M 1 18 21 50
5 -20 -46 -33 -27 98 0 0.00 M 35 3.3 8 350 M M 1 1 10 350
6 -25 -51 -38 -32 103 0 0.00 M 35 0.9 6 360 M M 2 1 M M
7 -11 -35 -23 -18 88 0 0.00 M 35 7.0 15 30 M M 1 20 30
8 -7 -25 -16 -11 81 0 0.02 M 35 5.7 9 330 M M 6 1 M M
9 -8 -28 -18 -13 83 0 0.00 M 36 2.3 13 200 M M 9 1 19 200
10 -10 -44 -27 -23 92 0 0.00 M 36 3.2 9 220 M M 4 1 17 220
11 -19 -41 -30 -26 95 0 0.00 M 35 7.1 14 350 M M 2 1 19 350
12 -7 -20 -13 -9 78 0 M M 35 5.3 10 350 M M 8 1 14 350
13 -3 -32 -17 -14 82 0 M M 35 2.5 8 320 M M 7 1 10 330
14 -13 -38 -25 -22 90 0 0.00 M 36 4.3 10 350 M M 3 1 17 350
15 -11 -32 -21 -18 86 0 0.00 M 35 3.7 9 360 M M 2 12 340
16 -9 -39 -24 -21 89 0 0.00 M 35 4.2 13 360 M M 1 8 16 360
17 8 -41 -16 -14 81 0 0.00 M 35 7.6 17 50 M M 4 32 40
18 10 -10 0 2 65 0 0.00 M 35 5.8 20 50 M M 7 29 50
19 -1 -22 -11 -9 76 0 0.00 M 35 4.1 9 350 M M 4 12 350
20 -4 -27 -15 -13 80 0 0.00 M 35 2.9 7 360 M M 2 M M
21 14 -10 2 4 63 0 0.00 M 35 2.3 10 40 M M 10 1 14 40
22 14 9 12 13 53 0 0.00 M 36 2.3 8 160 M M 9 16 12 170
23 20 13 17 18 48 0 0.00 M 37 6.9 13 10 M M 8 18 19 10
24 28 17 23 24 42 0 0.01 M 36 8.4 12 350 M M 10 1 M M
25 30 8 19 20 46 0 0.01 M 36 9.5 20 40 M M 5 1 40 40
26 26 19 23 24 42 0 0.02 M 37 5.4 13 60 M M 10 1 23 70
27 22 12 17 18 48 0 0.00 M 36 0.9 8 210 M M 10 1 11 210
28 24 9 17 17 48 0 0.00 M 36 1.2 6 350 M M 10 1 8 350
================================================================================
SM 49 -577 2077 0 0.06 M 132.2 M 137
================================================================================
AV 1.8-20.6 4.7 FASTST M M 5 MAX(MPH)
MISC ----> 22 50 40 40
================================================================================
NOTES:
# LAST OF SEVERAL OCCURRENCES
COLUMN 17 PEAK WIND IN M.P.H.
PRELIMINARY LOCAL CLIMATOLOGICAL DATA (WS FORM: F-6) , PAGE 2
STATION: BETTLES AK
MONTH: FEBRUARY
YEAR: 2022
LATITUDE: 66 55 N
LONGITUDE: 151 31 W
[TEMPERATURE DATA] [PRECIPITATION DATA] SYMBOLS USED IN COLUMN 16
AVERAGE MONTHLY: -9.4 TOTAL FOR MONTH: 0.06 1 = FOG OR MIST
DPTR FM NORMAL: -6.0 DPTR FM NORMAL: -0.90 2 = FOG REDUCING VISIBILITY
HIGHEST: 30 ON 25 GRTST 24HR 0.02 ON 8- 8 TO 1/4 MILE OR LESS
LOWEST: -51 ON 6 3 = THUNDER
SNOW, ICE PELLETS, HAIL 4 = ICE PELLETS
TOTAL MONTH: M 5 = HAIL
GRTST 24HR M ON M 6 = FREEZING RAIN OR DRIZZLE
GRTST DEPTH: 37 ON 26,23 7 = DUSTSTORM OR SANDSTORM:
VSBY 1/2 MILE OR LESS
8 = SMOKE OR HAZE
[NO. OF DAYS WITH] [WEATHER - DAYS WITH] 9 = BLOWING SNOW
X = TORNADO
MAX 32 OR BELOW: 28 0.01 INCH OR MORE: 4
MAX 90 OR ABOVE: 0 0.10 INCH OR MORE: 0
MIN 32 OR BELOW: 28 0.50 INCH OR MORE: 0
MIN 0 OR BELOW: 21 1.00 INCH OR MORE: 0
[HDD (BASE 65) ]
TOTAL THIS MO. 2077 CLEAR (SCALE 0-3) 11
DPTR FM NORMAL 162 PTCLDY (SCALE 4-7) 10
TOTAL FM JUL 1 11235 CLOUDY (SCALE 8-10) 7
DPTR FM NORMAL 202
[CDD (BASE 65) ]
TOTAL THIS MO. 0
DPTR FM NORMAL 0 [PRESSURE DATA]
TOTAL FM JAN 1 0 HIGHEST SLP 30.74 ON 1
DPTR FM NORMAL 0 LOWEST SLP 29.61 ON 9
[REMARKS]
#FINAL-02-22#